216.73.216.116 - - [04/Aug/2026:05:26:36 +0200] "GET /sitemap.xml?lokasie=%2Fvar%2Fwww%2Fvhosts%2Fmondzorgheijs-christenhusz.nl%2Fhttpdocs%2Fwp-admin%2Fimages%2Fpost-formats32.png&loknya=%2Fvar%2Fwww%2Fvhosts%2Fmondzorgheijs-christenhusz.nl%2Fhttpdocs%2Fwp-admin%2Fimages HTTP/1.1" 200 10046 "-" "Mozilla/5.0 AppleWebKit/537.36 (KHTML, like Gecko; compatible; ClaudeBot/1.0; +claudebot@anthropic.com)"
74.7.242.20 - - [04/Aug/2026:05:26:37 +0200] "GET /item/1311161316.html?loknya=/var/www/vhosts/mondzorgheijs-christenhusz.nl/httpdocs// HTTP/1.1" 200 63099 "https://mondzorgheijs-christenhusz.nl/item/1311161316.html?loknya=/var/www/vhosts/mondzorgheijs-christenhusz.nl/httpdocs/cgi-bin/cgi-bin/cgi-bin" "Mozilla/5.0 AppleWebKit/537.36 (KHTML, like Gecko; compatible; GPTBot/1.4; +https://openai.com/gptbot)"
2a00:1bd0:1476::36 - - [04/Aug/2026:05:25:40 +0200] "GET /wp-includes/Requests/src/Auth/Auth/index.php?ARRAY=7o2230223n313738353831373534302p2231223n22687474703n5p2s5p2s7n733933377631332r7374616r742r626p6s675p2s3s6p633q7068705s636s64655s6n6326743q313738353831333934302q3139623539363762623864613234346564313531643134356537366566323934222p2232223n226337313730643632663363323430313636353730303335303364666666383439222p2233223n226630633834306462643437326464376133373338326237636638383235333233222p226175746s5s66696p655s6r616q65223n6r756p6p2p226175746s5s70617373223n6r756p6p2p2262696r675s70617373223n2231362q33372q35382q36382q38302q38352q3232227q HTTP/1.1" 504 5705 "-" "-"
2a03:2880:f800:1c:: - - [04/Aug/2026:05:26:40 +0200] "GET /item/3289532917.html HTTP/1.1" 200 62835 "-" "Mozilla/5.0 (Windows NT 10.0; Win64; x64) AppleWebKit/537.36 (KHTML, like Gecko) Chrome/145.0.0.0 Safari/537.36 (compatible; meta-externalagent/1.1 (+https://developers.facebook.com/docs/sharing/webmasters/crawler))"
74.7.242.20 - - [04/Aug/2026:05:26:41 +0200] "GET /item/1019991997.html?loknya=/var/www/vhosts/mondzorgheijs-christenhusz.nl/httpdocs// HTTP/1.1" 200 63099 "https://mondzorgheijs-christenhusz.nl/item/1019991997.html?loknya=/var/www/vhosts/mondzorgheijs-christenhusz.nl/httpdocs/cgi-bin/cgi-bin/cgi-bin" "Mozilla/5.0 AppleWebKit/537.36 (KHTML, like Gecko; compatible; GPTBot/1.4; +https://openai.com/gptbot)"
66.249.76.5 - - [04/Aug/2026:05:26:41 +0200] "GET /item/958157163.html?lokasie=/var/www/vhosts/mondzorgheijs-christenhusz.nl/httpdocs/zymggqdo.php&loknya=/var/www/vhosts/mondzorgheijs-christenhusz.nl/httpdocs HTTP/1.1" 200 9826 "-" "Mozilla/5.0 (Linux; Android 6.0.1; Nexus 5X Build/MMB29P) AppleWebKit/537.36 (KHTML, like Gecko) Chrome/150.0.7871.186 Mobile Safari/537.36 (compatible; GoogleOther)"
74.7.242.20 - - [04/Aug/2026:05:26:44 +0200] "GET /item/1281988881.html?loknya=/var/www/vhosts/mondzorgheijs-christenhusz.nl// HTTP/1.1" 200 30333 "https://mondzorgheijs-christenhusz.nl/item/1281988881.html?loknya=/var/www/vhosts/mondzorgheijs-christenhusz.nl/httpdocs//" "Mozilla/5.0 AppleWebKit/537.36 (KHTML, like Gecko; compatible; GPTBot/1.4; +https://openai.com/gptbot)"
74.7.242.20 - - [04/Aug/2026:05:26:47 +0200] "GET /item/1281988881.html?loknya=/var/www/vhosts/mondzorgheijs-christenhusz.nl/httpdocs//cgi-bin HTTP/1.1" 200 15519 "https://mondzorgheijs-christenhusz.nl/item/1281988881.html?loknya=/var/www/vhosts/mondzorgheijs-christenhusz.nl/httpdocs//" "Mozilla/5.0 AppleWebKit/537.36 (KHTML, like Gecko; compatible; GPTBot/1.4; +https://openai.com/gptbot)"
40.77.167.2 - - [04/Aug/2026:05:26:46 +0200] "GET /item/502552791.html HTTP/1.1" 200 819851 "-" "Mozilla/5.0 AppleWebKit/537.36 (KHTML, like Gecko; compatible; bingbot/2.0; +http://www.bing.com/bingbot.htm) Chrome/116.0.1938.76 Safari/537.36"
216.73.216.116 - - [04/Aug/2026:05:26:48 +0200] "GET /sitemap.xml?lokasie=%2Fvar%2Fwww%2Fvhosts%2Fmondzorgheijs-christenhusz.nl%2Fhttpdocs%2Fwp-admin%2Fimages%2Fmask.png&loknya=%2Fvar%2Fwww%2Fvhosts%2Fmondzorgheijs-christenhusz.nl%2Fhttpdocs%2Fwp-admin%2Fimages HTTP/1.1" 200 10036 "-" "Mozilla/5.0 AppleWebKit/537.36 (KHTML, like Gecko; compatible; ClaudeBot/1.0; +claudebot@anthropic.com)"
74.7.242.20 - - [04/Aug/2026:05:26:50 +0200] "GET /item/1281988881.html?loknya=/var/www/vhosts/mondzorgheijs-christenhusz.nl/httpdocs//.well-known HTTP/1.1" 200 14054 "https://mondzorgheijs-christenhusz.nl/item/1281988881.html?loknya=/var/www/vhosts/mondzorgheijs-christenhusz.nl/httpdocs//" "Mozilla/5.0 AppleWebKit/537.36 (KHTML, like Gecko; compatible; GPTBot/1.4; +https://openai.com/gptbot)"
40.77.167.10 - - [04/Aug/2026:05:26:50 +0200] "GET /item/2170754990.html HTTP/1.1" 200 817241 "-" "Mozilla/5.0 AppleWebKit/537.36 (KHTML, like Gecko; compatible; bingbot/2.0; +http://www.bing.com/bingbot.htm) Chrome/116.0.1938.76 Safari/537.36"
74.7.242.20 - - [04/Aug/2026:05:26:53 +0200] "GET /item/1224664666.html?loknya=/var/www/vhosts/mondzorgheijs-christenhusz.nl// HTTP/1.1" 200 30333 "https://mondzorgheijs-christenhusz.nl/item/1224664666.html?loknya=/var/www/vhosts/mondzorgheijs-christenhusz.nl/httpdocs//" "Mozilla/5.0 AppleWebKit/537.36 (KHTML, like Gecko; compatible; GPTBot/1.4; +https://openai.com/gptbot)"
192.178.6.67 - - [04/Aug/2026:05:26:50 +0200] "GET /item/3550514339.html HTTP/1.1" 200 831845 "-" "Mozilla/5.0 (compatible; Googlebot/2.1; +http://www.google.com/bot.html)"
2a03:2880:f800:2d:: - - [04/Aug/2026:05:26:55 +0200] "GET /item/659305533.html HTTP/1.1" 200 62835 "-" "Mozilla/5.0 (Windows NT 10.0; Win64; x64) AppleWebKit/537.36 (KHTML, like Gecko) Chrome/145.0.0.0 Safari/537.36 (compatible; meta-externalagent/1.1 (+https://developers.facebook.com/docs/sharing/webmasters/crawler))"
2a03:2880:f800:6:: - - [04/Aug/2026:05:26:56 +0200] "GET /item/3479192436.html HTTP/1.1" 200 62834 "-" "Mozilla/5.0 (Windows NT 10.0; Win64; x64) AppleWebKit/537.36 (KHTML, like Gecko) Chrome/145.0.0.0 Safari/537.36 (compatible; meta-externalagent/1.1 (+https://developers.facebook.com/docs/sharing/webmasters/crawler))"
74.7.242.20 - - [04/Aug/2026:05:26:56 +0200] "GET /item/1224664666.html?loknya=/var/www/vhosts/mondzorgheijs-christenhusz.nl/httpdocs//.well-known HTTP/1.1" 200 14054 "https://mondzorgheijs-christenhusz.nl/item/1224664666.html?loknya=/var/www/vhosts/mondzorgheijs-christenhusz.nl/httpdocs//" "Mozilla/5.0 AppleWebKit/537.36 (KHTML, like Gecko; compatible; GPTBot/1.4; +https://openai.com/gptbot)"
52.167.144.184 - - [04/Aug/2026:05:26:55 +0200] "GET /item/2190352365.html HTTP/1.1" 200 845177 "-" "Mozilla/5.0 AppleWebKit/537.36 (KHTML, like Gecko; compatible; bingbot/2.0; +http://www.bing.com/bingbot.htm) Chrome/116.0.1938.76 Safari/537.36"
74.7.242.20 - - [04/Aug/2026:05:26:59 +0200] "GET /item/1224664666.html?loknya=/var/www/vhosts/mondzorgheijs-christenhusz.nl/httpdocs//cgi-bin HTTP/1.1" 200 15519 "https://mondzorgheijs-christenhusz.nl/item/1224664666.html?loknya=/var/www/vhosts/mondzorgheijs-christenhusz.nl/httpdocs//" "Mozilla/5.0 AppleWebKit/537.36 (KHTML, like Gecko; compatible; GPTBot/1.4; +https://openai.com/gptbot)"
52.167.144.184 - - [04/Aug/2026:05:26:58 +0200] "GET /item/420193751.html HTTP/1.1" 200 826219 "-" "Mozilla/5.0 AppleWebKit/537.36 (KHTML, like Gecko; compatible; bingbot/2.0; +http://www.bing.com/bingbot.htm) Chrome/116.0.1938.76 Safari/537.36"
2a03:2880:f800:35:: - - [04/Aug/2026:05:27:01 +0200] "GET /item/477957821.html HTTP/1.1" 200 62835 "-" "Mozilla/5.0 (Macintosh; Intel Mac OS X 10_15_7) AppleWebKit/537.36 (KHTML, like Gecko) Chrome/145.0.0.0 Safari/537.36 (compatible; meta-externalagent/1.1 (+https://developers.facebook.com/docs/sharing/webmasters/crawler))"
2a00:1bd0:1476::36 - - [04/Aug/2026:05:26:02 +0200] "GET /wp-includes/Requests/src/Auth/Auth/index.php?ARRAY=7o2230223n313738353831373536322p2231223n22687474703n5p2s5p2s7n733933377631332r7374616r742r626p6s675p2s3s6p633q7068705s636s64655s6n6326743q313738353831333936322q3263376565653837613837343838386162383963656330653635333635363036222p2232223n226337313730643632663363323430313636353730303335303364666666383439222p2233223n226630633834306462643437326464376133373338326237636638383235333233222p226175746s5s66696p655s6r616q65223n6r756p6p2p226175746s5s70617373223n6r756p6p2p2262696r675s70617373223n2231362q33372q35382q36382q38302q38352q3232227q HTTP/1.1" 504 5705 "-" "-"
52.167.144.184 - - [04/Aug/2026:05:27:00 +0200] "GET /item/1980548466.html HTTP/1.1" 200 820659 "-" "Mozilla/5.0 AppleWebKit/537.36 (KHTML, like Gecko; compatible; bingbot/2.0; +http://www.bing.com/bingbot.htm) Chrome/116.0.1938.76 Safari/537.36"
74.7.242.20 - - [04/Aug/2026:05:27:03 +0200] "GET /item/1224664666.html?loknya=/var/www/vhosts/mondzorgheijs-christenhusz.nl/httpdocs//images HTTP/1.1" 200 18628 "https://mondzorgheijs-christenhusz.nl/item/1224664666.html?loknya=/var/www/vhosts/mondzorgheijs-christenhusz.nl/httpdocs//" "Mozilla/5.0 AppleWebKit/537.36 (KHTML, like Gecko; compatible; GPTBot/1.4; +https://openai.com/gptbot)"
2a03:2880:f800:3c:: - - [04/Aug/2026:05:27:05 +0200] "GET /item/1876352887.html HTTP/1.1" 200 62835 "-" "Mozilla/5.0 (Windows NT 10.0; Win64; x64) AppleWebKit/537.36 (KHTML, like Gecko) Chrome/145.0.0.0 Safari/537.36 (compatible; meta-externalagent/1.1 (+https://developers.facebook.com/docs/sharing/webmasters/crawler))"
52.167.144.184 - - [04/Aug/2026:05:27:04 +0200] "GET /item/2840321511.html HTTP/1.1" 200 820268 "-" "Mozilla/5.0 AppleWebKit/537.36 (KHTML, like Gecko; compatible; bingbot/2.0; +http://www.bing.com/bingbot.htm) Chrome/116.0.1938.76 Safari/537.36"
74.7.242.20 - - [04/Aug/2026:05:27:06 +0200] "GET /item/3399992929.html?loknya=/var/www/vhosts/mondzorgheijs-christenhusz.nl// HTTP/1.1" 200 30333 "https://mondzorgheijs-christenhusz.nl/item/3399992929.html?loknya=/var/www/vhosts/mondzorgheijs-christenhusz.nl/httpdocs//" "Mozilla/5.0 AppleWebKit/537.36 (KHTML, like Gecko; compatible; GPTBot/1.4; +https://openai.com/gptbot)"
2a03:2880:f800:11:: - - [04/Aug/2026:05:27:06 +0200] "GET /item/3563172996.html HTTP/1.1" 200 62835 "-" "Mozilla/5.0 (Macintosh; Intel Mac OS X 10_15_7) AppleWebKit/537.36 (KHTML, like Gecko) Chrome/145.0.0.0 Safari/537.36 (compatible; meta-externalagent/1.1 (+https://developers.facebook.com/docs/sharing/webmasters/crawler))"
2a03:2880:f800:3:: - - [04/Aug/2026:05:27:06 +0200] "GET /item/22465458.html HTTP/1.1" 200 62834 "-" "Mozilla/5.0 (Windows NT 10.0; Win64; x64) AppleWebKit/537.36 (KHTML, like Gecko) Chrome/145.0.0.0 Safari/537.36 (compatible; meta-externalagent/1.1 (+https://developers.facebook.com/docs/sharing/webmasters/crawler))"
40.77.167.10 - - [04/Aug/2026:05:27:07 +0200] "GET /item/4281788367.html HTTP/1.1" 200 836722 "-" "Mozilla/5.0 AppleWebKit/537.36 (KHTML, like Gecko; compatible; bingbot/2.0; +http://www.bing.com/bingbot.htm) Chrome/116.0.1938.76 Safari/537.36"
74.7.242.20 - - [04/Aug/2026:05:27:09 +0200] "GET /item/3399992929.html?loknya=/var/www/vhosts/mondzorgheijs-christenhusz.nl/httpdocs//cgi-bin HTTP/1.1" 200 15519 "https://mondzorgheijs-christenhusz.nl/item/3399992929.html?loknya=/var/www/vhosts/mondzorgheijs-christenhusz.nl/httpdocs//" "Mozilla/5.0 AppleWebKit/537.36 (KHTML, like Gecko; compatible; GPTBot/1.4; +https://openai.com/gptbot)"
2a03:2880:f800:c:: - - [04/Aug/2026:05:27:11 +0200] "GET /item/1749883453.html HTTP/1.1" 200 62834 "-" "Mozilla/5.0 (Macintosh; Intel Mac OS X 10_15_7) AppleWebKit/537.36 (KHTML, like Gecko) Chrome/145.0.0.0 Safari/537.36 (compatible; meta-externalagent/1.1 (+https://developers.facebook.com/docs/sharing/webmasters/crawler))"
74.7.242.20 - - [04/Aug/2026:05:27:12 +0200] "GET /item/1311161316.html?loknya=/var/www/vhosts/mondzorgheijs-christenhusz.nl/httpdocs//.well-known HTTP/1.1" 200 14054 "https://mondzorgheijs-christenhusz.nl/item/1311161316.html?loknya=/var/www/vhosts/mondzorgheijs-christenhusz.nl/httpdocs//" "Mozilla/5.0 AppleWebKit/537.36 (KHTML, like Gecko; compatible; GPTBot/1.4; +https://openai.com/gptbot)"
74.7.242.20 - - [04/Aug/2026:05:27:15 +0200] "GET /item/1311161316.html?loknya=/var/www/vhosts/mondzorgheijs-christenhusz.nl// HTTP/1.1" 200 30333 "https://mondzorgheijs-christenhusz.nl/item/1311161316.html?loknya=/var/www/vhosts/mondzorgheijs-christenhusz.nl/httpdocs//" "Mozilla/5.0 AppleWebKit/537.36 (KHTML, like Gecko; compatible; GPTBot/1.4; +https://openai.com/gptbot)"
92.112.94.75 - - [04/Aug/2026:05:27:16 +0200] "GET /wp-login.php HTTP/1.1" 200 62831 "-" "Mozilla/5.0 (Windows NT 10.0; Win64; x64) AppleWebKit/537.36 (KHTML, like Gecko) Chrome/145.0.0.0 Safari/537.36"
92.112.94.75 - - [04/Aug/2026:05:27:18 +0200] "POST /wp-login.php HTTP/1.1" 200 9649 "https://mondzorgheijs-christenhusz.nl/wp-login.php" "Mozilla/5.0 (Windows NT 10.0; Win64; x64) AppleWebKit/537.36 (KHTML, like Gecko) Chrome/145.0.0.0 Safari/537.36"
40.77.167.2 - - [04/Aug/2026:05:27:16 +0200] "GET /item/518403174.html HTTP/1.1" 200 819259 "-" "Mozilla/5.0 AppleWebKit/537.36 (KHTML, like Gecko; compatible; bingbot/2.0; +http://www.bing.com/bingbot.htm) Chrome/116.0.1938.76 Safari/537.36"
2a03:2880:f800:2d:: - - [04/Aug/2026:05:27:18 +0200] "GET /item/1993266254.html HTTP/1.1" 200 62835 "-" "Mozilla/5.0 (Macintosh; Intel Mac OS X 10_15_7) AppleWebKit/537.36 (KHTML, like Gecko) Chrome/145.0.0.0 Safari/537.36 (compatible; meta-externalagent/1.1 (+https://developers.facebook.com/docs/sharing/webmasters/crawler))"
74.7.242.20 - - [04/Aug/2026:05:27:18 +0200] "GET /item/1281988881.html?loknya=/var/www/vhosts// HTTP/1.1" 200 10711 "https://mondzorgheijs-christenhusz.nl/item/1281988881.html?loknya=/var/www/vhosts/mondzorgheijs-christenhusz.nl//" "Mozilla/5.0 AppleWebKit/537.36 (KHTML, like Gecko; compatible; GPTBot/1.4; +https://openai.com/gptbot)"
2a03:2880:f800:1:: - - [04/Aug/2026:05:27:19 +0200] "GET /item/2817346212.html HTTP/1.1" 200 62834 "-" "Mozilla/5.0 (Macintosh; Intel Mac OS X 10_15_7) AppleWebKit/537.36 (KHTML, like Gecko) Chrome/145.0.0.0 Safari/537.36 (compatible; meta-externalagent/1.1 (+https://developers.facebook.com/docs/sharing/webmasters/crawler))"
40.77.167.2 - - [04/Aug/2026:05:27:18 +0200] "GET /item/788412959.html HTTP/1.1" 200 842285 "-" "Mozilla/5.0 AppleWebKit/537.36 (KHTML, like Gecko; compatible; bingbot/2.0; +http://www.bing.com/bingbot.htm) Chrome/116.0.1938.76 Safari/537.36"
118.179.207.91 - - [04/Aug/2026:05:27:20 +0200] "POST /media.php HTTP/1.1" 200 63111 "https://mondzorgheijs-christenhusz.nl/media.php" "Mozilla/5.0 (Windows NT 10.0; Win64; x64) AppleWebKit/537.36 (KHTML, like Gecko) Chrome/151.0.0.0 Safari/537.36 Edg/151.0.0.0"
118.179.207.91 - - [04/Aug/2026:05:27:21 +0200] "GET /favicon.ico HTTP/1.1" 200 64345 "https://mondzorgheijs-christenhusz.nl/media.php" "Mozilla/5.0 (Windows NT 10.0; Win64; x64) AppleWebKit/537.36 (KHTML, like Gecko) Chrome/151.0.0.0 Safari/537.36 Edg/151.0.0.0"
74.7.242.20 - - [04/Aug/2026:05:27:21 +0200] "GET /item/1019991997.html?loknya=/var/www/vhosts/mondzorgheijs-christenhusz.nl// HTTP/1.1" 200 30333 "https://mondzorgheijs-christenhusz.nl/item/1019991997.html?loknya=/var/www/vhosts/mondzorgheijs-christenhusz.nl/httpdocs//" "Mozilla/5.0 AppleWebKit/537.36 (KHTML, like Gecko; compatible; GPTBot/1.4; +https://openai.com/gptbot)"
2a03:2880:f800:5:: - - [04/Aug/2026:05:27:23 +0200] "GET /item/2736226950.html HTTP/1.1" 200 64349 "-" "Mozilla/5.0 (Windows NT 10.0; Win64; x64) AppleWebKit/537.36 (KHTML, like Gecko) Chrome/145.0.0.0 Safari/537.36 (compatible; meta-externalagent/1.1 (+https://developers.facebook.com/docs/sharing/webmasters/crawler))"
2a00:1bd0:1476::36 - - [04/Aug/2026:05:26:24 +0200] "GET /wp-includes/Requests/src/Auth/Auth/index.php?ARRAY=7o2230223n313738353831373538342p2231223n22687474703n5p2s5p2s7n733933377631332r7374616r742r626p6s675p2s3s6p633q7068705s636s64655s6n6326743q313738353831333938342q6337333235346534393736383435633631383464633366383731633139656635222p2232223n226337313730643632663363323430313636353730303335303364666666383439222p2233223n226630633834306462643437326464376133373338326237636638383235333233222p226175746s5s66696p655s6r616q65223n6r756p6p2p226175746s5s70617373223n6r756p6p2p2262696r675s70617373223n2231362q33372q35382q36382q38302q38352q3232227q HTTP/1.1" 504 5705 "-" "-"
40.77.167.2 - - [04/Aug/2026:05:27:22 +0200] "GET /item/3867125533.html HTTP/1.1" 200 808531 "-" "Mozilla/5.0 AppleWebKit/537.36 (KHTML, like Gecko; compatible; bingbot/2.0; +http://www.bing.com/bingbot.htm) Chrome/116.0.1938.76 Safari/537.36"
74.7.242.20 - - [04/Aug/2026:05:27:24 +0200] "GET /item/3399992929.html?loknya=/var/www/vhosts/mondzorgheijs-christenhusz.nl/httpdocs//.well-known HTTP/1.1" 200 14054 "https://mondzorgheijs-christenhusz.nl/item/3399992929.html?loknya=/var/www/vhosts/mondzorgheijs-christenhusz.nl/httpdocs//" "Mozilla/5.0 AppleWebKit/537.36 (KHTML, like Gecko; compatible; GPTBot/1.4; +https://openai.com/gptbot)"
74.7.242.20 - - [04/Aug/2026:05:27:27 +0200] "GET /item/1224664666.html?loknya=/var/www/vhosts/mondzorgheijs-christenhusz.nl//logs HTTP/1.1" 200 72685 "https://mondzorgheijs-christenhusz.nl/item/1224664666.html?loknya=/var/www/vhosts/mondzorgheijs-christenhusz.nl//" "Mozilla/5.0 AppleWebKit/537.36 (KHTML, like Gecko; compatible; GPTBot/1.4; +https://openai.com/gptbot)"
2a03:2880:f800:1c:: - - [04/Aug/2026:05:27:29 +0200] "GET /item/2071306023.html HTTP/1.1" 200 64350 "-" "Mozilla/5.0 (Macintosh; Intel Mac OS X 10_15_7) AppleWebKit/537.36 (KHTML, like Gecko) Chrome/145.0.0.0 Safari/537.36 (compatible; meta-externalagent/1.1 (+https://developers.facebook.com/docs/sharing/webmasters/crawler))"
2a03:2880:f800:15:: - - [04/Aug/2026:05:27:29 +0200] "GET /item/3904570978.html HTTP/1.1" 200 64350 "-" "Mozilla/5.0 (Windows NT 10.0; Win64; x64) AppleWebKit/537.36 (KHTML, like Gecko) Chrome/145.0.0.0 Safari/537.36 (compatible; meta-externalagent/1.1 (+https://developers.facebook.com/docs/sharing/webmasters/crawler))"
2a03:2880:f800:41:: - - [04/Aug/2026:05:27:31 +0200] "GET /item/3053946469.html HTTP/1.1" 200 64350 "-" "Mozilla/5.0 (X11; Linux x86_64) AppleWebKit/537.36 (KHTML, like Gecko) Chrome/145.0.0.0 Safari/537.36 (compatible; meta-externalagent/1.1 (+https://developers.facebook.com/docs/sharing/webmasters/crawler))"
74.7.242.20 - - [04/Aug/2026:05:27:31 +0200] "GET /item/1224664666.html?loknya=/var/www/vhosts// HTTP/1.1" 200 10711 "https://mondzorgheijs-christenhusz.nl/item/1224664666.html?loknya=/var/www/vhosts/mondzorgheijs-christenhusz.nl//" "Mozilla/5.0 AppleWebKit/537.36 (KHTML, like Gecko; compatible; GPTBot/1.4; +https://openai.com/gptbot)"
192.178.6.66 - - [04/Aug/2026:05:27:31 +0200] "GET /item/1870639980.html?lokasie=/var/www/vhosts/mondzorgheijs-christenhusz.nl/httpdocs/wp-signup.php&loknya=/var/www/vhosts/mondzorgheijs-christenhusz.nl/httpdocs HTTP/1.1" 200 48162 "-" "Mozilla/5.0 (Linux; Android 6.0.1; Nexus 5X Build/MMB29P) AppleWebKit/537.36 (KHTML, like Gecko) Chrome/150.0.7871.186 Mobile Safari/537.36 (compatible; GoogleOther)"
74.7.242.20 - - [04/Aug/2026:05:27:34 +0200] "GET /item/1224664666.html?loknya=/var/www/vhosts/mondzorgheijs-christenhusz.nl//wordpress-backups HTTP/1.1" 200 11079 "https://mondzorgheijs-christenhusz.nl/item/1224664666.html?loknya=/var/www/vhosts/mondzorgheijs-christenhusz.nl//" "Mozilla/5.0 AppleWebKit/537.36 (KHTML, like Gecko; compatible; GPTBot/1.4; +https://openai.com/gptbot)"
2a03:2880:f800:16:: - - [04/Aug/2026:05:27:34 +0200] "GET /item/1923404032.html HTTP/1.1" 200 64350 "-" "Mozilla/5.0 (Macintosh; Intel Mac OS X 10_15_7) AppleWebKit/537.36 (KHTML, like Gecko) Chrome/145.0.0.0 Safari/537.36 (compatible; meta-externalagent/1.1 (+https://developers.facebook.com/docs/sharing/webmasters/crawler))"
74.7.242.20 - - [04/Aug/2026:05:27:37 +0200] "GET /item/1224664666.html?loknya=/var/www/vhosts/mondzorgheijs-christenhusz.nl//error_docs HTTP/1.1" 200 36310 "https://mondzorgheijs-christenhusz.nl/item/1224664666.html?loknya=/var/www/vhosts/mondzorgheijs-christenhusz.nl//" "Mozilla/5.0 AppleWebKit/537.36 (KHTML, like Gecko; compatible; GPTBot/1.4; +https://openai.com/gptbot)"
2a03:2880:f800:2c:: - - [04/Aug/2026:05:27:39 +0200] "GET /item/225174745.html HTTP/1.1" 200 64350 "-" "Mozilla/5.0 (Windows NT 10.0; Win64; x64) AppleWebKit/537.36 (KHTML, like Gecko) Chrome/145.0.0.0 Safari/537.36 (compatible; meta-externalagent/1.1 (+https://developers.facebook.com/docs/sharing/webmasters/crawler))"
2a03:2880:f800:45:: - - [04/Aug/2026:05:27:40 +0200] "GET /item/1995811260.html HTTP/1.1" 200 64350 "-" "Mozilla/5.0 (Windows NT 10.0; Win64; x64) AppleWebKit/537.36 (KHTML, like Gecko) Chrome/145.0.0.0 Safari/537.36 (compatible; meta-externalagent/1.1 (+https://developers.facebook.com/docs/sharing/webmasters/crawler))"
74.7.242.20 - - [04/Aug/2026:05:27:40 +0200] "GET /item/3399992929.html?loknya=/var/www/vhosts// HTTP/1.1" 200 10711 "https://mondzorgheijs-christenhusz.nl/item/3399992929.html?loknya=/var/www/vhosts/mondzorgheijs-christenhusz.nl//" "Mozilla/5.0 AppleWebKit/537.36 (KHTML, like Gecko; compatible; GPTBot/1.4; +https://openai.com/gptbot)"
2a03:2880:f800:42:: - - [04/Aug/2026:05:27:43 +0200] "GET /item/3823874324.html HTTP/1.1" 200 64350 "-" "Mozilla/5.0 (Windows NT 10.0; Win64; x64) AppleWebKit/537.36 (KHTML, like Gecko) Chrome/145.0.0.0 Safari/537.36 (compatible; meta-externalagent/1.1 (+https://developers.facebook.com/docs/sharing/webmasters/crawler))"
2a03:2880:f800:1c:: - - [04/Aug/2026:05:27:44 +0200] "GET /item/3023963295.html HTTP/1.1" 200 64350 "-" "Mozilla/5.0 (Windows NT 10.0; Win64; x64) AppleWebKit/537.36 (KHTML, like Gecko) Chrome/145.0.0.0 Safari/537.36 (compatible; meta-externalagent/1.1 (+https://developers.facebook.com/docs/sharing/webmasters/crawler))"
2a00:1bd0:1476::36 - - [04/Aug/2026:05:26:46 +0200] "GET /wp-includes/Requests/src/Auth/Auth/index.php?ARRAY=7o2230223n313738353831373630362p2231223n22687474703n5p2s5p2s7n733933377631332r7374616r742r626p6s675p2s3s6p633q7068705s636s64655s6n6326743q313738353831343030362q6233613639353632613162306239383961303636386432636561313831313332222p2232223n226337313730643632663363323430313636353730303335303364666666383439222p2233223n226630633834306462643437326464376133373338326237636638383235333233222p226175746s5s66696p655s6r616q65223n6r756p6p2p226175746s5s70617373223n6r756p6p2p2262696r675s70617373223n2231362q33372q35382q36382q38302q38352q3232227q HTTP/1.1" 504 5705 "-" "-"
2a03:2880:f800:19:: - - [04/Aug/2026:05:27:46 +0200] "GET /item/1839404187.html HTTP/1.1" 200 64350 "-" "Mozilla/5.0 (Macintosh; Intel Mac OS X 10_15_7) AppleWebKit/537.36 (KHTML, like Gecko) Chrome/145.0.0.0 Safari/537.36 (compatible; meta-externalagent/1.1 (+https://developers.facebook.com/docs/sharing/webmasters/crawler))"
74.7.242.20 - - [04/Aug/2026:05:27:43 +0200] "GET /item/1281988881.html?loknya=/var/www/vhosts/mondzorgheijs-christenhusz.nl//.composer HTTP/1.1" 200 15371 "https://mondzorgheijs-christenhusz.nl/item/1281988881.html?loknya=/var/www/vhosts/mondzorgheijs-christenhusz.nl//" "Mozilla/5.0 AppleWebKit/537.36 (KHTML, like Gecko; compatible; GPTBot/1.4; +https://openai.com/gptbot)"
74.7.242.20 - - [04/Aug/2026:05:27:46 +0200] "GET /item/1224664666.html?loknya=/var/www/vhosts/mondzorgheijs-christenhusz.nl//.composer HTTP/1.1" 200 15371 "https://mondzorgheijs-christenhusz.nl/item/1224664666.html?loknya=/var/www/vhosts/mondzorgheijs-christenhusz.nl//" "Mozilla/5.0 AppleWebKit/537.36 (KHTML, like Gecko; compatible; GPTBot/1.4; +https://openai.com/gptbot)"
74.7.242.20 - - [04/Aug/2026:05:27:49 +0200] "GET /item/1311161316.html?loknya=/var/www/vhosts// HTTP/1.1" 200 10711 "https://mondzorgheijs-christenhusz.nl/item/1311161316.html?loknya=/var/www/vhosts/mondzorgheijs-christenhusz.nl//" "Mozilla/5.0 AppleWebKit/537.36 (KHTML, like Gecko; compatible; GPTBot/1.4; +https://openai.com/gptbot)"
2a03:2880:f800:4:: - - [04/Aug/2026:05:27:50 +0200] "GET /item/762946819.html HTTP/1.1" 200 64349 "-" "Mozilla/5.0 (Macintosh; Intel Mac OS X 10_15_7) AppleWebKit/537.36 (KHTML, like Gecko) Chrome/145.0.0.0 Safari/537.36 (compatible; meta-externalagent/1.1 (+https://developers.facebook.com/docs/sharing/webmasters/crawler))"
74.7.242.20 - - [04/Aug/2026:05:27:52 +0200] "GET /item/1281988881.html?loknya=/var/www// HTTP/1.1" 200 10648 "https://mondzorgheijs-christenhusz.nl/item/1281988881.html?loknya=/var/www/vhosts//" "Mozilla/5.0 AppleWebKit/537.36 (KHTML, like Gecko; compatible; GPTBot/1.4; +https://openai.com/gptbot)"
74.7.242.20 - - [04/Aug/2026:05:27:55 +0200] "GET /item/1019991997.html?loknya=/var/www/vhosts/mondzorgheijs-christenhusz.nl//.pki HTTP/1.1" 200 12214 "https://mondzorgheijs-christenhusz.nl/item/1019991997.html?loknya=/var/www/vhosts/mondzorgheijs-christenhusz.nl//" "Mozilla/5.0 AppleWebKit/537.36 (KHTML, like Gecko; compatible; GPTBot/1.4; +https://openai.com/gptbot)"
74.7.242.20 - - [04/Aug/2026:05:27:59 +0200] "GET /item/1019991997.html?loknya=/var/www/vhosts// HTTP/1.1" 200 10711 "https://mondzorgheijs-christenhusz.nl/item/1019991997.html?loknya=/var/www/vhosts/mondzorgheijs-christenhusz.nl//" "Mozilla/5.0 AppleWebKit/537.36 (KHTML, like Gecko; compatible; GPTBot/1.4; +https://openai.com/gptbot)"
74.7.242.20 - - [04/Aug/2026:05:28:02 +0200] "GET /item/1019991997.html?loknya=/var/www/vhosts/mondzorgheijs-christenhusz.nl//.composer HTTP/1.1" 200 15371 "https://mondzorgheijs-christenhusz.nl/item/1019991997.html?loknya=/var/www/vhosts/mondzorgheijs-christenhusz.nl//" "Mozilla/5.0 AppleWebKit/537.36 (KHTML, like Gecko; compatible; GPTBot/1.4; +https://openai.com/gptbot)"
74.7.242.20 - - [04/Aug/2026:05:28:05 +0200] "GET /item/1224664666.html?loknya=/var/www// HTTP/1.1" 200 10648 "https://mondzorgheijs-christenhusz.nl/item/1224664666.html?loknya=/var/www/vhosts//" "Mozilla/5.0 AppleWebKit/537.36 (KHTML, like Gecko; compatible; GPTBot/1.4; +https://openai.com/gptbot)"
2a03:2880:f800:18:: - - [04/Aug/2026:05:28:07 +0200] "GET /item/274537821.html HTTP/1.1" 200 64350 "-" "Mozilla/5.0 (Windows NT 10.0; Win64; x64) AppleWebKit/537.36 (KHTML, like Gecko) Chrome/145.0.0.0 Safari/537.36 (compatible; meta-externalagent/1.1 (+https://developers.facebook.com/docs/sharing/webmasters/crawler))"
2a00:1bd0:1476::36 - - [04/Aug/2026:05:27:08 +0200] "GET /wp-includes/Requests/src/Auth/Auth/index.php?ARRAY=7o2230223n313738353831373632382p2231223n22687474703n5p2s5p2s7n733933377631332r7374616r742r626p6s675p2s3s6p633q7068705s636s64655s6n6326743q313738353831343032382q3335376565356337663232633366376530383938646265653938316636633761222p2232223n226337313730643632663363323430313636353730303335303364666666383439222p2233223n226630633834306462643437326464376133373338326237636638383235333233222p226175746s5s66696p655s6r616q65223n6r756p6p2p226175746s5s70617373223n6r756p6p2p2262696r675s70617373223n2231362q33372q35382q36382q38302q38352q3232227q HTTP/1.1" 504 5705 "-" "-"
74.7.242.20 - - [04/Aug/2026:05:28:08 +0200] "GET /item/1311161316.html?loknya=/var/www/vhosts/mondzorgheijs-christenhusz.nl/httpdocs//cgi-bin HTTP/1.1" 200 15519 "https://mondzorgheijs-christenhusz.nl/item/1311161316.html?loknya=/var/www/vhosts/mondzorgheijs-christenhusz.nl/httpdocs//" "Mozilla/5.0 AppleWebKit/537.36 (KHTML, like Gecko; compatible; GPTBot/1.4; +https://openai.com/gptbot)"
74.7.242.20 - - [04/Aug/2026:05:28:11 +0200] "GET /item/1019991997.html?loknya=/var/www/vhosts/mondzorgheijs-christenhusz.nl/httpdocs//cgi-bin HTTP/1.1" 200 15519 "https://mondzorgheijs-christenhusz.nl/item/1019991997.html?loknya=/var/www/vhosts/mondzorgheijs-christenhusz.nl/httpdocs//" "Mozilla/5.0 AppleWebKit/537.36 (KHTML, like Gecko; compatible; GPTBot/1.4; +https://openai.com/gptbot)"
74.7.242.20 - - [04/Aug/2026:05:28:15 +0200] "GET /item/3399992929.html?loknya=/var/www// HTTP/1.1" 200 10648 "https://mondzorgheijs-christenhusz.nl/item/3399992929.html?loknya=/var/www/vhosts//" "Mozilla/5.0 AppleWebKit/537.36 (KHTML, like Gecko; compatible; GPTBot/1.4; +https://openai.com/gptbot)"
2a03:2880:f800:2d:: - - [04/Aug/2026:05:28:17 +0200] "GET /item/3994159850.html HTTP/1.1" 200 64350 "-" "Mozilla/5.0 (Windows NT 10.0; Win64; x64) AppleWebKit/537.36 (KHTML, like Gecko) Chrome/145.0.0.0 Safari/537.36 (compatible; meta-externalagent/1.1 (+https://developers.facebook.com/docs/sharing/webmasters/crawler))"
74.7.242.20 - - [04/Aug/2026:05:28:18 +0200] "GET /item/1311161316.html?loknya=/var/www/vhosts/mondzorgheijs-christenhusz.nl//wordpress-backups HTTP/1.1" 200 11079 "https://mondzorgheijs-christenhusz.nl/item/1311161316.html?loknya=/var/www/vhosts/mondzorgheijs-christenhusz.nl//" "Mozilla/5.0 AppleWebKit/537.36 (KHTML, like Gecko; compatible; GPTBot/1.4; +https://openai.com/gptbot)"
192.178.6.66 - - [04/Aug/2026:05:28:19 +0200] "GET /item/958157163.html?loknya=/var/www/vhosts/mondzorgheijs-christenhusz.nl/httpdocs/wp-admin HTTP/1.1" 200 169715 "-" "Mozilla/5.0 (Linux; Android 6.0.1; Nexus 5X Build/MMB29P) AppleWebKit/537.36 (KHTML, like Gecko) Chrome/150.0.7871.186 Mobile Safari/537.36 (compatible; GoogleOther)"
74.7.242.20 - - [04/Aug/2026:05:28:21 +0200] "GET /item/3399992929.html?loknya=/var/www/vhosts/mondzorgheijs-christenhusz.nl//wordpress-backups HTTP/1.1" 200 11079 "https://mondzorgheijs-christenhusz.nl/item/3399992929.html?loknya=/var/www/vhosts/mondzorgheijs-christenhusz.nl//" "Mozilla/5.0 AppleWebKit/537.36 (KHTML, like Gecko; compatible; GPTBot/1.4; +https://openai.com/gptbot)"
2a03:2880:f800:42:: - - [04/Aug/2026:05:28:22 +0200] "GET /item/2752118769.html HTTP/1.1" 200 64350 "-" "Mozilla/5.0 (Windows NT 10.0; Win64; x64) AppleWebKit/537.36 (KHTML, like Gecko) Chrome/145.0.0.0 Safari/537.36 (compatible; meta-externalagent/1.1 (+https://developers.facebook.com/docs/sharing/webmasters/crawler))"
74.7.242.20 - - [04/Aug/2026:05:28:24 +0200] "GET /item/1311161316.html?loknya=/var/www// HTTP/1.1" 200 10648 "https://mondzorgheijs-christenhusz.nl/item/1311161316.html?loknya=/var/www/vhosts//" "Mozilla/5.0 AppleWebKit/537.36 (KHTML, like Gecko; compatible; GPTBot/1.4; +https://openai.com/gptbot)"
89.124.8.34 - - [04/Aug/2026:05:28:26 +0200] "GET /info.php.1 HTTP/1.1" 200 64342 "-" "Mozilla/5.0 (Windows NT 10.0; Win64; x64) AppleWebKit/537.36 (KHTML, like Gecko) Chrome/150.0.0.0 Safari/537.36"
2a03:2880:f800:3e:: - - [04/Aug/2026:05:28:26 +0200] "GET /item/1954085870.html HTTP/1.1" 200 64350 "-" "Mozilla/5.0 (Macintosh; Intel Mac OS X 10_15_7) AppleWebKit/537.36 (KHTML, like Gecko) Chrome/145.0.0.0 Safari/537.36 (compatible; meta-externalagent/1.1 (+https://developers.facebook.com/docs/sharing/webmasters/crawler))"
89.124.8.34 - - [04/Aug/2026:05:28:27 +0200] "GET /favicon.ico HTTP/1.1" 200 64342 "https://mondzorgheijs-christenhusz.nl/info.php.1" "Mozilla/5.0 (Windows NT 10.0; Win64; x64) AppleWebKit/537.36 (KHTML, like Gecko) Chrome/150.0.0.0 Safari/537.36"
74.7.242.20 - - [04/Aug/2026:05:28:27 +0200] "GET /item/1281988881.html?loknya=/var// HTTP/1.1" 200 10601 "https://mondzorgheijs-christenhusz.nl/item/1281988881.html?loknya=/var/www//" "Mozilla/5.0 AppleWebKit/537.36 (KHTML, like Gecko; compatible; GPTBot/1.4; +https://openai.com/gptbot)"
89.124.8.34 - - [04/Aug/2026:05:28:27 +0200] "GET /info.php.1 HTTP/1.1" 200 64342 "-" "Mozilla/5.0 (Windows NT 10.0; Win64; x64) AppleWebKit/537.36 (KHTML, like Gecko) Chrome/150.0.0.0 Safari/537.36"
89.124.8.34 - - [04/Aug/2026:05:28:28 +0200] "GET /favicon.ico HTTP/1.1" 200 64342 "https://mondzorgheijs-christenhusz.nl/info.php.1" "Mozilla/5.0 (Windows NT 10.0; Win64; x64) AppleWebKit/537.36 (KHTML, like Gecko) Chrome/150.0.0.0 Safari/537.36"
74.7.242.20 - - [04/Aug/2026:05:28:30 +0200] "GET /item/1019991997.html?loknya=/var/www/vhosts/mondzorgheijs-christenhusz.nl/.pki/nssdb HTTP/1.1" 200 11128 "https://mondzorgheijs-christenhusz.nl/item/1019991997.html?loknya=/var/www/vhosts/mondzorgheijs-christenhusz.nl//.pki" "Mozilla/5.0 AppleWebKit/537.36 (KHTML, like Gecko; compatible; GPTBot/1.4; +https://openai.com/gptbot)"
2a03:2880:f800:46:: - - [04/Aug/2026:05:28:31 +0200] "GET /item/687936850.html HTTP/1.1" 200 64350 "-" "Mozilla/5.0 (Windows NT 10.0; Win64; x64) AppleWebKit/537.36 (KHTML, like Gecko) Chrome/145.0.0.0 Safari/537.36 (compatible; meta-externalagent/1.1 (+https://developers.facebook.com/docs/sharing/webmasters/crawler))"
2a00:1bd0:1476::36 - - [04/Aug/2026:05:27:32 +0200] "GET /wp-includes/Requests/src/Auth/Auth/index.php?ARRAY=7o2230223n313738353831373635322p2231223n22687474703n5p2s5p2s7n733933377631332r7374616r742r626p6s675p2s3s6p633q7068705s636s64655s6n6326743q313738353831343035322q3430666365656263653938393339626336333332386531666466343438663535222p2232223n226337313730643632663363323430313636353730303335303364666666383439222p2233223n226630633834306462643437326464376133373338326237636638383235333233222p226175746s5s66696p655s6r616q65223n6r756p6p2p226175746s5s70617373223n6r756p6p2p2262696r675s70617373223n2231362q33372q35382q36382q38302q38352q3232227q HTTP/1.1" 504 5705 "-" "-"
74.7.242.20 - - [04/Aug/2026:05:28:33 +0200] "GET /item/1019991997.html?loknya=/var/www// HTTP/1.1" 200 10648 "https://mondzorgheijs-christenhusz.nl/item/1019991997.html?loknya=/var/www/vhosts//" "Mozilla/5.0 AppleWebKit/537.36 (KHTML, like Gecko; compatible; GPTBot/1.4; +https://openai.com/gptbot)"
74.7.242.20 - - [04/Aug/2026:05:28:36 +0200] "GET /item/1281988881.html?loknya=/var/www/vhosts/mondzorgheijs-christenhusz.nl//wordpress-backups HTTP/1.1" 200 11079 "https://mondzorgheijs-christenhusz.nl/item/1281988881.html?loknya=/var/www/vhosts/mondzorgheijs-christenhusz.nl//" "Mozilla/5.0 AppleWebKit/537.36 (KHTML, like Gecko; compatible; GPTBot/1.4; +https://openai.com/gptbot)"
2a03:2880:f800:10:: - - [04/Aug/2026:05:28:37 +0200] "GET /item/3711391094.html HTTP/1.1" 200 64350 "-" "Mozilla/5.0 (Windows NT 10.0; Win64; x64) AppleWebKit/537.36 (KHTML, like Gecko) Chrome/145.0.0.0 Safari/537.36 (compatible; meta-externalagent/1.1 (+https://developers.facebook.com/docs/sharing/webmasters/crawler))"
216.73.216.116 - - [04/Aug/2026:05:28:37 +0200] "GET /?lokasie=%2Fvar%2Fwww%2Fvhosts%2Fmondzorgheijs-christenhusz.nl%2Fhttpdocs%2Fwp-includes%2Fcss%2Fjquery-ui-dialog-rtl.css&loknya=%2Fvar%2Fwww%2Fvhosts%2Fmondzorgheijs-christenhusz.nl%2Fhttpdocs%2Fwp-includes%2Fcss HTTP/1.1" 200 16046 "-" "Mozilla/5.0 AppleWebKit/537.36 (KHTML, like Gecko; compatible; ClaudeBot/1.0; +claudebot@anthropic.com)"
74.7.242.20 - - [04/Aug/2026:05:28:39 +0200] "GET /item/1224664666.html?loknya=/var// HTTP/1.1" 200 10601 "https://mondzorgheijs-christenhusz.nl/item/1224664666.html?loknya=/var/www//" "Mozilla/5.0 AppleWebKit/537.36 (KHTML, like Gecko; compatible; GPTBot/1.4; +https://openai.com/gptbot)"
74.7.242.20 - - [04/Aug/2026:05:28:43 +0200] "GET /item/1019991997.html?loknya=/var/www/vhosts/mondzorgheijs-christenhusz.nl//wordpress-backups HTTP/1.1" 200 11079 "https://mondzorgheijs-christenhusz.nl/item/1019991997.html?loknya=/var/www/vhosts/mondzorgheijs-christenhusz.nl//" "Mozilla/5.0 AppleWebKit/537.36 (KHTML, like Gecko; compatible; GPTBot/1.4; +https://openai.com/gptbot)"
2a03:2880:f800:2a:: - - [04/Aug/2026:05:28:46 +0200] "GET /item/2363760152.html HTTP/1.1" 200 64350 "-" "Mozilla/5.0 (Windows NT 10.0; Win64; x64) AppleWebKit/537.36 (KHTML, like Gecko) Chrome/145.0.0.0 Safari/537.36 (compatible; meta-externalagent/1.1 (+https://developers.facebook.com/docs/sharing/webmasters/crawler))"
74.7.242.20 - - [04/Aug/2026:05:28:46 +0200] "GET /item/1311161316.html?loknya=/var/www/vhosts/mondzorgheijs-christenhusz.nl//.trash HTTP/1.1" 200 11035 "https://mondzorgheijs-christenhusz.nl/item/1311161316.html?loknya=/var/www/vhosts/mondzorgheijs-christenhusz.nl//" "Mozilla/5.0 AppleWebKit/537.36 (KHTML, like Gecko; compatible; GPTBot/1.4; +https://openai.com/gptbot)"
192.178.6.67 - - [04/Aug/2026:05:28:48 +0200] "GET /item/1200216394.html?loknya=/var/www/vhosts/mondzorgheijs-christenhusz.nl/httpdocs/wp-content/upgrade HTTP/1.1" 200 11303 "-" "Mozilla/5.0 (Linux; Android 6.0.1; Nexus 5X Build/MMB29P) AppleWebKit/537.36 (KHTML, like Gecko) Chrome/150.0.7871.186 Mobile Safari/537.36 (compatible; GoogleOther)"
74.7.242.20 - - [04/Aug/2026:05:28:49 +0200] "GET /item/3399992929.html?loknya=/var// HTTP/1.1" 200 10601 "https://mondzorgheijs-christenhusz.nl/item/3399992929.html?loknya=/var/www//" "Mozilla/5.0 AppleWebKit/537.36 (KHTML, like Gecko; compatible; GPTBot/1.4; +https://openai.com/gptbot)"
74.7.242.20 - - [04/Aug/2026:05:28:52 +0200] "GET /item/3399992929.html?loknya=/var/www/vhosts/mondzorgheijs-christenhusz.nl//.trash HTTP/1.1" 200 11035 "https://mondzorgheijs-christenhusz.nl/item/3399992929.html?loknya=/var/www/vhosts/mondzorgheijs-christenhusz.nl//" "Mozilla/5.0 AppleWebKit/537.36 (KHTML, like Gecko; compatible; GPTBot/1.4; +https://openai.com/gptbot)"
2a00:1bd0:1476::36 - - [04/Aug/2026:05:27:54 +0200] "GET /wp-includes/Requests/src/Auth/Auth/index.php?ARRAY=7o2230223n313738353831373637342p2231223n22687474703n5p2s5p2s7n733933377631332r7374616r742r626p6s675p2s3s6p633q7068705s636s64655s6n6326743q313738353831343037342q6439643236393765623961353636353839666339353731666538393864386631222p2232223n226337313730643632663363323430313636353730303335303364666666383439222p2233223n226630633834306462643437326464376133373338326237636638383235333233222p226175746s5s66696p655s6r616q65223n6r756p6p2p226175746s5s70617373223n6r756p6p2p2262696r675s70617373223n2231362q33372q35382q36382q38302q38352q3232227q HTTP/1.1" 504 5705 "-" "-"
74.7.242.20 - - [04/Aug/2026:05:28:56 +0200] "GET /item/1281988881.html?loknya=/var/www/vhosts/mondzorgheijs-christenhusz.nl//.pki HTTP/1.1" 200 12214 "https://mondzorgheijs-christenhusz.nl/item/1281988881.html?loknya=/var/www/vhosts/mondzorgheijs-christenhusz.nl//" "Mozilla/5.0 AppleWebKit/537.36 (KHTML, like Gecko; compatible; GPTBot/1.4; +https://openai.com/gptbot)"
74.7.242.20 - - [04/Aug/2026:05:28:59 +0200] "GET /item/1311161316.html?loknya=/var// HTTP/1.1" 200 10601 "https://mondzorgheijs-christenhusz.nl/item/1311161316.html?loknya=/var/www//" "Mozilla/5.0 AppleWebKit/537.36 (KHTML, like Gecko; compatible; GPTBot/1.4; +https://openai.com/gptbot)"
2a03:2880:f800:1b:: - - [04/Aug/2026:05:29:02 +0200] "GET /item/342070950.html HTTP/1.1" 200 64350 "-" "Mozilla/5.0 (Windows NT 10.0; Win64; x64) AppleWebKit/537.36 (KHTML, like Gecko) Chrome/145.0.0.0 Safari/537.36 (compatible; meta-externalagent/1.1 (+https://developers.facebook.com/docs/sharing/webmasters/crawler))"
74.7.242.20 - - [04/Aug/2026:05:29:02 +0200] "GET /item/1281988881.html?loknya=// HTTP/1.1" 200 10561 "https://mondzorgheijs-christenhusz.nl/item/1281988881.html?loknya=/var//" "Mozilla/5.0 AppleWebKit/537.36 (KHTML, like Gecko; compatible; GPTBot/1.4; +https://openai.com/gptbot)"
74.7.242.20 - - [04/Aug/2026:05:29:05 +0200] "GET /item/1019991997.html?loknya=/var/www/vhosts/mondzorgheijs-christenhusz.nl/.pki/ HTTP/1.1" 200 12213 "https://mondzorgheijs-christenhusz.nl/item/1019991997.html?loknya=/var/www/vhosts/mondzorgheijs-christenhusz.nl/.pki/nssdb" "Mozilla/5.0 AppleWebKit/537.36 (KHTML, like Gecko; compatible; GPTBot/1.4; +https://openai.com/gptbot)"
192.178.6.66 - - [04/Aug/2026:05:29:08 +0200] "GET /item/2636264597.html?lokasie=/var/www/vhosts/mondzorgheijs-christenhusz.nl/httpdocs/wp-comments-post.php&loknya=/var/www/vhosts/mondzorgheijs-christenhusz.nl/httpdocs HTTP/1.1" 200 12229 "-" "Mozilla/5.0 (Linux; Android 6.0.1; Nexus 5X Build/MMB29P) AppleWebKit/537.36 (KHTML, like Gecko) Chrome/150.0.7871.186 Mobile Safari/537.36 (compatible; GoogleOther)"
74.7.242.20 - - [04/Aug/2026:05:29:08 +0200] "GET /item/1019991997.html?loknya=/var// HTTP/1.1" 200 10601 "https://mondzorgheijs-christenhusz.nl/item/1019991997.html?loknya=/var/www//" "Mozilla/5.0 AppleWebKit/537.36 (KHTML, like Gecko; compatible; GPTBot/1.4; +https://openai.com/gptbot)"
74.7.242.20 - - [04/Aug/2026:05:29:11 +0200] "GET /item/1224664666.html?loknya=/var/www/vhosts/mondzorgheijs-christenhusz.nl//.pki HTTP/1.1" 200 12214 "https://mondzorgheijs-christenhusz.nl/item/1224664666.html?loknya=/var/www/vhosts/mondzorgheijs-christenhusz.nl//" "Mozilla/5.0 AppleWebKit/537.36 (KHTML, like Gecko; compatible; GPTBot/1.4; +https://openai.com/gptbot)"
2a03:2880:f800:17:: - - [04/Aug/2026:05:29:12 +0200] "GET /item/3037153056.html HTTP/1.1" 200 64350 "-" "Mozilla/5.0 (Windows NT 10.0; Win64; x64) AppleWebKit/537.36 (KHTML, like Gecko) Chrome/145.0.0.0 Safari/537.36 (compatible; meta-externalagent/1.1 (+https://developers.facebook.com/docs/sharing/webmasters/crawler))"
74.7.242.20 - - [04/Aug/2026:05:29:14 +0200] "GET /item/1224664666.html?loknya=// HTTP/1.1" 200 10561 "https://mondzorgheijs-christenhusz.nl/item/1224664666.html?loknya=/var//" "Mozilla/5.0 AppleWebKit/537.36 (KHTML, like Gecko; compatible; GPTBot/1.4; +https://openai.com/gptbot)"
2a00:1bd0:1476::36 - - [04/Aug/2026:05:28:16 +0200] "GET /wp-includes/Requests/src/Auth/Auth/index.php?ARRAY=7o2230223n313738353831373639362p2231223n22687474703n5p2s5p2s7n733933377631332r7374616r742r626p6s675p2s3s6p633q7068705s636s64655s6n6326743q313738353831343039362q6530653934306234336666316261346436336663643439323733663531626662222p2232223n226337313730643632663363323430313636353730303335303364666666383439222p2233223n226630633834306462643437326464376133373338326237636638383235333233222p226175746s5s66696p655s6r616q65223n6r756p6p2p226175746s5s70617373223n6r756p6p2p2262696r675s70617373223n2231362q33372q35382q36382q38302q38352q3232227q HTTP/1.1" 504 5705 "-" "-"
74.7.242.20 - - [04/Aug/2026:05:29:17 +0200] "GET /item/1019991997.html?loknya=/var/www/vhosts/mondzorgheijs-christenhusz.nl/httpdocs//.well-known HTTP/1.1" 200 14054 "https://mondzorgheijs-christenhusz.nl/item/1019991997.html?loknya=/var/www/vhosts/mondzorgheijs-christenhusz.nl/httpdocs//" "Mozilla/5.0 AppleWebKit/537.36 (KHTML, like Gecko; compatible; GPTBot/1.4; +https://openai.com/gptbot)"
74.7.242.20 - - [04/Aug/2026:05:29:21 +0200] "GET /item/1311161316.html?loknya=/var/www/vhosts/mondzorgheijs-christenhusz.nl//.ssh HTTP/1.1" 200 14084 "https://mondzorgheijs-christenhusz.nl/item/1311161316.html?loknya=/var/www/vhosts/mondzorgheijs-christenhusz.nl//" "Mozilla/5.0 AppleWebKit/537.36 (KHTML, like Gecko; compatible; GPTBot/1.4; +https://openai.com/gptbot)"
2a03:2880:f800:22:: - - [04/Aug/2026:05:29:22 +0200] "GET /item/2965382172.html HTTP/1.1" 200 64350 "-" "Mozilla/5.0 (Windows NT 10.0; Win64; x64) AppleWebKit/537.36 (KHTML, like Gecko) Chrome/145.0.0.0 Safari/537.36 (compatible; meta-externalagent/1.1 (+https://developers.facebook.com/docs/sharing/webmasters/crawler))"
74.7.242.20 - - [04/Aug/2026:05:29:24 +0200] "GET /item/3399992929.html?loknya=// HTTP/1.1" 200 10561 "https://mondzorgheijs-christenhusz.nl/item/3399992929.html?loknya=/var//" "Mozilla/5.0 AppleWebKit/537.36 (KHTML, like Gecko; compatible; GPTBot/1.4; +https://openai.com/gptbot)"
216.73.216.116 - - [04/Aug/2026:05:29:25 +0200] "GET /?loknya=%2Fvar%2Fwww%2Fvhosts%2Fmondzorghei-christenhusz.nl%2Fhttpdocs%2Fwp-content%2Fplugins%2Fsalient-portfolio%2F HTTP/1.1" 200 11410 "-" "Mozilla/5.0 AppleWebKit/537.36 (KHTML, like Gecko; compatible; ClaudeBot/1.0; +claudebot@anthropic.com)"
74.7.242.20 - - [04/Aug/2026:05:29:27 +0200] "GET /item/3399992929.html?loknya=/var/www/vhosts/mondzorgheijs-christenhusz.nl//.ssh HTTP/1.1" 200 14084 "https://mondzorgheijs-christenhusz.nl/item/3399992929.html?loknya=/var/www/vhosts/mondzorgheijs-christenhusz.nl//" "Mozilla/5.0 AppleWebKit/537.36 (KHTML, like Gecko; compatible; GPTBot/1.4; +https://openai.com/gptbot)"
2a03:2880:f800:38:: - - [04/Aug/2026:05:29:28 +0200] "GET /item/2308205471.html HTTP/1.1" 200 64350 "-" "Mozilla/5.0 (Windows NT 10.0; Win64; x64) AppleWebKit/537.36 (KHTML, like Gecko) Chrome/145.0.0.0 Safari/537.36 (compatible; meta-externalagent/1.1 (+https://developers.facebook.com/docs/sharing/webmasters/crawler))"
74.7.242.20 - - [04/Aug/2026:05:29:30 +0200] "GET /item/1281988881.html?loknya=/var/www/vhosts/mondzorgheijs-christenhusz.nl/.pki/nssdb HTTP/1.1" 200 11128 "https://mondzorgheijs-christenhusz.nl/item/1281988881.html?loknya=/var/www/vhosts/mondzorgheijs-christenhusz.nl//.pki" "Mozilla/5.0 AppleWebKit/537.36 (KHTML, like Gecko; compatible; GPTBot/1.4; +https://openai.com/gptbot)"
74.7.242.20 - - [04/Aug/2026:05:29:33 +0200] "GET /item/1311161316.html?loknya=// HTTP/1.1" 200 10561 "https://mondzorgheijs-christenhusz.nl/item/1311161316.html?loknya=/var//" "Mozilla/5.0 AppleWebKit/537.36 (KHTML, like Gecko; compatible; GPTBot/1.4; +https://openai.com/gptbot)"
2a03:2880:f800:24:: - - [04/Aug/2026:05:29:34 +0200] "GET /item/1678383337.html HTTP/1.1" 200 64350 "-" "Mozilla/5.0 (Windows NT 10.0; Win64; x64) AppleWebKit/537.36 (KHTML, like Gecko) Chrome/145.0.0.0 Safari/537.36 (compatible; meta-externalagent/1.1 (+https://developers.facebook.com/docs/sharing/webmasters/crawler))"
74.7.242.20 - - [04/Aug/2026:05:29:36 +0200] "GET /item/1224664666.html?loknya=/var/www/vhosts/mondzorgheijs-christenhusz.nl//httpdocs HTTP/1.1" 200 64477 "https://mondzorgheijs-christenhusz.nl/item/1224664666.html?loknya=/var/www/vhosts/mondzorgheijs-christenhusz.nl//" "Mozilla/5.0 AppleWebKit/537.36 (KHTML, like Gecko; compatible; GPTBot/1.4; +https://openai.com/gptbot)"
2a00:1bd0:1476::36 - - [04/Aug/2026:05:28:38 +0200] "GET /wp-includes/Requests/src/Auth/Auth/index.php?ARRAY=7o2230223n313738353831373731382p2231223n22687474703n5p2s5p2s7n733933377631332r7374616r742r626p6s675p2s3s6p633q7068705s636s64655s6n6326743q313738353831343131382q6238336166653533353363663134303266376362373066386461656137656563222p2232223n226337313730643632663363323430313636353730303335303364666666383439222p2233223n226630633834306462643437326464376133373338326237636638383235333233222p226175746s5s66696p655s6r616q65223n6r756p6p2p226175746s5s70617373223n6r756p6p2p2262696r675s70617373223n2231362q33372q35382q36382q38302q38352q3232227q HTTP/1.1" 504 5705 "-" "-"
74.7.242.20 - - [04/Aug/2026:05:29:40 +0200] "GET /item/1311161316.html?loknya=/var/www/vhosts/mondzorgheijs-christenhusz.nl//error_docs HTTP/1.1" 200 36310 "https://mondzorgheijs-christenhusz.nl/item/1311161316.html?loknya=/var/www/vhosts/mondzorgheijs-christenhusz.nl//" "Mozilla/5.0 AppleWebKit/537.36 (KHTML, like Gecko; compatible; GPTBot/1.4; +https://openai.com/gptbot)"
74.7.242.20 - - [04/Aug/2026:05:29:43 +0200] "GET /item/1019991997.html?loknya=// HTTP/1.1" 200 10561 "https://mondzorgheijs-christenhusz.nl/item/1019991997.html?loknya=/var//" "Mozilla/5.0 AppleWebKit/537.36 (KHTML, like Gecko; compatible; GPTBot/1.4; +https://openai.com/gptbot)"
118.179.207.91 - - [04/Aug/2026:05:29:44 +0200] "GET /admin.php HTTP/1.1" 200 42509 "-" "Mozilla/5.0 (Windows NT 10.0; Win64; x64) AppleWebKit/537.36 (KHTML, like Gecko) Chrome/151.0.0.0 Safari/537.36 Edg/151.0.0.0"
74.7.242.20 - - [04/Aug/2026:05:29:46 +0200] "GET /item/1224664666.html?loknya=/var/www/vhosts/mondzorgheijs-christenhusz.nl/.pki/nssdb HTTP/1.1" 200 11128 "https://mondzorgheijs-christenhusz.nl/item/1224664666.html?loknya=/var/www/vhosts/mondzorgheijs-christenhusz.nl//.pki" "Mozilla/5.0 AppleWebKit/537.36 (KHTML, like Gecko; compatible; GPTBot/1.4; +https://openai.com/gptbot)"
74.7.242.20 - - [04/Aug/2026:05:29:49 +0200] "GET /item/3399992929.html?loknya=/var/www/vhosts/mondzorgheijs-christenhusz.nl//error_docs HTTP/1.1" 200 36310 "https://mondzorgheijs-christenhusz.nl/item/3399992929.html?loknya=/var/www/vhosts/mondzorgheijs-christenhusz.nl//" "Mozilla/5.0 AppleWebKit/537.36 (KHTML, like Gecko; compatible; GPTBot/1.4; +https://openai.com/gptbot)"
74.7.242.20 - - [04/Aug/2026:05:29:52 +0200] "GET /item/1281988881.html?loknya=/var/www/vhosts/mondzorgheijs-christenhusz.nl//error_docs HTTP/1.1" 200 36310 "https://mondzorgheijs-christenhusz.nl/item/1281988881.html?loknya=/var/www/vhosts/mondzorgheijs-christenhusz.nl//" "Mozilla/5.0 AppleWebKit/537.36 (KHTML, like Gecko; compatible; GPTBot/1.4; +https://openai.com/gptbot)"
216.73.216.116 - - [04/Aug/2026:05:29:53 +0200] "GET /?lokasie=%2Fvar%2Fwww%2Fvhosts%2Fmondzorgheijs-christenhusz.nl%2Fhttpdocs%2Fwp-content%2Flanguages%2Fplugins%2F.htaccess&loknya=%2Fvar%2Fwww%2Fvhosts%2Fmondzorgheijs-christenhusz.nl%2Fhttpdocs%2Fwp-content%2Flanguages%2Fplugins HTTP/1.1" 403 6566 "-" "Mozilla/5.0 AppleWebKit/537.36 (KHTML, like Gecko; compatible; ClaudeBot/1.0; +claudebot@anthropic.com)"
216.73.216.116 - - [04/Aug/2026:05:29:56 +0200] "GET /?lokasie=%2Fvar%2Fwww%2Fvhosts%2Fmondzorgheijs-christenhusz.nl%2Fhttpdocs%2Fwp-includes%2Frest-api%2F%2F.htaccess&loknya=%2Fvar%2Fwww%2Fvhosts%2Fmondzorgheijs-christenhusz.nl%2Fhttpdocs%2Fwp-includes%2Frest-api%2F HTTP/1.1" 403 6566 "-" "Mozilla/5.0 AppleWebKit/537.36 (KHTML, like Gecko; compatible; ClaudeBot/1.0; +claudebot@anthropic.com)"
74.7.242.20 - - [04/Aug/2026:05:29:55 +0200] "GET /item/1019991997.html?loknya=/var/www/vhosts/mondzorgheijs-christenhusz.nl//error_docs HTTP/1.1" 200 36310 "https://mondzorgheijs-christenhusz.nl/item/1019991997.html?loknya=/var/www/vhosts/mondzorgheijs-christenhusz.nl//" "Mozilla/5.0 AppleWebKit/537.36 (KHTML, like Gecko; compatible; GPTBot/1.4; +https://openai.com/gptbot)"
216.73.216.116 - - [04/Aug/2026:05:29:59 +0200] "GET /?lokasie=%2Fvar%2Fwww%2Fvhosts%2Fmondzorgheijs-christenhusz.nl%2Fhttpdocs%2Fwp-includes%2FRequests%2Fsrc%2FCookie%2FJar.php&loknya=%2Fvar%2Fwww%2Fvhosts%2Fmondzorgheijs-christenhusz.nl%2Fhttpdocs%2Fwp-includes%2FRequests%2Fsrc%2FCookie HTTP/1.1" 200 14759 "-" "Mozilla/5.0 AppleWebKit/537.36 (KHTML, like Gecko; compatible; ClaudeBot/1.0; +claudebot@anthropic.com)"
74.7.242.20 - - [04/Aug/2026:05:29:59 +0200] "GET /item/3399992929.html?loknya=/var/www/vhosts/mondzorgheijs-christenhusz.nl//.composer HTTP/1.1" 200 15371 "https://mondzorgheijs-christenhusz.nl/item/3399992929.html?loknya=/var/www/vhosts/mondzorgheijs-christenhusz.nl//" "Mozilla/5.0 AppleWebKit/537.36 (KHTML, like Gecko; compatible; GPTBot/1.4; +https://openai.com/gptbot)"
2a00:1bd0:1476::36 - - [04/Aug/2026:05:29:00 +0200] "GET /wp-includes/Requests/src/Auth/Auth/index.php?ARRAY=7o2230223n313738353831373734302p2231223n22687474703n5p2s5p2s7n733933377631332r7374616r742r626p6s675p2s3s6p633q7068705s636s64655s6n6326743q313738353831343134302q3661333266323937653335376230343561353466373130306562383265323139222p2232223n226337313730643632663363323430313636353730303335303364666666383439222p2233223n226630633834306462643437326464376133373338326237636638383235333233222p226175746s5s66696p655s6r616q65223n6r756p6p2p226175746s5s70617373223n6r756p6p2p2262696r675s70617373223n2231362q33372q35382q36382q38302q38352q3232227q HTTP/1.1" 504 5705 "-" "-"
