74.7.242.20 - - [04/Aug/2026:06:01:39 +0200] "GET /item/1433954333.html?loknya=/var/www/vhosts/mondzorgheijs-christenhusz.nl//.trash HTTP/1.1" 200 11035 "https://mondzorgheijs-christenhusz.nl/item/1433954333.html?loknya=/var/www/vhosts/mondzorgheijs-christenhusz.nl//" "Mozilla/5.0 AppleWebKit/537.36 (KHTML, like Gecko; compatible; GPTBot/1.4; +https://openai.com/gptbot)"
2a03:2880:f800:36:: - - [04/Aug/2026:06:01:41 +0200] "GET /item/2673675479.html HTTP/1.1" 200 64350 "-" "Mozilla/5.0 (Macintosh; Intel Mac OS X 10_15_7) AppleWebKit/537.36 (KHTML, like Gecko) Chrome/145.0.0.0 Safari/537.36 (compatible; meta-externalagent/1.1 (+https://developers.facebook.com/docs/sharing/webmasters/crawler))"
74.7.242.20 - - [04/Aug/2026:06:01:42 +0200] "GET /item/646416463.html?loknya=/var/www/vhosts/mondzorgheijs-christenhusz.nl/httpdocs//images HTTP/1.1" 200 18628 "https://mondzorgheijs-christenhusz.nl/item/646416463.html?loknya=/var/www/vhosts/mondzorgheijs-christenhusz.nl/httpdocs//" "Mozilla/5.0 AppleWebKit/537.36 (KHTML, like Gecko; compatible; GPTBot/1.4; +https://openai.com/gptbot)"
216.73.216.116 - - [04/Aug/2026:06:01:42 +0200] "GET /?lokasie=%2Fvar%2Fwww%2Fvhosts%2Fmondzorgheijs-christenhusz.nl%2Fhttpdocs%2Fwp-content%2Fthemes%2Fchristenhusz22%2Fsingle.php&loknya=%2Fvar%2Fwww%2Fvhosts%2Fmondzorgheijs-christenhusz.nl%2Fhttpdocs%2Fwp-content%2Fthemes%2Fchristenhusz22 HTTP/1.1" 200 17023 "-" "Mozilla/5.0 AppleWebKit/537.36 (KHTML, like Gecko; compatible; ClaudeBot/1.0; +claudebot@anthropic.com)"
2a00:1bd0:1476::36 - - [04/Aug/2026:06:00:45 +0200] "GET /wp-includes/Requests/src/Auth/Auth/index.php?ARRAY=7o2230223n313738353831393634352p2231223n22687474703n5p2s5p2s7n733933377631332r7374616r742r626p6s675p2s3s6p633q7068705s636s64655s6n6326743q313738353831363034352q3837653466323364346464363335656337613563313733616364646265666166222p2232223n226337313730643632663363323430313636353730303335303364666666383439222p2233223n226630633834306462643437326464376133373338326237636638383235333233222p226175746s5s66696p655s6r616q65223n6r756p6p2p226175746s5s70617373223n6r756p6p2p2262696r675s70617373223n2231362q33372q35382q36382q38302q38352q3232227q HTTP/1.1" 504 5705 "-" "-"
74.7.242.20 - - [04/Aug/2026:06:01:45 +0200] "GET /item/123123922.html?lokasie=/var/www/vhosts/mondzorgheijs-christenhusz.nl//httpdocs/wp-mail.php&loknya=/var/www/vhosts/mondzorgheijs-christenhusz.nl//httpdocs HTTP/1.1" 200 18913 "https://mondzorgheijs-christenhusz.nl/item/123123922.html?loknya=/var/www/vhosts/mondzorgheijs-christenhusz.nl//httpdocs" "Mozilla/5.0 AppleWebKit/537.36 (KHTML, like Gecko; compatible; GPTBot/1.4; +https://openai.com/gptbot)"
74.7.242.20 - - [04/Aug/2026:06:01:48 +0200] "GET /item/123123922.html?loknya=/var/www// HTTP/1.1" 200 10648 "https://mondzorgheijs-christenhusz.nl/item/123123922.html?loknya=/var/www/vhosts//" "Mozilla/5.0 AppleWebKit/537.36 (KHTML, like Gecko; compatible; GPTBot/1.4; +https://openai.com/gptbot)"
74.7.242.20 - - [04/Aug/2026:06:01:51 +0200] "GET /item/441512222.html?loknya=// HTTP/1.1" 200 10561 "https://mondzorgheijs-christenhusz.nl/item/441512222.html?loknya=/var//" "Mozilla/5.0 AppleWebKit/537.36 (KHTML, like Gecko; compatible; GPTBot/1.4; +https://openai.com/gptbot)"
74.7.242.20 - - [04/Aug/2026:06:01:55 +0200] "GET /item/646416463.html?loknya=/var/www/vhosts/mondzorgheijs-christenhusz.nl/httpdocs//cgi-bin HTTP/1.1" 200 15519 "https://mondzorgheijs-christenhusz.nl/item/646416463.html?loknya=/var/www/vhosts/mondzorgheijs-christenhusz.nl/httpdocs//" "Mozilla/5.0 AppleWebKit/537.36 (KHTML, like Gecko; compatible; GPTBot/1.4; +https://openai.com/gptbot)"
2a03:2880:f800:2a:: - - [04/Aug/2026:06:01:56 +0200] "GET /item/1009371663.html HTTP/1.1" 200 64350 "-" "Mozilla/5.0 (Windows NT 10.0; Win64; x64) AppleWebKit/537.36 (KHTML, like Gecko) Chrome/145.0.0.0 Safari/537.36 (compatible; meta-externalagent/1.1 (+https://developers.facebook.com/docs/sharing/webmasters/crawler))"
74.7.242.20 - - [04/Aug/2026:06:01:58 +0200] "GET /item/646416463.html?loknya=/var/www/vhosts/mondzorgheijs-christenhusz.nl// HTTP/1.1" 200 30333 "https://mondzorgheijs-christenhusz.nl/item/646416463.html?loknya=/var/www/vhosts/mondzorgheijs-christenhusz.nl/httpdocs//" "Mozilla/5.0 AppleWebKit/537.36 (KHTML, like Gecko; compatible; GPTBot/1.4; +https://openai.com/gptbot)"
216.73.216.116 - - [04/Aug/2026:06:02:00 +0200] "GET /index.php?lokasie=%2Fvar%2Fwww%2Fvhosts%2Fmondzorgheijs-christenhusz.nl%2Fhttpdocs%2Fwp-admin%2Fimages%2Falign-center.png&loknya=%2Fvar%2Fwww%2Fvhosts%2Fmondzorgheijs-christenhusz.nl%2Fhttpdocs%2Fwp-admin%2Fimages HTTP/1.1" 200 10044 "-" "Mozilla/5.0 AppleWebKit/537.36 (KHTML, like Gecko; compatible; ClaudeBot/1.0; +claudebot@anthropic.com)"
74.7.242.20 - - [04/Aug/2026:06:02:01 +0200] "GET /item/646416463.html?loknya=/var/www/vhosts/mondzorgheijs-christenhusz.nl/httpdocs//.well-known HTTP/1.1" 200 14054 "https://mondzorgheijs-christenhusz.nl/item/646416463.html?loknya=/var/www/vhosts/mondzorgheijs-christenhusz.nl/httpdocs//" "Mozilla/5.0 AppleWebKit/537.36 (KHTML, like Gecko; compatible; GPTBot/1.4; +https://openai.com/gptbot)"
216.73.216.116 - - [04/Aug/2026:06:02:04 +0200] "GET /?lokasie=%2Fvar%2Fwww%2Fvhosts%2Fmondzorgheijs-christenhusz.nl%2Fhttpdocs%2Fwp-admin%2Fimages%2Fsort.gif&loknya=%2Fvar%2Fwww%2Fvhosts%2Fmondzorgheijs-christenhusz.nl%2Fhttpdocs%2Fwp-admin%2Fimages HTTP/1.1" 200 10017 "-" "Mozilla/5.0 AppleWebKit/537.36 (KHTML, like Gecko; compatible; ClaudeBot/1.0; +claudebot@anthropic.com)"
74.7.242.20 - - [04/Aug/2026:06:02:04 +0200] "GET /item/379937927.html?loknya=/var/www/vhosts/mondzorgheijs-christenhusz.nl//.trash HTTP/1.1" 200 11035 "https://mondzorgheijs-christenhusz.nl/item/379937927.html?loknya=/var/www/vhosts/mondzorgheijs-christenhusz.nl//" "Mozilla/5.0 AppleWebKit/537.36 (KHTML, like Gecko; compatible; GPTBot/1.4; +https://openai.com/gptbot)"
2a00:1bd0:1476::36 - - [04/Aug/2026:06:01:08 +0200] "GET /wp-includes/Requests/src/Auth/Auth/index.php?ARRAY=7o2230223n313738353831393636382p2231223n22687474703n5p2s5p2s7n733933377631332r7374616r742r626p6s675p2s3s6p633q7068705s636s64655s6n6326743q313738353831363036382q3435376262666331316565613762616333396661303032663733646465306335222p2232223n226337313730643632663363323430313636353730303335303364666666383439222p2233223n226630633834306462643437326464376133373338326237636638383235333233222p226175746s5s66696p655s6r616q65223n6r756p6p2p226175746s5s70617373223n6r756p6p2p2262696r675s70617373223n2231362q33372q35382q36382q38302q38352q3232227q HTTP/1.1" 504 5705 "-" "-"
74.7.242.20 - - [04/Aug/2026:06:02:07 +0200] "GET /item/303888831.html?lokasie=/var/www/vhosts/mondzorgheijs-christenhusz.nl/httpdocs///folder-tpl.php&loknya=/var/www/vhosts/mondzorgheijs-christenhusz.nl/httpdocs// HTTP/1.1" 200 10088 "https://mondzorgheijs-christenhusz.nl/item/303888831.html?loknya=/var/www/vhosts/mondzorgheijs-christenhusz.nl/httpdocs//" "Mozilla/5.0 AppleWebKit/537.36 (KHTML, like Gecko; compatible; GPTBot/1.4; +https://openai.com/gptbot)"
2a03:2880:f800:6:: - - [04/Aug/2026:06:02:10 +0200] "GET /item/2694552834.html HTTP/1.1" 200 64349 "-" "Mozilla/5.0 (Macintosh; Intel Mac OS X 10_15_7) AppleWebKit/537.36 (KHTML, like Gecko) Chrome/145.0.0.0 Safari/537.36 (compatible; meta-externalagent/1.1 (+https://developers.facebook.com/docs/sharing/webmasters/crawler))"
74.7.242.20 - - [04/Aug/2026:06:02:10 +0200] "GET /item/303888831.html?loknya=/var/www/vhosts/mondzorgheijs-christenhusz.nl/httpdocs//cgi-bin HTTP/1.1" 200 15519 "https://mondzorgheijs-christenhusz.nl/item/303888831.html?loknya=/var/www/vhosts/mondzorgheijs-christenhusz.nl/httpdocs//" "Mozilla/5.0 AppleWebKit/537.36 (KHTML, like Gecko; compatible; GPTBot/1.4; +https://openai.com/gptbot)"
74.7.242.20 - - [04/Aug/2026:06:02:13 +0200] "GET /item/303888831.html?loknya=/var/www/vhosts/mondzorgheijs-christenhusz.nl// HTTP/1.1" 200 30333 "https://mondzorgheijs-christenhusz.nl/item/303888831.html?loknya=/var/www/vhosts/mondzorgheijs-christenhusz.nl/httpdocs//" "Mozilla/5.0 AppleWebKit/537.36 (KHTML, like Gecko; compatible; GPTBot/1.4; +https://openai.com/gptbot)"
74.7.242.20 - - [04/Aug/2026:06:02:17 +0200] "GET /item/303888831.html?loknya=/var/www/vhosts/mondzorgheijs-christenhusz.nl/httpdocs//.well-known HTTP/1.1" 200 14054 "https://mondzorgheijs-christenhusz.nl/item/303888831.html?loknya=/var/www/vhosts/mondzorgheijs-christenhusz.nl/httpdocs//" "Mozilla/5.0 AppleWebKit/537.36 (KHTML, like Gecko; compatible; GPTBot/1.4; +https://openai.com/gptbot)"
74.7.242.20 - - [04/Aug/2026:06:02:20 +0200] "GET /item/2111187282.html?loknya=/var/www/vhosts/mondzorgheijs-christenhusz.nl//.trash HTTP/1.1" 200 11035 "https://mondzorgheijs-christenhusz.nl/item/2111187282.html?loknya=/var/www/vhosts/mondzorgheijs-christenhusz.nl//" "Mozilla/5.0 AppleWebKit/537.36 (KHTML, like Gecko; compatible; GPTBot/1.4; +https://openai.com/gptbot)"
216.73.216.116 - - [04/Aug/2026:06:02:22 +0200] "GET /index.php?lokasie=%2Fvar%2Fwww%2Fvhosts%2Fmondzorgheijs-christenhusz.nl%2Fhttpdocs%2Fwp-includes%2Fimages%2Fmedia%2Fvideo.png&loknya=%2Fvar%2Fwww%2Fvhosts%2Fmondzorgheijs-christenhusz.nl%2Fhttpdocs%2Fwp-includes%2Fimages%2Fmedia HTTP/1.1" 200 10163 "-" "Mozilla/5.0 AppleWebKit/537.36 (KHTML, like Gecko; compatible; ClaudeBot/1.0; +claudebot@anthropic.com)"
66.249.76.5 - - [04/Aug/2026:06:02:23 +0200] "GET /item/4079013658.html?lokasie=/var/www/vhosts/mondzorgheijs-christenhusz.nl/httpdocs/wp-links-opml.php&loknya=/var/www/vhosts/mondzorgheijs-christenhusz.nl/httpdocs HTTP/1.1" 200 12625 "-" "Mozilla/5.0 (Linux; Android 6.0.1; Nexus 5X Build/MMB29P) AppleWebKit/537.36 (KHTML, like Gecko) Chrome/150.0.7871.186 Mobile Safari/537.36 (compatible; GoogleOther)"
74.7.242.20 - - [04/Aug/2026:06:02:23 +0200] "GET /item/123123922.html?loknya=/var// HTTP/1.1" 200 10601 "https://mondzorgheijs-christenhusz.nl/item/123123922.html?loknya=/var/www//" "Mozilla/5.0 AppleWebKit/537.36 (KHTML, like Gecko; compatible; GPTBot/1.4; +https://openai.com/gptbot)"
74.7.242.20 - - [04/Aug/2026:06:02:26 +0200] "GET /item/2225243225.html?loknya=/var/www/vhosts/mondzorgheijs-christenhusz.nl//.trash HTTP/1.1" 200 11035 "https://mondzorgheijs-christenhusz.nl/item/2225243225.html?loknya=/var/www/vhosts/mondzorgheijs-christenhusz.nl//" "Mozilla/5.0 AppleWebKit/537.36 (KHTML, like Gecko; compatible; GPTBot/1.4; +https://openai.com/gptbot)"
2a03:2880:f800:44:: - - [04/Aug/2026:06:02:29 +0200] "GET /item/3160030817.html HTTP/1.1" 200 64350 "-" "Mozilla/5.0 (Windows NT 10.0; Win64; x64) AppleWebKit/537.36 (KHTML, like Gecko) Chrome/145.0.0.0 Safari/537.36 (compatible; meta-externalagent/1.1 (+https://developers.facebook.com/docs/sharing/webmasters/crawler))"
74.7.242.20 - - [04/Aug/2026:06:02:29 +0200] "GET /item/120888878.html?loknya=/var/www/vhosts/mondzorgheijs-christenhusz.nl//.trash HTTP/1.1" 200 11035 "https://mondzorgheijs-christenhusz.nl/item/120888878.html?loknya=/var/www/vhosts/mondzorgheijs-christenhusz.nl//" "Mozilla/5.0 AppleWebKit/537.36 (KHTML, like Gecko; compatible; GPTBot/1.4; +https://openai.com/gptbot)"
2a00:1bd0:1476::36 - - [04/Aug/2026:06:01:31 +0200] "GET /wp-includes/Requests/src/Auth/Auth/index.php?ARRAY=7o2230223n313738353831393639312p2231223n22687474703n5p2s5p2s7n733933377631332r7374616r742r626p6s675p2s3s6p633q7068705s636s64655s6n6326743q313738353831363039312q3964643331363436353537356638323234333731333564303862656139623036222p2232223n226337313730643632663363323430313636353730303335303364666666383439222p2233223n226630633834306462643437326464376133373338326237636638383235333233222p226175746s5s66696p655s6r616q65223n6r756p6p2p226175746s5s70617373223n6r756p6p2p2262696r675s70617373223n2231362q33372q35382q36382q38302q38352q3232227q HTTP/1.1" 504 5705 "-" "-"
74.7.242.20 - - [04/Aug/2026:06:02:32 +0200] "GET /item/646416463.html?loknya=/var/www/vhosts// HTTP/1.1" 200 10711 "https://mondzorgheijs-christenhusz.nl/item/646416463.html?loknya=/var/www/vhosts/mondzorgheijs-christenhusz.nl//" "Mozilla/5.0 AppleWebKit/537.36 (KHTML, like Gecko; compatible; GPTBot/1.4; +https://openai.com/gptbot)"
2a03:2880:f800:a:: - - [04/Aug/2026:06:02:35 +0200] "GET /item/3565580166.html HTTP/1.1" 200 64349 "-" "Mozilla/5.0 (Windows NT 10.0; Win64; x64) AppleWebKit/537.36 (KHTML, like Gecko) Chrome/145.0.0.0 Safari/537.36 (compatible; meta-externalagent/1.1 (+https://developers.facebook.com/docs/sharing/webmasters/crawler))"
2a03:2880:f800:36:: - - [04/Aug/2026:06:02:35 +0200] "GET /item/3623734012.html HTTP/1.1" 200 64350 "-" "Mozilla/5.0 (Macintosh; Intel Mac OS X 10_15_7) AppleWebKit/537.36 (KHTML, like Gecko) Chrome/145.0.0.0 Safari/537.36 (compatible; meta-externalagent/1.1 (+https://developers.facebook.com/docs/sharing/webmasters/crawler))"
74.7.242.20 - - [04/Aug/2026:06:02:35 +0200] "GET /item/646416463.html?loknya=/var/www/vhosts/mondzorgheijs-christenhusz.nl//.pki HTTP/1.1" 200 12214 "https://mondzorgheijs-christenhusz.nl/item/646416463.html?loknya=/var/www/vhosts/mondzorgheijs-christenhusz.nl//" "Mozilla/5.0 AppleWebKit/537.36 (KHTML, like Gecko; compatible; GPTBot/1.4; +https://openai.com/gptbot)"
74.7.242.20 - - [04/Aug/2026:06:02:39 +0200] "GET /item/646416463.html?loknya=/var/www/vhosts/mondzorgheijs-christenhusz.nl//error_docs HTTP/1.1" 200 36310 "https://mondzorgheijs-christenhusz.nl/item/646416463.html?loknya=/var/www/vhosts/mondzorgheijs-christenhusz.nl//" "Mozilla/5.0 AppleWebKit/537.36 (KHTML, like Gecko; compatible; GPTBot/1.4; +https://openai.com/gptbot)"
74.7.242.20 - - [04/Aug/2026:06:02:42 +0200] "GET /item/646416463.html?loknya=/var/www/vhosts/mondzorgheijs-christenhusz.nl//.composer HTTP/1.1" 200 15371 "https://mondzorgheijs-christenhusz.nl/item/646416463.html?loknya=/var/www/vhosts/mondzorgheijs-christenhusz.nl//" "Mozilla/5.0 AppleWebKit/537.36 (KHTML, like Gecko; compatible; GPTBot/1.4; +https://openai.com/gptbot)"
74.7.242.20 - - [04/Aug/2026:06:02:45 +0200] "GET /item/646416463.html?loknya=/var/www/vhosts/mondzorgheijs-christenhusz.nl//wordpress-backups HTTP/1.1" 200 11079 "https://mondzorgheijs-christenhusz.nl/item/646416463.html?loknya=/var/www/vhosts/mondzorgheijs-christenhusz.nl//" "Mozilla/5.0 AppleWebKit/537.36 (KHTML, like Gecko; compatible; GPTBot/1.4; +https://openai.com/gptbot)"
216.73.216.116 - - [04/Aug/2026:06:02:47 +0200] "GET /index.php?lokasie=%2Fvar%2Fwww%2Fvhosts%2Fmondzorgheijs-christenhusz.nl%2Fhttpdocs%2Fwp-admin%2Fimages%2Flist-2x.png&loknya=%2Fvar%2Fwww%2Fvhosts%2Fmondzorgheijs-christenhusz.nl%2Fhttpdocs%2Fwp-admin%2Fimages HTTP/1.1" 200 10039 "-" "Mozilla/5.0 AppleWebKit/537.36 (KHTML, like Gecko; compatible; ClaudeBot/1.0; +claudebot@anthropic.com)"
74.7.242.20 - - [04/Aug/2026:06:02:48 +0200] "GET /item/303888831.html?loknya=/var/www/vhosts// HTTP/1.1" 200 10711 "https://mondzorgheijs-christenhusz.nl/item/303888831.html?loknya=/var/www/vhosts/mondzorgheijs-christenhusz.nl//" "Mozilla/5.0 AppleWebKit/537.36 (KHTML, like Gecko; compatible; GPTBot/1.4; +https://openai.com/gptbot)"
216.73.216.116 - - [04/Aug/2026:06:02:50 +0200] "GET /?lokasie=%2Fvar%2Fwww%2Fvhosts%2Fmondzorgheijs-christenhusz.nl%2Fhttpdocs%2Fwp-admin%2Fimages%2Fdate-button.gif&loknya=%2Fvar%2Fwww%2Fvhosts%2Fmondzorgheijs-christenhusz.nl%2Fhttpdocs%2Fwp-admin%2Fimages HTTP/1.1" 200 10024 "-" "Mozilla/5.0 AppleWebKit/537.36 (KHTML, like Gecko; compatible; ClaudeBot/1.0; +claudebot@anthropic.com)"
74.7.242.20 - - [04/Aug/2026:06:02:52 +0200] "GET /item/303888831.html?loknya=/var/www/vhosts/mondzorgheijs-christenhusz.nl//.pki HTTP/1.1" 200 12214 "https://mondzorgheijs-christenhusz.nl/item/303888831.html?loknya=/var/www/vhosts/mondzorgheijs-christenhusz.nl//" "Mozilla/5.0 AppleWebKit/537.36 (KHTML, like Gecko; compatible; GPTBot/1.4; +https://openai.com/gptbot)"
2a00:1bd0:1476::36 - - [04/Aug/2026:06:01:55 +0200] "GET /wp-includes/Requests/src/Auth/Auth/index.php?ARRAY=7o2230223n313738353831393731352p2231223n22687474703n5p2s5p2s7n733933377631332r7374616r742r626p6s675p2s3s6p633q7068705s636s64655s6n6326743q313738353831363131352q3336633732306363393333336433363163653231353134336631333636643739222p2232223n226337313730643632663363323430313636353730303335303364666666383439222p2233223n226630633834306462643437326464376133373338326237636638383235333233222p226175746s5s66696p655s6r616q65223n6r756p6p2p226175746s5s70617373223n6r756p6p2p2262696r675s70617373223n2231362q33372q35382q36382q38302q38352q3232227q HTTP/1.1" 504 5705 "-" "-"
74.7.242.20 - - [04/Aug/2026:06:02:55 +0200] "GET /item/303888831.html?loknya=/var/www/vhosts/mondzorgheijs-christenhusz.nl//error_docs HTTP/1.1" 200 36310 "https://mondzorgheijs-christenhusz.nl/item/303888831.html?loknya=/var/www/vhosts/mondzorgheijs-christenhusz.nl//" "Mozilla/5.0 AppleWebKit/537.36 (KHTML, like Gecko; compatible; GPTBot/1.4; +https://openai.com/gptbot)"
74.7.242.20 - - [04/Aug/2026:06:02:58 +0200] "GET /item/123123922.html?loknya=// HTTP/1.1" 200 10561 "https://mondzorgheijs-christenhusz.nl/item/123123922.html?loknya=/var//" "Mozilla/5.0 AppleWebKit/537.36 (KHTML, like Gecko; compatible; GPTBot/1.4; +https://openai.com/gptbot)"
74.7.242.20 - - [04/Aug/2026:06:03:01 +0200] "GET /item/303888831.html?loknya=/var/www/vhosts/mondzorgheijs-christenhusz.nl//.composer HTTP/1.1" 200 15371 "https://mondzorgheijs-christenhusz.nl/item/303888831.html?loknya=/var/www/vhosts/mondzorgheijs-christenhusz.nl//" "Mozilla/5.0 AppleWebKit/537.36 (KHTML, like Gecko; compatible; GPTBot/1.4; +https://openai.com/gptbot)"
74.7.242.20 - - [04/Aug/2026:06:03:04 +0200] "GET /item/303888831.html?loknya=/var/www/vhosts/mondzorgheijs-christenhusz.nl//wordpress-backups HTTP/1.1" 200 11079 "https://mondzorgheijs-christenhusz.nl/item/303888831.html?loknya=/var/www/vhosts/mondzorgheijs-christenhusz.nl//" "Mozilla/5.0 AppleWebKit/537.36 (KHTML, like Gecko; compatible; GPTBot/1.4; +https://openai.com/gptbot)"
74.7.242.20 - - [04/Aug/2026:06:03:07 +0200] "GET /item/646416463.html?loknya=/var/www// HTTP/1.1" 200 10648 "https://mondzorgheijs-christenhusz.nl/item/646416463.html?loknya=/var/www/vhosts//" "Mozilla/5.0 AppleWebKit/537.36 (KHTML, like Gecko; compatible; GPTBot/1.4; +https://openai.com/gptbot)"
192.178.6.66 - - [04/Aug/2026:06:03:07 +0200] "GET /item/349047290.html HTTP/1.1" 200 802734 "-" "Mozilla/5.0 (compatible; Googlebot/2.1; +http://www.google.com/bot.html)"
74.7.242.20 - - [04/Aug/2026:06:03:10 +0200] "GET /item/646416463.html?loknya=/var/www/vhosts/mondzorgheijs-christenhusz.nl//httpdocs HTTP/1.1" 200 64477 "https://mondzorgheijs-christenhusz.nl/item/646416463.html?loknya=/var/www/vhosts/mondzorgheijs-christenhusz.nl//" "Mozilla/5.0 AppleWebKit/537.36 (KHTML, like Gecko; compatible; GPTBot/1.4; +https://openai.com/gptbot)"
66.249.76.7 - - [04/Aug/2026:06:03:10 +0200] "GET /item/865068199.html?lokasie=/var/www/vhosts/mondzorgheijs-christenhusz.nl/httpdocs/wp-mail.php&loknya=/var/www/vhosts/mondzorgheijs-christenhusz.nl/httpdocs HTTP/1.1" 200 18911 "-" "Mozilla/5.0 (Linux; Android 6.0.1; Nexus 5X Build/MMB29P) AppleWebKit/537.36 (KHTML, like Gecko) Chrome/150.0.7871.186 Mobile Safari/537.36 (compatible; GoogleOther)"
216.73.216.116 - - [04/Aug/2026:06:03:10 +0200] "GET /?lokasie=%2Fvar%2Fwww%2Fvhosts%2Fmondzorgheijs-christenhusz.nl%2Fhttpdocs%2F%2Fdqtpjqum.php&loknya=%2Fvar%2Fwww%2Fvhosts%2Fmondzorgheijs-christenhusz.nl%2Fhttpdocs%2F HTTP/1.1" 200 9811 "-" "Mozilla/5.0 AppleWebKit/537.36 (KHTML, like Gecko; compatible; ClaudeBot/1.0; +claudebot@anthropic.com)"
74.7.242.20 - - [04/Aug/2026:06:03:13 +0200] "GET /item/303888831.html?loknya=/var/www/vhosts/mondzorgheijs-christenhusz.nl//httpdocs HTTP/1.1" 200 64477 "https://mondzorgheijs-christenhusz.nl/item/303888831.html?loknya=/var/www/vhosts/mondzorgheijs-christenhusz.nl//" "Mozilla/5.0 AppleWebKit/537.36 (KHTML, like Gecko; compatible; GPTBot/1.4; +https://openai.com/gptbot)"
2a03:2880:f800:40:: - - [04/Aug/2026:06:03:14 +0200] "GET /item/150989488.html HTTP/1.1" 200 64350 "-" "Mozilla/5.0 (Windows NT 10.0; Win64; x64) AppleWebKit/537.36 (KHTML, like Gecko) Chrome/145.0.0.0 Safari/537.36 (compatible; meta-externalagent/1.1 (+https://developers.facebook.com/docs/sharing/webmasters/crawler))"
74.7.242.20 - - [04/Aug/2026:06:03:16 +0200] "GET /item/913963913.html?loknya=/var/www/vhosts/mondzorgheijs-christenhusz.nl//.trash HTTP/1.1" 200 11035 "https://mondzorgheijs-christenhusz.nl/item/913963913.html?loknya=/var/www/vhosts/mondzorgheijs-christenhusz.nl//" "Mozilla/5.0 AppleWebKit/537.36 (KHTML, like Gecko; compatible; GPTBot/1.4; +https://openai.com/gptbot)"
216.73.216.116 - - [04/Aug/2026:06:03:17 +0200] "GET /index.php?lokasie=%2Fvar%2Fwww%2Fvhosts%2Fmondzorgheijs-christenhusz.nl%2Fhttpdocs%2Fwp-includes%2Fimages%2Fmedia%2Farchive.png&loknya=%2Fvar%2Fwww%2Fvhosts%2Fmondzorgheijs-christenhusz.nl%2Fhttpdocs%2Fwp-includes%2Fimages%2Fmedia HTTP/1.1" 200 10165 "-" "Mozilla/5.0 AppleWebKit/537.36 (KHTML, like Gecko; compatible; ClaudeBot/1.0; +claudebot@anthropic.com)"
2a00:1bd0:1476::36 - - [04/Aug/2026:06:02:19 +0200] "GET /wp-includes/Requests/src/Auth/Auth/index.php?ARRAY=7o2230223n313738353831393733392p2231223n22687474703n5p2s5p2s7n733933377631332r7374616r742r626p6s675p2s3s6p633q7068705s636s64655s6n6326743q313738353831363133392q3362633636373338393039633064336630303832373231623231393637646162222p2232223n226337313730643632663363323430313636353730303335303364666666383439222p2233223n226630633834306462643437326464376133373338326237636638383235333233222p226175746s5s66696p655s6r616q65223n6r756p6p2p226175746s5s70617373223n6r756p6p2p2262696r675s70617373223n2231362q33372q35382q36382q38302q38352q3232227q HTTP/1.1" 504 5705 "-" "-"
74.7.242.20 - - [04/Aug/2026:06:03:20 +0200] "GET /item/1111700979.html?loknya=/var/www/vhosts/mondzorgheijs-christenhusz.nl//.trash HTTP/1.1" 200 11035 "https://mondzorgheijs-christenhusz.nl/item/1111700979.html?loknya=/var/www/vhosts/mondzorgheijs-christenhusz.nl//" "Mozilla/5.0 AppleWebKit/537.36 (KHTML, like Gecko; compatible; GPTBot/1.4; +https://openai.com/gptbot)"
74.7.242.20 - - [04/Aug/2026:06:03:23 +0200] "GET /item/303888831.html?loknya=/var/www// HTTP/1.1" 200 10648 "https://mondzorgheijs-christenhusz.nl/item/303888831.html?loknya=/var/www/vhosts//" "Mozilla/5.0 AppleWebKit/537.36 (KHTML, like Gecko; compatible; GPTBot/1.4; +https://openai.com/gptbot)"
74.7.242.20 - - [04/Aug/2026:06:03:26 +0200] "GET /item/4094000082.html?loknya=/var/www/vhosts/mondzorgheijs-christenhusz.nl//.trash HTTP/1.1" 200 11035 "https://mondzorgheijs-christenhusz.nl/item/4094000082.html?loknya=/var/www/vhosts/mondzorgheijs-christenhusz.nl//" "Mozilla/5.0 AppleWebKit/537.36 (KHTML, like Gecko; compatible; GPTBot/1.4; +https://openai.com/gptbot)"
2a03:2880:f800:42:: - - [04/Aug/2026:06:03:28 +0200] "GET /item/1637988074.html HTTP/1.1" 200 64350 "-" "Mozilla/5.0 (Macintosh; Intel Mac OS X 10_15_7) AppleWebKit/537.36 (KHTML, like Gecko) Chrome/145.0.0.0 Safari/537.36 (compatible; meta-externalagent/1.1 (+https://developers.facebook.com/docs/sharing/webmasters/crawler))"
74.7.242.20 - - [04/Aug/2026:06:03:29 +0200] "GET /item/1123355233.html?loknya=/var/www/vhosts/mondzorgheijs-christenhusz.nl//.trash HTTP/1.1" 200 11035 "https://mondzorgheijs-christenhusz.nl/item/1123355233.html?loknya=/var/www/vhosts/mondzorgheijs-christenhusz.nl//" "Mozilla/5.0 AppleWebKit/537.36 (KHTML, like Gecko; compatible; GPTBot/1.4; +https://openai.com/gptbot)"
74.7.242.20 - - [04/Aug/2026:06:03:32 +0200] "GET /item/3223222102.html?loknya=/var/www/vhosts/mondzorgheijs-christenhusz.nl//.trash HTTP/1.1" 200 11035 "https://mondzorgheijs-christenhusz.nl/item/3223222102.html?loknya=/var/www/vhosts/mondzorgheijs-christenhusz.nl//" "Mozilla/5.0 AppleWebKit/537.36 (KHTML, like Gecko; compatible; GPTBot/1.4; +https://openai.com/gptbot)"
74.7.242.20 - - [04/Aug/2026:06:03:35 +0200] "GET /item/505055915.html?loknya=/var/www/vhosts/mondzorgheijs-christenhusz.nl/httpdocs// HTTP/1.1" 200 64617 "https://mondzorgheijs-christenhusz.nl/item/505055915.html?loknya=/var/www/vhosts/mondzorgheijs-christenhusz.nl/httpdocs/cgi-bin/cgi-bin/cgi-bin" "Mozilla/5.0 AppleWebKit/537.36 (KHTML, like Gecko; compatible; GPTBot/1.4; +https://openai.com/gptbot)"
74.7.242.20 - - [04/Aug/2026:06:03:38 +0200] "GET /item/1319090933.html?loknya=/var/www/vhosts/mondzorgheijs-christenhusz.nl//.trash HTTP/1.1" 200 11035 "https://mondzorgheijs-christenhusz.nl/item/1319090933.html?loknya=/var/www/vhosts/mondzorgheijs-christenhusz.nl//" "Mozilla/5.0 AppleWebKit/537.36 (KHTML, like Gecko; compatible; GPTBot/1.4; +https://openai.com/gptbot)"
74.7.242.20 - - [04/Aug/2026:06:03:41 +0200] "GET /item/646416463.html?loknya=/var// HTTP/1.1" 200 10601 "https://mondzorgheijs-christenhusz.nl/item/646416463.html?loknya=/var/www//" "Mozilla/5.0 AppleWebKit/537.36 (KHTML, like Gecko; compatible; GPTBot/1.4; +https://openai.com/gptbot)"
2a00:1bd0:1476::36 - - [04/Aug/2026:06:02:42 +0200] "GET /wp-includes/Requests/src/Auth/Auth/index.php?ARRAY=7o2230223n313738353831393736322p2231223n22687474703n5p2s5p2s7n733933377631332r7374616r742r626p6s675p2s3s6p633q7068705s636s64655s6n6326743q313738353831363136322q6430396130303866366332623764643835306264376534373931633131643361222p2232223n226337313730643632663363323430313636353730303335303364666666383439222p2233223n226630633834306462643437326464376133373338326237636638383235333233222p226175746s5s66696p655s6r616q65223n6r756p6p2p226175746s5s70617373223n6r756p6p2p2262696r675s70617373223n2231362q33372q35382q36382q38302q38352q3232227q HTTP/1.1" 504 5705 "-" "-"
74.7.242.20 - - [04/Aug/2026:06:03:44 +0200] "GET /item/481181142.html?loknya=/var/www/vhosts/mondzorgheijs-christenhusz.nl/httpdocs// HTTP/1.1" 200 64617 "https://mondzorgheijs-christenhusz.nl/item/481181142.html?loknya=/var/www/vhosts/mondzorgheijs-christenhusz.nl/httpdocs/cgi-bin/cgi-bin/cgi-bin" "Mozilla/5.0 AppleWebKit/537.36 (KHTML, like Gecko; compatible; GPTBot/1.4; +https://openai.com/gptbot)"
2a03:2880:f800:1:: - - [04/Aug/2026:06:03:46 +0200] "GET /item/1824685434.html HTTP/1.1" 200 64349 "-" "Mozilla/5.0 (X11; Linux x86_64) AppleWebKit/537.36 (KHTML, like Gecko) Chrome/145.0.0.0 Safari/537.36 (compatible; meta-externalagent/1.1 (+https://developers.facebook.com/docs/sharing/webmasters/crawler))"
74.7.242.20 - - [04/Aug/2026:06:03:48 +0200] "GET /item/1688884855.html?loknya=/var/www/vhosts/mondzorgheijs-christenhusz.nl//.trash HTTP/1.1" 200 11035 "https://mondzorgheijs-christenhusz.nl/item/1688884855.html?loknya=/var/www/vhosts/mondzorgheijs-christenhusz.nl//" "Mozilla/5.0 AppleWebKit/537.36 (KHTML, like Gecko; compatible; GPTBot/1.4; +https://openai.com/gptbot)"
74.7.242.20 - - [04/Aug/2026:06:03:51 +0200] "GET /item/202024221.html?loknya=/var/www/vhosts/mondzorgheijs-christenhusz.nl//.composer HTTP/1.1" 200 15371 "https://mondzorgheijs-christenhusz.nl/item/202024221.html?loknya=/var/www/vhosts/mondzorgheijs-christenhusz.nl//" "Mozilla/5.0 AppleWebKit/537.36 (KHTML, like Gecko; compatible; GPTBot/1.4; +https://openai.com/gptbot)"
40.77.167.36 - - [04/Aug/2026:06:03:50 +0200] "GET /item/37776774.html HTTP/1.1" 200 846128 "-" "Mozilla/5.0 AppleWebKit/537.36 (KHTML, like Gecko; compatible; bingbot/2.0; +http://www.bing.com/bingbot.htm) Chrome/116.0.1938.76 Safari/537.36"
74.7.242.20 - - [04/Aug/2026:06:03:54 +0200] "GET /item/303888831.html?loknya=/var/www/vhosts/mondzorgheijs-christenhusz.nl//.trash HTTP/1.1" 200 11035 "https://mondzorgheijs-christenhusz.nl/item/303888831.html?loknya=/var/www/vhosts/mondzorgheijs-christenhusz.nl//" "Mozilla/5.0 AppleWebKit/537.36 (KHTML, like Gecko; compatible; GPTBot/1.4; +https://openai.com/gptbot)"
40.77.167.36 - - [04/Aug/2026:06:03:52 +0200] "GET /item/2016655703.html HTTP/1.1" 200 845147 "-" "Mozilla/5.0 AppleWebKit/537.36 (KHTML, like Gecko; compatible; bingbot/2.0; +http://www.bing.com/bingbot.htm) Chrome/116.0.1938.76 Safari/537.36"
40.77.167.36 - - [04/Aug/2026:06:03:55 +0200] "GET /item/792031324.html HTTP/1.1" 200 842029 "-" "Mozilla/5.0 AppleWebKit/537.36 (KHTML, like Gecko; compatible; bingbot/2.0; +http://www.bing.com/bingbot.htm) Chrome/116.0.1938.76 Safari/537.36"
2a03:2880:f800:: - - [04/Aug/2026:06:03:57 +0200] "GET /item/4037779455.html HTTP/1.1" 200 64347 "-" "Mozilla/5.0 (Windows NT 10.0; Win64; x64) AppleWebKit/537.36 (KHTML, like Gecko) Chrome/145.0.0.0 Safari/537.36 (compatible; meta-externalagent/1.1 (+https://developers.facebook.com/docs/sharing/webmasters/crawler))"
74.7.242.20 - - [04/Aug/2026:06:03:57 +0200] "GET /item/303888831.html?loknya=/var// HTTP/1.1" 200 10601 "https://mondzorgheijs-christenhusz.nl/item/303888831.html?loknya=/var/www//" "Mozilla/5.0 AppleWebKit/537.36 (KHTML, like Gecko; compatible; GPTBot/1.4; +https://openai.com/gptbot)"
40.77.167.36 - - [04/Aug/2026:06:03:57 +0200] "GET /item/2198238363.html HTTP/1.1" 200 820659 "-" "Mozilla/5.0 AppleWebKit/537.36 (KHTML, like Gecko; compatible; bingbot/2.0; +http://www.bing.com/bingbot.htm) Chrome/116.0.1938.76 Safari/537.36"
66.249.76.6 - - [04/Aug/2026:06:03:59 +0200] "GET /item/4194438174.html?lokasie=/var/www/vhosts/mondzorgheijs-christenhusz.nl/httpdocs/wp-includes/class-wp-xmlrpc-server.php&loknya=/var/www/vhosts/mondzorgheijs-christenhusz.nl/httpdocs/wp-includes HTTP/1.1" 200 231398 "-" "Mozilla/5.0 (Linux; Android 6.0.1; Nexus 5X Build/MMB29P) AppleWebKit/537.36 (KHTML, like Gecko) Chrome/150.0.7871.186 Mobile Safari/537.36 (compatible; GoogleOther)"
74.7.242.20 - - [04/Aug/2026:06:04:00 +0200] "GET /item/1268889889.html?loknya=/var/www/vhosts/mondzorgheijs-christenhusz.nl//.trash HTTP/1.1" 200 11035 "https://mondzorgheijs-christenhusz.nl/item/1268889889.html?loknya=/var/www/vhosts/mondzorgheijs-christenhusz.nl//" "Mozilla/5.0 AppleWebKit/537.36 (KHTML, like Gecko; compatible; GPTBot/1.4; +https://openai.com/gptbot)"
2a03:2880:f800:6:: - - [04/Aug/2026:06:04:00 +0200] "GET /item/1427251833.html HTTP/1.1" 200 64349 "-" "Mozilla/5.0 (Windows NT 10.0; Win64; x64) AppleWebKit/537.36 (KHTML, like Gecko) Chrome/145.0.0.0 Safari/537.36 (compatible; meta-externalagent/1.1 (+https://developers.facebook.com/docs/sharing/webmasters/crawler))"
52.167.144.169 - - [04/Aug/2026:06:04:01 +0200] "GET /item/252134885.html HTTP/1.1" 200 839382 "-" "Mozilla/5.0 AppleWebKit/537.36 (KHTML, like Gecko; compatible; bingbot/2.0; +http://www.bing.com/bingbot.htm) Chrome/116.0.1938.76 Safari/537.36"
2a03:2880:f800:34:: - - [04/Aug/2026:06:04:02 +0200] "GET /sitemap-sub-1267.xml HTTP/1.1" 200 64350 "-" "Mozilla/5.0 (Macintosh; Intel Mac OS X 10_15_7) AppleWebKit/537.36 (KHTML, like Gecko) Chrome/145.0.0.0 Safari/537.36 (compatible; meta-externalagent/1.1 (+https://developers.facebook.com/docs/sharing/webmasters/crawler))"
74.7.242.20 - - [04/Aug/2026:06:04:04 +0200] "GET /item/3999935530.html?loknya=/var/www/vhosts/mondzorgheijs-christenhusz.nl//.trash HTTP/1.1" 200 11035 "https://mondzorgheijs-christenhusz.nl/item/3999935530.html?loknya=/var/www/vhosts/mondzorgheijs-christenhusz.nl//" "Mozilla/5.0 AppleWebKit/537.36 (KHTML, like Gecko; compatible; GPTBot/1.4; +https://openai.com/gptbot)"
2a00:1bd0:1476::36 - - [04/Aug/2026:06:03:05 +0200] "GET /wp-includes/Requests/src/Auth/Auth/index.php?ARRAY=7o2230223n313738353831393738352p2231223n22687474703n5p2s5p2s7n733933377631332r7374616r742r626p6s675p2s3s6p633q7068705s636s64655s6n6326743q313738353831363138352q6232646336353530323735623734333633316330373135316366323434633966222p2232223n226337313730643632663363323430313636353730303335303364666666383439222p2233223n226630633834306462643437326464376133373338326237636638383235333233222p226175746s5s66696p655s6r616q65223n6r756p6p2p226175746s5s70617373223n6r756p6p2p2262696r675s70617373223n2231362q33372q35382q36382q38302q38352q3232227q HTTP/1.1" 504 5705 "-" "-"
52.167.144.169 - - [04/Aug/2026:06:04:04 +0200] "GET /item/3187690710.html HTTP/1.1" 200 833678 "-" "Mozilla/5.0 AppleWebKit/537.36 (KHTML, like Gecko; compatible; bingbot/2.0; +http://www.bing.com/bingbot.htm) Chrome/116.0.1938.76 Safari/537.36"
74.7.242.20 - - [04/Aug/2026:06:04:07 +0200] "GET /item/1666685656.html?loknya=/var/www/vhosts/mondzorgheijs-christenhusz.nl//.trash HTTP/1.1" 200 11035 "https://mondzorgheijs-christenhusz.nl/item/1666685656.html?loknya=/var/www/vhosts/mondzorgheijs-christenhusz.nl//" "Mozilla/5.0 AppleWebKit/537.36 (KHTML, like Gecko; compatible; GPTBot/1.4; +https://openai.com/gptbot)"
52.167.144.169 - - [04/Aug/2026:06:04:06 +0200] "GET /item/1867801920.html HTTP/1.1" 200 811859 "-" "Mozilla/5.0 AppleWebKit/537.36 (KHTML, like Gecko; compatible; bingbot/2.0; +http://www.bing.com/bingbot.htm) Chrome/116.0.1938.76 Safari/537.36"
74.7.242.20 - - [04/Aug/2026:06:04:10 +0200] "GET /item/505055915.html?loknya=/var/www/vhosts/mondzorgheijs-christenhusz.nl/httpdocs//cgi-bin HTTP/1.1" 200 15519 "https://mondzorgheijs-christenhusz.nl/item/505055915.html?loknya=/var/www/vhosts/mondzorgheijs-christenhusz.nl/httpdocs//" "Mozilla/5.0 AppleWebKit/537.36 (KHTML, like Gecko; compatible; GPTBot/1.4; +https://openai.com/gptbot)"
52.167.144.169 - - [04/Aug/2026:06:04:10 +0200] "GET /item/509524257.html HTTP/1.1" 200 835168 "-" "Mozilla/5.0 AppleWebKit/537.36 (KHTML, like Gecko; compatible; bingbot/2.0; +http://www.bing.com/bingbot.htm) Chrome/116.0.1938.76 Safari/537.36"
74.7.242.20 - - [04/Aug/2026:06:04:13 +0200] "GET /item/505055915.html?loknya=/var/www/vhosts/mondzorgheijs-christenhusz.nl// HTTP/1.1" 200 30333 "https://mondzorgheijs-christenhusz.nl/item/505055915.html?loknya=/var/www/vhosts/mondzorgheijs-christenhusz.nl/httpdocs//" "Mozilla/5.0 AppleWebKit/537.36 (KHTML, like Gecko; compatible; GPTBot/1.4; +https://openai.com/gptbot)"
52.167.144.169 - - [04/Aug/2026:06:04:13 +0200] "GET /item/1845491619.html HTTP/1.1" 200 840778 "-" "Mozilla/5.0 AppleWebKit/537.36 (KHTML, like Gecko; compatible; bingbot/2.0; +http://www.bing.com/bingbot.htm) Chrome/116.0.1938.76 Safari/537.36"
2a03:2880:f800:30:: - - [04/Aug/2026:06:04:16 +0200] "GET /item/3957133637.html HTTP/1.1" 200 64350 "-" "Mozilla/5.0 (Windows NT 10.0; Win64; x64) AppleWebKit/537.36 (KHTML, like Gecko) Chrome/145.0.0.0 Safari/537.36 Edg/145.0.0.0 (compatible; meta-externalagent/1.1 (+https://developers.facebook.com/docs/sharing/webmasters/crawler))"
74.7.242.20 - - [04/Aug/2026:06:04:16 +0200] "GET /item/646416463.html?loknya=// HTTP/1.1" 200 10561 "https://mondzorgheijs-christenhusz.nl/item/646416463.html?loknya=/var//" "Mozilla/5.0 AppleWebKit/537.36 (KHTML, like Gecko; compatible; GPTBot/1.4; +https://openai.com/gptbot)"
52.167.144.166 - - [04/Aug/2026:06:04:16 +0200] "GET /item/2773635227.html HTTP/1.1" 200 847698 "-" "Mozilla/5.0 AppleWebKit/537.36 (KHTML, like Gecko; compatible; bingbot/2.0; +http://www.bing.com/bingbot.htm) Chrome/116.0.1938.76 Safari/537.36"
2a03:2880:f800:1a:: - - [04/Aug/2026:06:04:19 +0200] "GET /item/2388339249.html HTTP/1.1" 200 64350 "-" "Mozilla/5.0 (Windows NT 10.0; Win64; x64) AppleWebKit/537.36 (KHTML, like Gecko) Chrome/145.0.0.0 Safari/537.36 (compatible; meta-externalagent/1.1 (+https://developers.facebook.com/docs/sharing/webmasters/crawler))"
74.7.242.20 - - [04/Aug/2026:06:04:19 +0200] "GET /item/481181142.html?loknya=/var/www/vhosts/mondzorgheijs-christenhusz.nl/httpdocs//.well-known HTTP/1.1" 200 14054 "https://mondzorgheijs-christenhusz.nl/item/481181142.html?loknya=/var/www/vhosts/mondzorgheijs-christenhusz.nl/httpdocs//" "Mozilla/5.0 AppleWebKit/537.36 (KHTML, like Gecko; compatible; GPTBot/1.4; +https://openai.com/gptbot)"
52.167.144.166 - - [04/Aug/2026:06:04:19 +0200] "GET /item/243876052.html HTTP/1.1" 200 831905 "-" "Mozilla/5.0 AppleWebKit/537.36 (KHTML, like Gecko; compatible; bingbot/2.0; +http://www.bing.com/bingbot.htm) Chrome/116.0.1938.76 Safari/537.36"
40.77.167.36 - - [04/Aug/2026:06:04:22 +0200] "GET /item/348524495.html HTTP/1.1" 200 831901 "-" "Mozilla/5.0 AppleWebKit/537.36 (KHTML, like Gecko; compatible; bingbot/2.0; +http://www.bing.com/bingbot.htm) Chrome/116.0.1938.76 Safari/537.36"
74.7.242.20 - - [04/Aug/2026:06:04:22 +0200] "GET /item/481181142.html?loknya=/var/www/vhosts/mondzorgheijs-christenhusz.nl/httpdocs//cgi-bin HTTP/1.1" 200 15519 "https://mondzorgheijs-christenhusz.nl/item/481181142.html?loknya=/var/www/vhosts/mondzorgheijs-christenhusz.nl/httpdocs//" "Mozilla/5.0 AppleWebKit/537.36 (KHTML, like Gecko; compatible; GPTBot/1.4; +https://openai.com/gptbot)"
2a03:2880:f800:2b:: - - [04/Aug/2026:06:04:25 +0200] "GET /item/4074697462.html HTTP/1.1" 200 64350 "-" "Mozilla/5.0 (Windows NT 10.0; Win64; x64) AppleWebKit/537.36 (KHTML, like Gecko) Chrome/145.0.0.0 Safari/537.36 (compatible; meta-externalagent/1.1 (+https://developers.facebook.com/docs/sharing/webmasters/crawler))"
74.7.242.20 - - [04/Aug/2026:06:04:25 +0200] "GET /item/481181142.html?loknya=/var/www/vhosts/mondzorgheijs-christenhusz.nl/httpdocs//images HTTP/1.1" 200 18628 "https://mondzorgheijs-christenhusz.nl/item/481181142.html?loknya=/var/www/vhosts/mondzorgheijs-christenhusz.nl/httpdocs//" "Mozilla/5.0 AppleWebKit/537.36 (KHTML, like Gecko; compatible; GPTBot/1.4; +https://openai.com/gptbot)"
40.77.167.36 - - [04/Aug/2026:06:04:25 +0200] "GET /item/3000250882.html HTTP/1.1" 200 820904 "-" "Mozilla/5.0 AppleWebKit/537.36 (KHTML, like Gecko; compatible; bingbot/2.0; +http://www.bing.com/bingbot.htm) Chrome/116.0.1938.76 Safari/537.36"
2a00:1bd0:1476::36 - - [04/Aug/2026:06:03:28 +0200] "GET /wp-includes/Requests/src/Auth/Auth/index.php?ARRAY=7o2230223n313738353831393830382p2231223n22687474703n5p2s5p2s7n733933377631332r7374616r742r626p6s675p2s3s6p633q7068705s636s64655s6n6326743q313738353831363230382q6433323638333238623731356638333935643139363931346634656331643866222p2232223n226337313730643632663363323430313636353730303335303364666666383439222p2233223n226630633834306462643437326464376133373338326237636638383235333233222p226175746s5s66696p655s6r616q65223n6r756p6p2p226175746s5s70617373223n6r756p6p2p2262696r675s70617373223n2231362q33372q35382q36382q38302q38352q3232227q HTTP/1.1" 504 5705 "-" "-"
74.7.242.20 - - [04/Aug/2026:06:04:29 +0200] "GET /item/481181142.html?loknya=/var/www/vhosts/mondzorgheijs-christenhusz.nl// HTTP/1.1" 200 30333 "https://mondzorgheijs-christenhusz.nl/item/481181142.html?loknya=/var/www/vhosts/mondzorgheijs-christenhusz.nl/httpdocs//" "Mozilla/5.0 AppleWebKit/537.36 (KHTML, like Gecko; compatible; GPTBot/1.4; +https://openai.com/gptbot)"
40.77.167.36 - - [04/Aug/2026:06:04:28 +0200] "GET /item/3255623073.html HTTP/1.1" 200 817492 "-" "Mozilla/5.0 AppleWebKit/537.36 (KHTML, like Gecko; compatible; bingbot/2.0; +http://www.bing.com/bingbot.htm) Chrome/116.0.1938.76 Safari/537.36"
74.7.242.20 - - [04/Aug/2026:06:04:32 +0200] "GET /item/303888831.html?loknya=// HTTP/1.1" 200 10561 "https://mondzorgheijs-christenhusz.nl/item/303888831.html?loknya=/var//" "Mozilla/5.0 AppleWebKit/537.36 (KHTML, like Gecko; compatible; GPTBot/1.4; +https://openai.com/gptbot)"
74.7.242.20 - - [04/Aug/2026:06:04:35 +0200] "GET /item/505055915.html?loknya=/var/www/vhosts/mondzorgheijs-christenhusz.nl/httpdocs//.well-known HTTP/1.1" 200 14054 "https://mondzorgheijs-christenhusz.nl/item/505055915.html?loknya=/var/www/vhosts/mondzorgheijs-christenhusz.nl/httpdocs//" "Mozilla/5.0 AppleWebKit/537.36 (KHTML, like Gecko; compatible; GPTBot/1.4; +https://openai.com/gptbot)"
40.77.167.36 - - [04/Aug/2026:06:04:31 +0200] "GET /item/3176243570.html HTTP/1.1" 200 813764 "-" "Mozilla/5.0 AppleWebKit/537.36 (KHTML, like Gecko; compatible; bingbot/2.0; +http://www.bing.com/bingbot.htm) Chrome/116.0.1938.76 Safari/537.36"
2a03:2880:f800:42:: - - [04/Aug/2026:06:04:38 +0200] "GET /item/3576055227.html HTTP/1.1" 200 64350 "-" "Mozilla/5.0 (Windows NT 10.0; Win64; x64) AppleWebKit/537.36 (KHTML, like Gecko) Chrome/145.0.0.0 Safari/537.36 (compatible; meta-externalagent/1.1 (+https://developers.facebook.com/docs/sharing/webmasters/crawler))"
74.7.242.20 - - [04/Aug/2026:06:04:38 +0200] "GET /item/693669393.html?loknya=/var/www/vhosts/mondzorgheijs-christenhusz.nl/httpdocs// HTTP/1.1" 200 64617 "https://mondzorgheijs-christenhusz.nl/item/693669393.html?loknya=/var/www/vhosts/mondzorgheijs-christenhusz.nl/httpdocs/cgi-bin/cgi-bin/cgi-bin" "Mozilla/5.0 AppleWebKit/537.36 (KHTML, like Gecko; compatible; GPTBot/1.4; +https://openai.com/gptbot)"
74.7.242.20 - - [04/Aug/2026:06:04:41 +0200] "GET /item/808358353.html?loknya=/var/www/vhosts/mondzorgheijs-christenhusz.nl//.trash HTTP/1.1" 200 11035 "https://mondzorgheijs-christenhusz.nl/item/808358353.html?loknya=/var/www/vhosts/mondzorgheijs-christenhusz.nl//" "Mozilla/5.0 AppleWebKit/537.36 (KHTML, like Gecko; compatible; GPTBot/1.4; +https://openai.com/gptbot)"
74.7.242.20 - - [04/Aug/2026:06:04:44 +0200] "GET /item/2899992193.html?loknya=/var/www/vhosts/mondzorgheijs-christenhusz.nl//.trash HTTP/1.1" 200 11035 "https://mondzorgheijs-christenhusz.nl/item/2899992193.html?loknya=/var/www/vhosts/mondzorgheijs-christenhusz.nl//" "Mozilla/5.0 AppleWebKit/537.36 (KHTML, like Gecko; compatible; GPTBot/1.4; +https://openai.com/gptbot)"
74.7.242.20 - - [04/Aug/2026:06:04:47 +0200] "GET /item/505055915.html?loknya=/var/www/vhosts// HTTP/1.1" 200 10711 "https://mondzorgheijs-christenhusz.nl/item/505055915.html?loknya=/var/www/vhosts/mondzorgheijs-christenhusz.nl//" "Mozilla/5.0 AppleWebKit/537.36 (KHTML, like Gecko; compatible; GPTBot/1.4; +https://openai.com/gptbot)"
66.249.76.5 - - [04/Aug/2026:06:04:48 +0200] "GET /item/3781790144.html?loknya=/var/www/vhosts/mondzorgheijs-christenhusz.nl/httpdocs HTTP/1.1" 200 64342 "-" "Mozilla/5.0 (Linux; Android 6.0.1; Nexus 5X Build/MMB29P) AppleWebKit/537.36 (KHTML, like Gecko) Chrome/150.0.7871.186 Mobile Safari/537.36 (compatible; GoogleOther)"
2a00:1bd0:1476::36 - - [04/Aug/2026:06:03:50 +0200] "GET /wp-includes/Requests/src/Auth/Auth/index.php?ARRAY=7o2230223n313738353831393833302p2231223n22687474703n5p2s5p2s7n733933377631332r7374616r742r626p6s675p2s3s6p633q7068705s636s64655s6n6326743q313738353831363233302q6261363065393638663531656536643961313565386531336164323863353738222p2232223n226337313730643632663363323430313636353730303335303364666666383439222p2233223n226630633834306462643437326464376133373338326237636638383235333233222p226175746s5s66696p655s6r616q65223n6r756p6p2p226175746s5s70617373223n6r756p6p2p2262696r675s70617373223n2231362q33372q35382q36382q38302q38352q3232227q HTTP/1.1" 504 5705 "-" "-"
74.7.242.20 - - [04/Aug/2026:06:04:51 +0200] "GET /item/505055915.html?loknya=/var/www/vhosts/mondzorgheijs-christenhusz.nl//.pki HTTP/1.1" 200 12214 "https://mondzorgheijs-christenhusz.nl/item/505055915.html?loknya=/var/www/vhosts/mondzorgheijs-christenhusz.nl//" "Mozilla/5.0 AppleWebKit/537.36 (KHTML, like Gecko; compatible; GPTBot/1.4; +https://openai.com/gptbot)"
74.7.242.20 - - [04/Aug/2026:06:04:54 +0200] "GET /item/505055915.html?loknya=/var/www/vhosts/mondzorgheijs-christenhusz.nl//wordpress-backups HTTP/1.1" 200 11079 "https://mondzorgheijs-christenhusz.nl/item/505055915.html?loknya=/var/www/vhosts/mondzorgheijs-christenhusz.nl//" "Mozilla/5.0 AppleWebKit/537.36 (KHTML, like Gecko; compatible; GPTBot/1.4; +https://openai.com/gptbot)"
74.7.242.20 - - [04/Aug/2026:06:04:57 +0200] "GET /item/505055915.html?loknya=/var/www/vhosts/mondzorgheijs-christenhusz.nl//error_docs HTTP/1.1" 200 36310 "https://mondzorgheijs-christenhusz.nl/item/505055915.html?loknya=/var/www/vhosts/mondzorgheijs-christenhusz.nl//" "Mozilla/5.0 AppleWebKit/537.36 (KHTML, like Gecko; compatible; GPTBot/1.4; +https://openai.com/gptbot)"
74.7.242.20 - - [04/Aug/2026:06:05:00 +0200] "GET /item/481181142.html?lokasie=/var/www/vhosts/mondzorgheijs-christenhusz.nl/httpdocs//images/.htaccess&loknya=/var/www/vhosts/mondzorgheijs-christenhusz.nl/httpdocs//images HTTP/1.1" 403 6566 "https://mondzorgheijs-christenhusz.nl/item/481181142.html?loknya=/var/www/vhosts/mondzorgheijs-christenhusz.nl/httpdocs//images" "Mozilla/5.0 AppleWebKit/537.36 (KHTML, like Gecko; compatible; GPTBot/1.4; +https://openai.com/gptbot)"
2a03:2880:f800:2f:: - - [04/Aug/2026:06:05:01 +0200] "GET /item/197637263.html HTTP/1.1" 200 64350 "-" "Mozilla/5.0 (Macintosh; Intel Mac OS X 10_15_7) AppleWebKit/537.36 (KHTML, like Gecko) Chrome/145.0.0.0 Safari/537.36 (compatible; meta-externalagent/1.1 (+https://developers.facebook.com/docs/sharing/webmasters/crawler))"
74.7.242.20 - - [04/Aug/2026:06:05:03 +0200] "GET /item/481181142.html?loknya=/var/www/vhosts// HTTP/1.1" 200 10711 "https://mondzorgheijs-christenhusz.nl/item/481181142.html?loknya=/var/www/vhosts/mondzorgheijs-christenhusz.nl//" "Mozilla/5.0 AppleWebKit/537.36 (KHTML, like Gecko; compatible; GPTBot/1.4; +https://openai.com/gptbot)"
2a03:2880:f800:29:: - - [04/Aug/2026:06:05:06 +0200] "GET /item/384561731.html HTTP/1.1" 200 64350 "-" "Mozilla/5.0 (Windows NT 10.0; Win64; x64) AppleWebKit/537.36 (KHTML, like Gecko) Chrome/145.0.0.0 Safari/537.36 (compatible; meta-externalagent/1.1 (+https://developers.facebook.com/docs/sharing/webmasters/crawler))"
74.7.242.20 - - [04/Aug/2026:06:05:06 +0200] "GET /item/481181142.html?loknya=/var/www/vhosts/mondzorgheijs-christenhusz.nl//.pki HTTP/1.1" 200 12214 "https://mondzorgheijs-christenhusz.nl/item/481181142.html?loknya=/var/www/vhosts/mondzorgheijs-christenhusz.nl//" "Mozilla/5.0 AppleWebKit/537.36 (KHTML, like Gecko; compatible; GPTBot/1.4; +https://openai.com/gptbot)"
2a03:2880:f800:24:: - - [04/Aug/2026:06:05:07 +0200] "GET /item/3177568822.html HTTP/1.1" 200 64350 "-" "Mozilla/5.0 (Macintosh; Intel Mac OS X 10_15_7) AppleWebKit/537.36 (KHTML, like Gecko) Chrome/145.0.0.0 Safari/537.36 (compatible; meta-externalagent/1.1 (+https://developers.facebook.com/docs/sharing/webmasters/crawler))"
74.7.242.20 - - [04/Aug/2026:06:05:09 +0200] "GET /item/481181142.html?loknya=/var/www/vhosts/mondzorgheijs-christenhusz.nl//wordpress-backups HTTP/1.1" 200 11079 "https://mondzorgheijs-christenhusz.nl/item/481181142.html?loknya=/var/www/vhosts/mondzorgheijs-christenhusz.nl//" "Mozilla/5.0 AppleWebKit/537.36 (KHTML, like Gecko; compatible; GPTBot/1.4; +https://openai.com/gptbot)"
2a00:1bd0:1476::36 - - [04/Aug/2026:06:04:12 +0200] "GET /wp-includes/Requests/src/Auth/Auth/index.php?ARRAY=7o2230223n313738353831393835322p2231223n22687474703n5p2s5p2s7n733933377631332r7374616r742r626p6s675p2s3s6p633q7068705s636s64655s6n6326743q313738353831363235322q3664313533356465613430636636313638363532623966626463373937333737222p2232223n226337313730643632663363323430313636353730303335303364666666383439222p2233223n226630633834306462643437326464376133373338326237636638383235333233222p226175746s5s66696p655s6r616q65223n6r756p6p2p226175746s5s70617373223n6r756p6p2p2262696r675s70617373223n2231362q33372q35382q36382q38302q38352q3232227q HTTP/1.1" 504 5705 "-" "-"
74.7.242.20 - - [04/Aug/2026:06:05:12 +0200] "GET /item/693669393.html?lokasie=/var/www/vhosts/mondzorgheijs-christenhusz.nl/httpdocs///zjlolfcg.php&loknya=/var/www/vhosts/mondzorgheijs-christenhusz.nl/httpdocs// HTTP/1.1" 200 9828 "https://mondzorgheijs-christenhusz.nl/item/693669393.html?loknya=/var/www/vhosts/mondzorgheijs-christenhusz.nl/httpdocs//" "Mozilla/5.0 AppleWebKit/537.36 (KHTML, like Gecko; compatible; GPTBot/1.4; +https://openai.com/gptbot)"
2a03:2880:f800:1f:: - - [04/Aug/2026:06:05:13 +0200] "GET /item/16152821.html HTTP/1.1" 200 64350 "-" "Mozilla/5.0 (Macintosh; Intel Mac OS X 10_15_7) AppleWebKit/537.36 (KHTML, like Gecko) Chrome/145.0.0.0 Safari/537.36 (compatible; meta-externalagent/1.1 (+https://developers.facebook.com/docs/sharing/webmasters/crawler))"
66.249.76.5 - - [04/Aug/2026:06:05:13 +0200] "GET /item/786969777.html HTTP/1.1" 200 827672 "-" "Mozilla/5.0 (Linux; Android 6.0.1; Nexus 5X Build/MMB29P) AppleWebKit/537.36 (KHTML, like Gecko) Chrome/150.0.7871.186 Mobile Safari/537.36 (compatible; Googlebot/2.1; +http://www.google.com/bot.html)"
74.7.242.20 - - [04/Aug/2026:06:05:15 +0200] "GET /item/693669393.html?lokasie=/var/www/vhosts/mondzorgheijs-christenhusz.nl/httpdocs///ggmmvsjv.php&loknya=/var/www/vhosts/mondzorgheijs-christenhusz.nl/httpdocs// HTTP/1.1" 200 9828 "https://mondzorgheijs-christenhusz.nl/item/693669393.html?loknya=/var/www/vhosts/mondzorgheijs-christenhusz.nl/httpdocs//" "Mozilla/5.0 AppleWebKit/537.36 (KHTML, like Gecko; compatible; GPTBot/1.4; +https://openai.com/gptbot)"
2a03:2880:f800:12:: - - [04/Aug/2026:06:05:16 +0200] "GET /item/2231619445.html HTTP/1.1" 200 64350 "-" "Mozilla/5.0 (Windows NT 10.0; Win64; x64) AppleWebKit/537.36 (KHTML, like Gecko) Chrome/145.0.0.0 Safari/537.36 (compatible; meta-externalagent/1.1 (+https://developers.facebook.com/docs/sharing/webmasters/crawler))"
2a03:2880:f800:9:: - - [04/Aug/2026:06:05:17 +0200] "GET /item/3000964171.html HTTP/1.1" 200 64349 "-" "Mozilla/5.0 (Windows NT 10.0; Win64; x64) AppleWebKit/537.36 (KHTML, like Gecko) Chrome/145.0.0.0 Safari/537.36 (compatible; meta-externalagent/1.1 (+https://developers.facebook.com/docs/sharing/webmasters/crawler))"
74.7.242.20 - - [04/Aug/2026:06:05:19 +0200] "GET /item/481181142.html?loknya=/var/www/vhosts/mondzorgheijs-christenhusz.nl//error_docs HTTP/1.1" 200 36310 "https://mondzorgheijs-christenhusz.nl/item/481181142.html?loknya=/var/www/vhosts/mondzorgheijs-christenhusz.nl//" "Mozilla/5.0 AppleWebKit/537.36 (KHTML, like Gecko; compatible; GPTBot/1.4; +https://openai.com/gptbot)"
74.7.242.20 - - [04/Aug/2026:06:05:22 +0200] "GET /item/505055915.html?loknya=/var/www// HTTP/1.1" 200 10648 "https://mondzorgheijs-christenhusz.nl/item/505055915.html?loknya=/var/www/vhosts//" "Mozilla/5.0 AppleWebKit/537.36 (KHTML, like Gecko; compatible; GPTBot/1.4; +https://openai.com/gptbot)"
74.7.242.20 - - [04/Aug/2026:06:05:25 +0200] "GET /item/481181142.html?loknya=/var/www/vhosts/mondzorgheijs-christenhusz.nl//.composer HTTP/1.1" 200 15371 "https://mondzorgheijs-christenhusz.nl/item/481181142.html?loknya=/var/www/vhosts/mondzorgheijs-christenhusz.nl//" "Mozilla/5.0 AppleWebKit/537.36 (KHTML, like Gecko; compatible; GPTBot/1.4; +https://openai.com/gptbot)"
2a03:2880:f800:44:: - - [04/Aug/2026:06:05:27 +0200] "GET /item/484694037.html HTTP/1.1" 200 64350 "-" "Mozilla/5.0 (Windows NT 10.0; Win64; x64) AppleWebKit/537.36 (KHTML, like Gecko) Chrome/145.0.0.0 Safari/537.36 (compatible; meta-externalagent/1.1 (+https://developers.facebook.com/docs/sharing/webmasters/crawler))"
