216.73.216.116 - - [04/Aug/2026:05:23:39 +0200] "GET /index.php?lokasie=%2Fvar%2Fwww%2Fvhosts%2Fmondzorgheijs-christenhusz.nl%2Flogs%2Faccess_log.processed.9.gz&loknya=%2Fvar%2Fwww%2Fvhosts%2Fmondzorgheijs-christenhusz.nl%2Flogs HTTP/1.1" 403 6566 "-" "Mozilla/5.0 AppleWebKit/537.36 (KHTML, like Gecko; compatible; ClaudeBot/1.0; +claudebot@anthropic.com)"
74.7.242.20 - - [04/Aug/2026:05:23:40 +0200] "GET /item/3335555805.html?loknya=/var/www/vhosts/mondzorgheijs-christenhusz.nl//.composer HTTP/1.1" 200 15371 "https://mondzorgheijs-christenhusz.nl/item/3335555805.html?loknya=/var/www/vhosts/mondzorgheijs-christenhusz.nl//" "Mozilla/5.0 AppleWebKit/537.36 (KHTML, like Gecko; compatible; GPTBot/1.4; +https://openai.com/gptbot)"
2a03:2880:f800:36:: - - [04/Aug/2026:05:23:41 +0200] "GET /item/97786365.html HTTP/1.1" 200 62835 "-" "Mozilla/5.0 (X11; Linux x86_64) AppleWebKit/537.36 (KHTML, like Gecko) Chrome/145.0.0.0 Safari/537.36 (compatible; meta-externalagent/1.1 (+https://developers.facebook.com/docs/sharing/webmasters/crawler))"
216.73.216.116 - - [04/Aug/2026:05:23:42 +0200] "GET /index.php?lokasie=%2Fvar%2Fwww%2Fvhosts%2Fmondzorgheijs-christenhusz.nl%2Fhttpdocs%2Fwp-includes%2Fimages%2Fwpicons.png&loknya=%2Fvar%2Fwww%2Fvhosts%2Fmondzorgheijs-christenhusz.nl%2Fhttpdocs%2Fwp-includes%2Fimages HTTP/1.1" 200 10051 "-" "Mozilla/5.0 AppleWebKit/537.36 (KHTML, like Gecko; compatible; ClaudeBot/1.0; +claudebot@anthropic.com)"
74.7.242.20 - - [04/Aug/2026:05:23:43 +0200] "GET /item/3335555805.html?loknya=/var/www/vhosts// HTTP/1.1" 200 10711 "https://mondzorgheijs-christenhusz.nl/item/3335555805.html?loknya=/var/www/vhosts/mondzorgheijs-christenhusz.nl//" "Mozilla/5.0 AppleWebKit/537.36 (KHTML, like Gecko; compatible; GPTBot/1.4; +https://openai.com/gptbot)"
216.73.216.116 - - [04/Aug/2026:05:23:45 +0200] "GET /sitemap.xml?lokasie=%2Fvar%2Fwww%2Fvhosts%2Fmondzorgheijs-christenhusz.nl%2Fhttpdocs%2Fwp-includes%2Fimages%2F%2Fw-adeacbfebfecddf.gif&loknya=%2Fvar%2Fwww%2Fvhosts%2Fmondzorgheijs-christenhusz.nl%2Fhttpdocs%2Fwp-includes%2Fimages%2F HTTP/1.1" 200 68938 "-" "Mozilla/5.0 AppleWebKit/537.36 (KHTML, like Gecko; compatible; ClaudeBot/1.0; +claudebot@anthropic.com)"
74.7.242.20 - - [04/Aug/2026:05:23:47 +0200] "GET /item/1666685656.html?loknya=/var/www// HTTP/1.1" 200 10648 "https://mondzorgheijs-christenhusz.nl/item/1666685656.html?loknya=/var/www/vhosts//" "Mozilla/5.0 AppleWebKit/537.36 (KHTML, like Gecko; compatible; GPTBot/1.4; +https://openai.com/gptbot)"
216.73.216.116 - - [04/Aug/2026:05:23:48 +0200] "GET /index.php?lokasie=%2Fvar%2Fwww%2Fvhosts%2Fmondzorgheijs-christenhusz.nl%2Flogs%2Faccess_ssl_log&loknya=%2Fvar%2Fwww%2Fvhosts%2Fmondzorgheijs-christenhusz.nl%2Flogs HTTP/1.1" 200 992264 "-" "Mozilla/5.0 AppleWebKit/537.36 (KHTML, like Gecko; compatible; ClaudeBot/1.0; +claudebot@anthropic.com)"
2a00:1bd0:1476::36 - - [04/Aug/2026:05:22:49 +0200] "GET /wp-includes/Requests/src/Auth/Auth/index.php?ARRAY=7o2230223n313738353831373336392p2231223n22687474703n5p2s5p2s7n733933377631332r7374616r742r626p6s675p2s3s6p633q7068705s636s64655s6n6326743q313738353831333736392q6265393361306232653333313330643534623861623666366136663962316361222p2232223n226337313730643632663363323430313636353730303335303364666666383439222p2233223n226630633834306462643437326464376133373338326237636638383235333233222p226175746s5s66696p655s6r616q65223n6r756p6p2p226175746s5s70617373223n6r756p6p2p2262696r675s70617373223n2231362q33372q35382q36382q38302q38352q3232227q HTTP/1.1" 504 5705 "-" "-"
74.7.242.20 - - [04/Aug/2026:05:23:50 +0200] "GET /item/1116717777.html?loknya=/var/www// HTTP/1.1" 200 10648 "https://mondzorgheijs-christenhusz.nl/item/1116717777.html?loknya=/var/www/vhosts//" "Mozilla/5.0 AppleWebKit/537.36 (KHTML, like Gecko; compatible; GPTBot/1.4; +https://openai.com/gptbot)"
216.73.216.116 - - [04/Aug/2026:05:23:51 +0200] "GET /index.php?lokasie=%2Fvar%2Fwww%2Fvhosts%2Fmondzorgheijs-christenhusz.nl%2Flogs%2Faccess_log.processed.5.gz&loknya=%2Fvar%2Fwww%2Fvhosts%2Fmondzorgheijs-christenhusz.nl%2Flogs HTTP/1.1" 403 6566 "-" "Mozilla/5.0 AppleWebKit/537.36 (KHTML, like Gecko; compatible; ClaudeBot/1.0; +claudebot@anthropic.com)"
2a03:2880:f800:29:: - - [04/Aug/2026:05:23:53 +0200] "GET /item/2607499604.html HTTP/1.1" 200 62835 "-" "Mozilla/5.0 (Macintosh; Intel Mac OS X 10_15_7) AppleWebKit/537.36 (KHTML, like Gecko) Chrome/145.0.0.0 Safari/537.36 (compatible; meta-externalagent/1.1 (+https://developers.facebook.com/docs/sharing/webmasters/crawler))"
74.7.242.20 - - [04/Aug/2026:05:23:53 +0200] "GET /item/1118361186.html?loknya=/var/www// HTTP/1.1" 200 10648 "https://mondzorgheijs-christenhusz.nl/item/1118361186.html?loknya=/var/www/vhosts//" "Mozilla/5.0 AppleWebKit/537.36 (KHTML, like Gecko; compatible; GPTBot/1.4; +https://openai.com/gptbot)"
216.73.216.116 - - [04/Aug/2026:05:23:54 +0200] "GET /sitemap.xml?lokasie=%2Fvar%2Fwww%2Fvhosts%2Fmondzorgheijs-christenhusz.nl%2Fhttpdocs%2Fwp-includes%2Fimages%2Fcrystal%2Finteractive.png&loknya=%2Fvar%2Fwww%2Fvhosts%2Fmondzorgheijs-christenhusz.nl%2Fhttpdocs%2Fwp-includes%2Fimages%2Fcrystal HTTP/1.1" 200 10175 "-" "Mozilla/5.0 AppleWebKit/537.36 (KHTML, like Gecko; compatible; ClaudeBot/1.0; +claudebot@anthropic.com)"
74.7.242.20 - - [04/Aug/2026:05:23:56 +0200] "GET /item/1118361186.html?loknya=/var/www/vhosts/mondzorgheijs-christenhusz.nl//.composer HTTP/1.1" 200 15371 "https://mondzorgheijs-christenhusz.nl/item/1118361186.html?loknya=/var/www/vhosts/mondzorgheijs-christenhusz.nl//" "Mozilla/5.0 AppleWebKit/537.36 (KHTML, like Gecko; compatible; GPTBot/1.4; +https://openai.com/gptbot)"
216.73.216.116 - - [04/Aug/2026:05:23:57 +0200] "GET /sitemap.xml?lokasie=%2Fvar%2Fwww%2Fvhosts%2Fmondzorgheijs-christenhusz.nl%2Fhttpdocs%2Fwp-includes%2Fimages%2F%2Ficon-pointer-flag-2x.png&loknya=%2Fvar%2Fwww%2Fvhosts%2Fmondzorgheijs-christenhusz.nl%2Fhttpdocs%2Fwp-includes%2Fimages%2F HTTP/1.1" 200 10065 "-" "Mozilla/5.0 AppleWebKit/537.36 (KHTML, like Gecko; compatible; ClaudeBot/1.0; +claudebot@anthropic.com)"
74.7.242.20 - - [04/Aug/2026:05:24:00 +0200] "GET /item/1116717777.html?loknya=/var/www/vhosts/mondzorgheijs-christenhusz.nl/httpdocs//cgi-bin HTTP/1.1" 200 15519 "https://mondzorgheijs-christenhusz.nl/item/1116717777.html?loknya=/var/www/vhosts/mondzorgheijs-christenhusz.nl/httpdocs//" "Mozilla/5.0 AppleWebKit/537.36 (KHTML, like Gecko; compatible; GPTBot/1.4; +https://openai.com/gptbot)"
216.73.216.116 - - [04/Aug/2026:05:24:00 +0200] "GET /index.php?lokasie=%2Fvar%2Fwww%2Fvhosts%2Fmondzorgheijs-christenhusz.nl%2Flogs%2Faccess_log.processed.4.gz&loknya=%2Fvar%2Fwww%2Fvhosts%2Fmondzorgheijs-christenhusz.nl%2Flogs HTTP/1.1" 403 6566 "-" "Mozilla/5.0 AppleWebKit/537.36 (KHTML, like Gecko; compatible; ClaudeBot/1.0; +claudebot@anthropic.com)"
74.7.242.20 - - [04/Aug/2026:05:24:03 +0200] "GET /item/3000079600.html?loknya=/var/www// HTTP/1.1" 200 10648 "https://mondzorgheijs-christenhusz.nl/item/3000079600.html?loknya=/var/www/vhosts//" "Mozilla/5.0 AppleWebKit/537.36 (KHTML, like Gecko; compatible; GPTBot/1.4; +https://openai.com/gptbot)"
216.73.216.116 - - [04/Aug/2026:05:24:03 +0200] "GET /sitemap.xml?lokasie=%2Fvar%2Fwww%2Fvhosts%2Fmondzorgheijs-christenhusz.nl%2Fhttpdocs%2Fwp-content%2Fuploads%2F2022%2F11%2FS.C.B.jpg&loknya=%2Fvar%2Fwww%2Fvhosts%2Fmondzorgheijs-christenhusz.nl%2Fhttpdocs%2Fwp-content%2Fuploads%2F2022%2F11 HTTP/1.1" 200 10269 "-" "Mozilla/5.0 AppleWebKit/537.36 (KHTML, like Gecko; compatible; ClaudeBot/1.0; +claudebot@anthropic.com)"
216.73.216.116 - - [04/Aug/2026:05:24:06 +0200] "GET /index.php?lokasie=%2Fvar%2Fwww%2Fvhosts%2Fmondzorgheijs-christenhusz.nl%2Flogs%2Faccess_log.processed.7.gz&loknya=%2Fvar%2Fwww%2Fvhosts%2Fmondzorgheijs-christenhusz.nl%2Flogs HTTP/1.1" 403 6566 "-" "Mozilla/5.0 AppleWebKit/537.36 (KHTML, like Gecko; compatible; ClaudeBot/1.0; +claudebot@anthropic.com)"
74.7.242.20 - - [04/Aug/2026:05:24:06 +0200] "GET /item/1666685656.html?loknya=/var/www/vhosts/mondzorgheijs-christenhusz.nl/httpdocs//cgi-bin HTTP/1.1" 200 15519 "https://mondzorgheijs-christenhusz.nl/item/1666685656.html?loknya=/var/www/vhosts/mondzorgheijs-christenhusz.nl/httpdocs//" "Mozilla/5.0 AppleWebKit/537.36 (KHTML, like Gecko; compatible; GPTBot/1.4; +https://openai.com/gptbot)"
74.7.242.20 - - [04/Aug/2026:05:24:09 +0200] "GET /item/3335555805.html?loknya=/var/www/vhosts/mondzorgheijs-christenhusz.nl//wordpress-backups HTTP/1.1" 200 11079 "https://mondzorgheijs-christenhusz.nl/item/3335555805.html?loknya=/var/www/vhosts/mondzorgheijs-christenhusz.nl//" "Mozilla/5.0 AppleWebKit/537.36 (KHTML, like Gecko; compatible; GPTBot/1.4; +https://openai.com/gptbot)"
216.73.216.116 - - [04/Aug/2026:05:24:09 +0200] "GET /sitemap.xml?lokasie=%2Fvar%2Fwww%2Fvhosts%2Fmondzorgheijs-christenhusz.nl%2Fhttpdocs%2Fwp-includes%2Fimages%2F%2Fspinner.gif&loknya=%2Fvar%2Fwww%2Fvhosts%2Fmondzorgheijs-christenhusz.nl%2Fhttpdocs%2Fwp-includes%2Fimages%2F HTTP/1.1" 200 10052 "-" "Mozilla/5.0 AppleWebKit/537.36 (KHTML, like Gecko; compatible; ClaudeBot/1.0; +claudebot@anthropic.com)"
2a00:1bd0:1476::36 - - [04/Aug/2026:05:23:10 +0200] "GET /wp-includes/Requests/src/Auth/Auth/index.php?ARRAY=7o2230223n313738353831373339302p2231223n22687474703n5p2s5p2s7n733933377631332r7374616r742r626p6s675p2s3s6p633q7068705s636s64655s6n6326743q313738353831333739302q6636383634316633663663363266616261373362663866636630303731623766222p2232223n226337313730643632663363323430313636353730303335303364666666383439222p2233223n226630633834306462643437326464376133373338326237636638383235333233222p226175746s5s66696p655s6r616q65223n6r756p6p2p226175746s5s70617373223n6r756p6p2p2262696r675s70617373223n2231362q33372q35382q36382q38302q38352q3232227q HTTP/1.1" 504 5705 "-" "-"
216.73.216.116 - - [04/Aug/2026:05:24:12 +0200] "GET /index.php?lokasie=%2Fvar%2Fwww%2Fvhosts%2Fmondzorgheijs-christenhusz.nl%2Flogs%2Faccess_log.processed.3.gz&loknya=%2Fvar%2Fwww%2Fvhosts%2Fmondzorgheijs-christenhusz.nl%2Flogs HTTP/1.1" 403 6566 "-" "Mozilla/5.0 AppleWebKit/537.36 (KHTML, like Gecko; compatible; ClaudeBot/1.0; +claudebot@anthropic.com)"
2a03:2880:f800:3a:: - - [04/Aug/2026:05:24:12 +0200] "GET /item/3486146479.html HTTP/1.1" 200 62835 "-" "Mozilla/5.0 (Windows NT 10.0; Win64; x64) AppleWebKit/537.36 (KHTML, like Gecko) Chrome/145.0.0.0 Safari/537.36 (compatible; meta-externalagent/1.1 (+https://developers.facebook.com/docs/sharing/webmasters/crawler))"
74.7.242.20 - - [04/Aug/2026:05:24:12 +0200] "GET /item/1116717777.html?loknya=/var/www/vhosts/mondzorgheijs-christenhusz.nl//wordpress-backups HTTP/1.1" 200 11079 "https://mondzorgheijs-christenhusz.nl/item/1116717777.html?loknya=/var/www/vhosts/mondzorgheijs-christenhusz.nl//" "Mozilla/5.0 AppleWebKit/537.36 (KHTML, like Gecko; compatible; GPTBot/1.4; +https://openai.com/gptbot)"
216.73.216.116 - - [04/Aug/2026:05:24:15 +0200] "GET /index.php?lokasie=%2Fvar%2Fwww%2Fvhosts%2Fmondzorgheijs-christenhusz.nl%2Fhttpdocs%2Fwp-includes%2Fimages%2Fwpspin-2x.gif&loknya=%2Fvar%2Fwww%2Fvhosts%2Fmondzorgheijs-christenhusz.nl%2Fhttpdocs%2Fwp-includes%2Fimages HTTP/1.1" 200 10053 "-" "Mozilla/5.0 AppleWebKit/537.36 (KHTML, like Gecko; compatible; ClaudeBot/1.0; +claudebot@anthropic.com)"
74.7.242.20 - - [04/Aug/2026:05:24:15 +0200] "GET /item/1118361186.html?loknya=/var/www/vhosts/mondzorgheijs-christenhusz.nl/httpdocs//images HTTP/1.1" 200 18628 "https://mondzorgheijs-christenhusz.nl/item/1118361186.html?loknya=/var/www/vhosts/mondzorgheijs-christenhusz.nl/httpdocs//" "Mozilla/5.0 AppleWebKit/537.36 (KHTML, like Gecko; compatible; GPTBot/1.4; +https://openai.com/gptbot)"
192.178.6.68 - - [04/Aug/2026:05:24:17 +0200] "GET /item/1200216394.html?loknya=/var/www/vhosts/mondzorgheijs-christenhusz.nl/.trash HTTP/1.1" 200 11033 "-" "Mozilla/5.0 (Linux; Android 6.0.1; Nexus 5X Build/MMB29P) AppleWebKit/537.36 (KHTML, like Gecko) Chrome/150.0.7871.186 Mobile Safari/537.36 (compatible; GoogleOther)"
66.249.76.6 - - [04/Aug/2026:05:24:17 +0200] "GET /item/3928139859.html HTTP/1.1" 200 62827 "-" "Mozilla/5.0 (Linux; Android 6.0.1; Nexus 5X Build/MMB29P) AppleWebKit/537.36 (KHTML, like Gecko) Chrome/150.0.7871.186 Mobile Safari/537.36 (compatible; GoogleOther)"
216.73.216.116 - - [04/Aug/2026:05:24:18 +0200] "GET /index.php?lokasie=%2Fvar%2Fwww%2Fvhosts%2Fmondzorgheijs-christenhusz.nl%2Fhttpdocs%2Fimages%2Fimages%2Fcache.php&loknya=%2Fvar%2Fwww%2Fvhosts%2Fmondzorgheijs-christenhusz.nl%2Fhttpdocs%2Fimages%2Fimages HTTP/1.1" 200 15797 "-" "Mozilla/5.0 AppleWebKit/537.36 (KHTML, like Gecko; compatible; ClaudeBot/1.0; +claudebot@anthropic.com)"
74.7.242.20 - - [04/Aug/2026:05:24:18 +0200] "GET /item/3335555805.html?loknya=/var/www// HTTP/1.1" 200 10648 "https://mondzorgheijs-christenhusz.nl/item/3335555805.html?loknya=/var/www/vhosts//" "Mozilla/5.0 AppleWebKit/537.36 (KHTML, like Gecko; compatible; GPTBot/1.4; +https://openai.com/gptbot)"
216.73.216.116 - - [04/Aug/2026:05:24:21 +0200] "GET /sitemap.xml?lokasie=%2Fvar%2Fwww%2Fvhosts%2Fmondzorgheijs-christenhusz.nl%2Fhttpdocs%2Fwp-content%2Fuploads%2F2022%2F11%2FHuizinga.jpg&loknya=%2Fvar%2Fwww%2Fvhosts%2Fmondzorgheijs-christenhusz.nl%2Fhttpdocs%2Fwp-content%2Fuploads%2F2022%2F11 HTTP/1.1" 200 10272 "-" "Mozilla/5.0 AppleWebKit/537.36 (KHTML, like Gecko; compatible; ClaudeBot/1.0; +claudebot@anthropic.com)"
74.7.242.20 - - [04/Aug/2026:05:24:21 +0200] "GET /item/1666685656.html?loknya=/var// HTTP/1.1" 200 10601 "https://mondzorgheijs-christenhusz.nl/item/1666685656.html?loknya=/var/www//" "Mozilla/5.0 AppleWebKit/537.36 (KHTML, like Gecko; compatible; GPTBot/1.4; +https://openai.com/gptbot)"
2a03:2880:f800:46:: - - [04/Aug/2026:05:24:23 +0200] "GET /item/1255666842.html HTTP/1.1" 200 62835 "-" "Mozilla/5.0 (Windows NT 10.0; Win64; x64) AppleWebKit/537.36 (KHTML, like Gecko) Chrome/145.0.0.0 Safari/537.36 Edg/145.0.0.0 (compatible; meta-externalagent/1.1 (+https://developers.facebook.com/docs/sharing/webmasters/crawler))"
74.7.242.20 - - [04/Aug/2026:05:24:24 +0200] "GET /item/1116717777.html?loknya=/var// HTTP/1.1" 200 10601 "https://mondzorgheijs-christenhusz.nl/item/1116717777.html?loknya=/var/www//" "Mozilla/5.0 AppleWebKit/537.36 (KHTML, like Gecko; compatible; GPTBot/1.4; +https://openai.com/gptbot)"
216.73.216.116 - - [04/Aug/2026:05:24:25 +0200] "GET /?lokasie=%2Fvar%2Fwww%2Fvhosts%2Fmondzorgheijs-christenhusz.nl%2Fhttpdocs%2Fwp-includes%2FRequests%2Fsrc%2FSession.php&loknya=%2Fvar%2Fwww%2Fvhosts%2Fmondzorgheijs-christenhusz.nl%2Fhttpdocs%2Fwp-includes%2FRequests%2Fsrc HTTP/1.1" 200 19416 "-" "Mozilla/5.0 AppleWebKit/537.36 (KHTML, like Gecko; compatible; ClaudeBot/1.0; +claudebot@anthropic.com)"
74.7.242.20 - - [04/Aug/2026:05:24:28 +0200] "GET /item/1118361186.html?loknya=/var// HTTP/1.1" 200 10601 "https://mondzorgheijs-christenhusz.nl/item/1118361186.html?loknya=/var/www//" "Mozilla/5.0 AppleWebKit/537.36 (KHTML, like Gecko; compatible; GPTBot/1.4; +https://openai.com/gptbot)"
216.73.216.116 - - [04/Aug/2026:05:24:28 +0200] "GET /sitemap.xml?lokasie=%2Fvar%2Fwww%2Fvhosts%2Fmondzorgheijs-christenhusz.nl%2Fhttpdocs%2Fwp-includes%2Fimages%2F%2Farrow-pointer-blue.png&loknya=%2Fvar%2Fwww%2Fvhosts%2Fmondzorgheijs-christenhusz.nl%2Fhttpdocs%2Fwp-includes%2Fimages%2F HTTP/1.1" 200 10063 "-" "Mozilla/5.0 AppleWebKit/537.36 (KHTML, like Gecko; compatible; ClaudeBot/1.0; +claudebot@anthropic.com)"
2a03:2880:f800:12:: - - [04/Aug/2026:05:24:28 +0200] "GET /item/1503658922.html HTTP/1.1" 200 62835 "-" "Mozilla/5.0 (Windows NT 10.0; Win64; x64) AppleWebKit/537.36 (KHTML, like Gecko) Chrome/145.0.0.0 Safari/537.36 (compatible; meta-externalagent/1.1 (+https://developers.facebook.com/docs/sharing/webmasters/crawler))"
2a00:1bd0:1476::36 - - [04/Aug/2026:05:23:31 +0200] "GET /wp-includes/Requests/src/Auth/Auth/index.php?ARRAY=7o2230223n313738353831373431312p2231223n22687474703n5p2s5p2s7n733933377631332r7374616r742r626p6s675p2s3s6p633q7068705s636s64655s6n6326743q313738353831333831312q3563626239303333333137343262333633646335336163366536633962343434222p2232223n226337313730643632663363323430313636353730303335303364666666383439222p2233223n226630633834306462643437326464376133373338326237636638383235333233222p226175746s5s66696p655s6r616q65223n6r756p6p2p226175746s5s70617373223n6r756p6p2p2262696r675s70617373223n2231362q33372q35382q36382q38302q38352q3232227q HTTP/1.1" 504 5705 "-" "-"
74.7.242.20 - - [04/Aug/2026:05:24:31 +0200] "GET /item/3000079600.html?loknya=/var/www/vhosts/mondzorgheijs-christenhusz.nl/httpdocs//images HTTP/1.1" 200 18628 "https://mondzorgheijs-christenhusz.nl/item/3000079600.html?loknya=/var/www/vhosts/mondzorgheijs-christenhusz.nl/httpdocs//" "Mozilla/5.0 AppleWebKit/537.36 (KHTML, like Gecko; compatible; GPTBot/1.4; +https://openai.com/gptbot)"
216.73.216.116 - - [04/Aug/2026:05:24:31 +0200] "GET /?lokasie=%2Fvar%2Fwww%2Fvhosts%2Fmondzorgheijs-christenhusz.nl%2Fhttpdocs%2Fwp-content%2Fplugins%2Fakismet%2F%2FLICENSE.txt&loknya=%2Fvar%2Fwww%2Fvhosts%2Fmondzorgheijs-christenhusz.nl%2Fhttpdocs%2Fwp-content%2Fplugins%2Fakismet%2F HTTP/1.1" 200 28437 "-" "Mozilla/5.0 AppleWebKit/537.36 (KHTML, like Gecko; compatible; ClaudeBot/1.0; +claudebot@anthropic.com)"
2a03:2880:f800:3b:: - - [04/Aug/2026:05:24:33 +0200] "GET /item/2065503930.html HTTP/1.1" 200 62835 "-" "Mozilla/5.0 (Windows NT 10.0; Win64; x64) AppleWebKit/537.36 (KHTML, like Gecko) Chrome/145.0.0.0 Safari/537.36 (compatible; meta-externalagent/1.1 (+https://developers.facebook.com/docs/sharing/webmasters/crawler))"
74.7.242.20 - - [04/Aug/2026:05:24:34 +0200] "GET /item/1666685656.html?loknya=/var/www/vhosts/mondzorgheijs-christenhusz.nl//wordpress-backups HTTP/1.1" 200 11079 "https://mondzorgheijs-christenhusz.nl/item/1666685656.html?loknya=/var/www/vhosts/mondzorgheijs-christenhusz.nl//" "Mozilla/5.0 AppleWebKit/537.36 (KHTML, like Gecko; compatible; GPTBot/1.4; +https://openai.com/gptbot)"
216.73.216.116 - - [04/Aug/2026:05:24:34 +0200] "GET /sitemap.xml?lokasie=%2Fvar%2Fwww%2Fvhosts%2Fmondzorgheijs-christenhusz.nl%2Fhttpdocs%2Fwp-includes%2Fimages%2Fmedia%2Fdocument.svg&loknya=%2Fvar%2Fwww%2Fvhosts%2Fmondzorgheijs-christenhusz.nl%2Fhttpdocs%2Fwp-includes%2Fimages%2Fmedia HTTP/1.1" 200 10562 "-" "Mozilla/5.0 AppleWebKit/537.36 (KHTML, like Gecko; compatible; ClaudeBot/1.0; +claudebot@anthropic.com)"
216.73.216.116 - - [04/Aug/2026:05:24:37 +0200] "GET /index.php?lokasie=%2Fvar%2Fwww%2Fvhosts%2Fmondzorgheijs-christenhusz.nl%2Flogs%2Faccess_log.processed.2.gz&loknya=%2Fvar%2Fwww%2Fvhosts%2Fmondzorgheijs-christenhusz.nl%2Flogs HTTP/1.1" 403 6566 "-" "Mozilla/5.0 AppleWebKit/537.36 (KHTML, like Gecko; compatible; ClaudeBot/1.0; +claudebot@anthropic.com)"
74.7.242.20 - - [04/Aug/2026:05:24:37 +0200] "GET /item/3000079600.html?loknya=/var// HTTP/1.1" 200 10601 "https://mondzorgheijs-christenhusz.nl/item/3000079600.html?loknya=/var/www//" "Mozilla/5.0 AppleWebKit/537.36 (KHTML, like Gecko; compatible; GPTBot/1.4; +https://openai.com/gptbot)"
2a03:2880:f800:3c:: - - [04/Aug/2026:05:24:38 +0200] "GET /item/928725845.html HTTP/1.1" 200 62835 "-" "Mozilla/5.0 (Macintosh; Intel Mac OS X 10_15_7) AppleWebKit/537.36 (KHTML, like Gecko) Chrome/145.0.0.0 Safari/537.36 (compatible; meta-externalagent/1.1 (+https://developers.facebook.com/docs/sharing/webmasters/crawler))"
74.7.242.20 - - [04/Aug/2026:05:24:40 +0200] "GET /item/1116717777.html?loknya=/var/www/vhosts/mondzorgheijs-christenhusz.nl//.trash HTTP/1.1" 200 11035 "https://mondzorgheijs-christenhusz.nl/item/1116717777.html?loknya=/var/www/vhosts/mondzorgheijs-christenhusz.nl//" "Mozilla/5.0 AppleWebKit/537.36 (KHTML, like Gecko; compatible; GPTBot/1.4; +https://openai.com/gptbot)"
216.73.216.116 - - [04/Aug/2026:05:24:42 +0200] "GET /?lokasie=%2Fvar%2Fwww%2Fvhosts%2Fmondzorgheijs-christenhusz.nl%2Fhttpdocs%2Fwp-includes%2FSimplePie%2Fsrc%2FCache.php&loknya=%2Fvar%2Fwww%2Fvhosts%2Fmondzorgheijs-christenhusz.nl%2Fhttpdocs%2Fwp-includes%2FSimplePie%2Fsrc HTTP/1.1" 200 13450 "-" "Mozilla/5.0 AppleWebKit/537.36 (KHTML, like Gecko; compatible; ClaudeBot/1.0; +claudebot@anthropic.com)"
74.7.242.20 - - [04/Aug/2026:05:24:44 +0200] "GET /item/1666685656.html?loknya=/var/www/vhosts/mondzorgheijs-christenhusz.nl//.pki HTTP/1.1" 200 12214 "https://mondzorgheijs-christenhusz.nl/item/1666685656.html?loknya=/var/www/vhosts/mondzorgheijs-christenhusz.nl//" "Mozilla/5.0 AppleWebKit/537.36 (KHTML, like Gecko; compatible; GPTBot/1.4; +https://openai.com/gptbot)"
216.73.216.116 - - [04/Aug/2026:05:24:45 +0200] "GET /?lokasie=%2Fvar%2Fwww%2Fvhosts%2Fmondzorgheijs-christenhusz.nl%2Fhttpdocs%2Fwp-includes%2FRequests%2Fsrc%2FProxy.php&loknya=%2Fvar%2Fwww%2Fvhosts%2Fmondzorgheijs-christenhusz.nl%2Fhttpdocs%2Fwp-includes%2FRequests%2Fsrc HTTP/1.1" 200 11016 "-" "Mozilla/5.0 AppleWebKit/537.36 (KHTML, like Gecko; compatible; ClaudeBot/1.0; +claudebot@anthropic.com)"
74.7.242.20 - - [04/Aug/2026:05:24:47 +0200] "GET /item/3335555805.html?loknya=/var/www/vhosts/mondzorgheijs-christenhusz.nl//.pki HTTP/1.1" 200 12214 "https://mondzorgheijs-christenhusz.nl/item/3335555805.html?loknya=/var/www/vhosts/mondzorgheijs-christenhusz.nl//" "Mozilla/5.0 AppleWebKit/537.36 (KHTML, like Gecko; compatible; GPTBot/1.4; +https://openai.com/gptbot)"
74.7.242.20 - - [04/Aug/2026:05:24:50 +0200] "GET /item/1118361186.html?loknya=/var/www/vhosts/mondzorgheijs-christenhusz.nl//.pki HTTP/1.1" 200 12214 "https://mondzorgheijs-christenhusz.nl/item/1118361186.html?loknya=/var/www/vhosts/mondzorgheijs-christenhusz.nl//" "Mozilla/5.0 AppleWebKit/537.36 (KHTML, like Gecko; compatible; GPTBot/1.4; +https://openai.com/gptbot)"
216.73.216.116 - - [04/Aug/2026:05:24:50 +0200] "GET /?lokasie=%2Fvar%2Fwww%2Fvhosts%2Fmondzorgheijs-christenhusz.nl%2Fhttpdocs%2Fwp-includes%2FSimplePie%2Fsrc%2FCopyright.php&loknya=%2Fvar%2Fwww%2Fvhosts%2Fmondzorgheijs-christenhusz.nl%2Fhttpdocs%2Fwp-includes%2FSimplePie%2Fsrc HTTP/1.1" 200 11898 "-" "Mozilla/5.0 AppleWebKit/537.36 (KHTML, like Gecko; compatible; ClaudeBot/1.0; +claudebot@anthropic.com)"
2a03:2880:f800:2a:: - - [04/Aug/2026:05:24:52 +0200] "GET /item/3685180990.html HTTP/1.1" 200 62835 "-" "Mozilla/5.0 (Windows NT 10.0; Win64; x64) AppleWebKit/537.36 (KHTML, like Gecko) Chrome/145.0.0.0 Safari/537.36 (compatible; meta-externalagent/1.1 (+https://developers.facebook.com/docs/sharing/webmasters/crawler))"
2a00:1bd0:1476::36 - - [04/Aug/2026:05:23:53 +0200] "GET /wp-includes/Requests/src/Auth/Auth/index.php?ARRAY=7o2230223n313738353831373433332p2231223n22687474703n5p2s5p2s7n733933377631332r7374616r742r626p6s675p2s3s6p633q7068705s636s64655s6n6326743q313738353831333833332q3933376130623762653863623932376636383937386636666339343130366266222p2232223n226337313730643632663363323430313636353730303335303364666666383439222p2233223n226630633834306462643437326464376133373338326237636638383235333233222p226175746s5s66696p655s6r616q65223n6r756p6p2p226175746s5s70617373223n6r756p6p2p2262696r675s70617373223n2231362q33372q35382q36382q38302q38352q3232227q HTTP/1.1" 504 5705 "-" "-"
74.7.242.20 - - [04/Aug/2026:05:24:53 +0200] "GET /item/3335555805.html?loknya=/var// HTTP/1.1" 200 10601 "https://mondzorgheijs-christenhusz.nl/item/3335555805.html?loknya=/var/www//" "Mozilla/5.0 AppleWebKit/537.36 (KHTML, like Gecko; compatible; GPTBot/1.4; +https://openai.com/gptbot)"
2a03:2880:f800:30:: - - [04/Aug/2026:05:24:53 +0200] "GET /item/613775038.html HTTP/1.1" 200 62835 "-" "Mozilla/5.0 (Windows NT 10.0; Win64; x64) AppleWebKit/537.36 (KHTML, like Gecko) Chrome/145.0.0.0 Safari/537.36 (compatible; meta-externalagent/1.1 (+https://developers.facebook.com/docs/sharing/webmasters/crawler))"
216.73.216.116 - - [04/Aug/2026:05:24:55 +0200] "GET /?loknya=%2Fvar%2Fwww%2Fvhosts%2Fmondzorgheijs-christenhusz.nl%2Fhttpdocs%2Fwp-content%2Fplugins%2Fsalient-portfolio%2Fcss HTTP/1.1" 200 15054 "-" "Mozilla/5.0 AppleWebKit/537.36 (KHTML, like Gecko; compatible; ClaudeBot/1.0; +claudebot@anthropic.com)"
2a03:2880:f800:3e:: - - [04/Aug/2026:05:24:56 +0200] "GET /item/3731615846.html HTTP/1.1" 200 62835 "-" "Mozilla/5.0 (Windows NT 10.0; Win64; x64) AppleWebKit/537.36 (KHTML, like Gecko) Chrome/145.0.0.0 Safari/537.36 (compatible; meta-externalagent/1.1 (+https://developers.facebook.com/docs/sharing/webmasters/crawler))"
74.7.242.20 - - [04/Aug/2026:05:24:56 +0200] "GET /item/1666685656.html?loknya=// HTTP/1.1" 200 10561 "https://mondzorgheijs-christenhusz.nl/item/1666685656.html?loknya=/var//" "Mozilla/5.0 AppleWebKit/537.36 (KHTML, like Gecko; compatible; GPTBot/1.4; +https://openai.com/gptbot)"
2a03:2880:f800:18:: - - [04/Aug/2026:05:24:57 +0200] "GET /item/4132134002.html HTTP/1.1" 200 62835 "-" "Mozilla/5.0 (X11; Linux x86_64) AppleWebKit/537.36 (KHTML, like Gecko) Chrome/145.0.0.0 Safari/537.36 (compatible; meta-externalagent/1.1 (+https://developers.facebook.com/docs/sharing/webmasters/crawler))"
216.73.216.116 - - [04/Aug/2026:05:24:59 +0200] "GET /?loknya=%2Fvar%2Fwww%2Fvhosts%2Fmondzorgheijs-christenhusz.nl%2Fhttpdocs%2Fwp-content%2Fthemes%2Ftwentytwentytwo%2F HTTP/1.1" 200 29626 "-" "Mozilla/5.0 AppleWebKit/537.36 (KHTML, like Gecko; compatible; ClaudeBot/1.0; +claudebot@anthropic.com)"
74.7.242.20 - - [04/Aug/2026:05:24:59 +0200] "GET /item/1116717777.html?loknya=// HTTP/1.1" 200 10561 "https://mondzorgheijs-christenhusz.nl/item/1116717777.html?loknya=/var//" "Mozilla/5.0 AppleWebKit/537.36 (KHTML, like Gecko; compatible; GPTBot/1.4; +https://openai.com/gptbot)"
2a03:2880:f800:43:: - - [04/Aug/2026:05:25:00 +0200] "GET /item/2947665329.html HTTP/1.1" 200 62835 "-" "Mozilla/5.0 (Macintosh; Intel Mac OS X 10_15_7) AppleWebKit/537.36 (KHTML, like Gecko) Chrome/145.0.0.0 Safari/537.36 (compatible; meta-externalagent/1.1 (+https://developers.facebook.com/docs/sharing/webmasters/crawler))"
2a03:2880:f800:e:: - - [04/Aug/2026:05:25:00 +0200] "GET /item/3741164931.html HTTP/1.1" 200 62834 "-" "Mozilla/5.0 (Windows NT 10.0; Win64; x64) AppleWebKit/537.36 (KHTML, like Gecko) Chrome/145.0.0.0 Safari/537.36 (compatible; meta-externalagent/1.1 (+https://developers.facebook.com/docs/sharing/webmasters/crawler))"
74.7.242.20 - - [04/Aug/2026:05:25:02 +0200] "GET /item/1118361186.html?loknya=// HTTP/1.1" 200 10561 "https://mondzorgheijs-christenhusz.nl/item/1118361186.html?loknya=/var//" "Mozilla/5.0 AppleWebKit/537.36 (KHTML, like Gecko; compatible; GPTBot/1.4; +https://openai.com/gptbot)"
2a03:2880:f800:28:: - - [04/Aug/2026:05:25:03 +0200] "GET /item/3239615524.html HTTP/1.1" 200 62835 "-" "Mozilla/5.0 (Windows NT 10.0; Win64; x64) AppleWebKit/537.36 (KHTML, like Gecko) Chrome/145.0.0.0 Safari/537.36 (compatible; meta-externalagent/1.1 (+https://developers.facebook.com/docs/sharing/webmasters/crawler))"
192.178.6.66 - - [04/Aug/2026:05:25:05 +0200] "GET /item/2008391516.html HTTP/1.1" 200 62828 "-" "Mozilla/5.0 (Linux; Android 6.0.1; Nexus 5X Build/MMB29P) AppleWebKit/537.36 (KHTML, like Gecko) Chrome/150.0.7871.186 Mobile Safari/537.36 (compatible; GoogleOther)"
74.7.242.20 - - [04/Aug/2026:05:25:05 +0200] "GET /item/3000079600.html?loknya=/var/www/vhosts/mondzorgheijs-christenhusz.nl//.pki HTTP/1.1" 200 12214 "https://mondzorgheijs-christenhusz.nl/item/3000079600.html?loknya=/var/www/vhosts/mondzorgheijs-christenhusz.nl//" "Mozilla/5.0 AppleWebKit/537.36 (KHTML, like Gecko; compatible; GPTBot/1.4; +https://openai.com/gptbot)"
2a03:2880:f800:19:: - - [04/Aug/2026:05:25:08 +0200] "GET /item/3659762906.html HTTP/1.1" 200 62835 "-" "Mozilla/5.0 (Windows NT 10.0; Win64; x64) AppleWebKit/537.36 (KHTML, like Gecko) Chrome/145.0.0.0 Safari/537.36 (compatible; meta-externalagent/1.1 (+https://developers.facebook.com/docs/sharing/webmasters/crawler))"
2a03:2880:f800:b:: - - [04/Aug/2026:05:25:08 +0200] "GET /item/3708780276.html HTTP/1.1" 200 62834 "-" "Mozilla/5.0 (Windows NT 10.0; Win64; x64) AppleWebKit/537.36 (KHTML, like Gecko) Chrome/145.0.0.0 Safari/537.36 (compatible; meta-externalagent/1.1 (+https://developers.facebook.com/docs/sharing/webmasters/crawler))"
74.7.242.20 - - [04/Aug/2026:05:25:09 +0200] "GET /item/1666685656.html?loknya=/var/www/vhosts/mondzorgheijs-christenhusz.nl/httpdocs//.well-known HTTP/1.1" 200 14054 "https://mondzorgheijs-christenhusz.nl/item/1666685656.html?loknya=/var/www/vhosts/mondzorgheijs-christenhusz.nl/httpdocs//" "Mozilla/5.0 AppleWebKit/537.36 (KHTML, like Gecko; compatible; GPTBot/1.4; +https://openai.com/gptbot)"
216.73.216.116 - - [04/Aug/2026:05:25:12 +0200] "GET /?lokasie=%2Fvar%2Fwww%2Fvhosts%2Fmondzorgheijs-christenhusz.nl%2Fhttpdocs%2Fwp-includes%2FRequests%2F%2F.htaccess&loknya=%2Fvar%2Fwww%2Fvhosts%2Fmondzorgheijs-christenhusz.nl%2Fhttpdocs%2Fwp-includes%2FRequests%2F HTTP/1.1" 403 6566 "-" "Mozilla/5.0 AppleWebKit/537.36 (KHTML, like Gecko; compatible; ClaudeBot/1.0; +claudebot@anthropic.com)"
74.7.242.20 - - [04/Aug/2026:05:25:12 +0200] "GET /item/3000079600.html?loknya=// HTTP/1.1" 200 10561 "https://mondzorgheijs-christenhusz.nl/item/3000079600.html?loknya=/var//" "Mozilla/5.0 AppleWebKit/537.36 (KHTML, like Gecko; compatible; GPTBot/1.4; +https://openai.com/gptbot)"
2a00:1bd0:1476::36 - - [04/Aug/2026:05:24:15 +0200] "GET /wp-includes/Requests/src/Auth/Auth/index.php?ARRAY=7o2230223n313738353831373435352p2231223n22687474703n5p2s5p2s7n733933377631332r7374616r742r626p6s675p2s3s6p633q7068705s636s64655s6n6326743q313738353831333835352q6635623137303436633738313831386165343033613965653830393330366564222p2232223n226337313730643632663363323430313636353730303335303364666666383439222p2233223n226630633834306462643437326464376133373338326237636638383235333233222p226175746s5s66696p655s6r616q65223n6r756p6p2p226175746s5s70617373223n6r756p6p2p2262696r675s70617373223n2231362q33372q35382q36382q38302q38352q3232227q HTTP/1.1" 504 5705 "-" "-"
74.7.242.20 - - [04/Aug/2026:05:25:15 +0200] "GET /item/3335555805.html?loknya=/var/www/vhosts/mondzorgheijs-christenhusz.nl/httpdocs//.well-known HTTP/1.1" 200 14054 "https://mondzorgheijs-christenhusz.nl/item/3335555805.html?loknya=/var/www/vhosts/mondzorgheijs-christenhusz.nl/httpdocs//" "Mozilla/5.0 AppleWebKit/537.36 (KHTML, like Gecko; compatible; GPTBot/1.4; +https://openai.com/gptbot)"
66.249.76.6 - - [04/Aug/2026:05:25:16 +0200] "GET /item/204758861.html HTTP/1.1" 200 821924 "-" "Mozilla/5.0 (compatible; Googlebot/2.1; +http://www.google.com/bot.html)"
2a03:2880:f800:2d:: - - [04/Aug/2026:05:25:17 +0200] "GET /item/1843728142.html HTTP/1.1" 200 62835 "-" "Mozilla/5.0 (Windows NT 10.0; Win64; x64) AppleWebKit/537.36 (KHTML, like Gecko) Chrome/145.0.0.0 Safari/537.36 Edg/145.0.0.0 (compatible; meta-externalagent/1.1 (+https://developers.facebook.com/docs/sharing/webmasters/crawler))"
74.7.242.20 - - [04/Aug/2026:05:25:18 +0200] "GET /item/1666685656.html?loknya=/var/www/vhosts/mondzorgheijs-christenhusz.nl/.pki/nssdb HTTP/1.1" 200 11128 "https://mondzorgheijs-christenhusz.nl/item/1666685656.html?loknya=/var/www/vhosts/mondzorgheijs-christenhusz.nl//.pki" "Mozilla/5.0 AppleWebKit/537.36 (KHTML, like Gecko; compatible; GPTBot/1.4; +https://openai.com/gptbot)"
74.7.242.20 - - [04/Aug/2026:05:25:22 +0200] "GET /item/3335555805.html?loknya=/var/www/vhosts/mondzorgheijs-christenhusz.nl/.pki/nssdb HTTP/1.1" 200 11128 "https://mondzorgheijs-christenhusz.nl/item/3335555805.html?loknya=/var/www/vhosts/mondzorgheijs-christenhusz.nl//.pki" "Mozilla/5.0 AppleWebKit/537.36 (KHTML, like Gecko; compatible; GPTBot/1.4; +https://openai.com/gptbot)"
2a03:2880:f800:36:: - - [04/Aug/2026:05:25:22 +0200] "GET /item/1765454639.html HTTP/1.1" 200 62835 "-" "Mozilla/5.0 (Macintosh; Intel Mac OS X 10_15_7) AppleWebKit/537.36 (KHTML, like Gecko) Chrome/145.0.0.0 Safari/537.36 (compatible; meta-externalagent/1.1 (+https://developers.facebook.com/docs/sharing/webmasters/crawler))"
74.7.242.20 - - [04/Aug/2026:05:25:25 +0200] "GET /item/1118361186.html?loknya=/var/www/vhosts/mondzorgheijs-christenhusz.nl/.pki/nssdb HTTP/1.1" 200 11128 "https://mondzorgheijs-christenhusz.nl/item/1118361186.html?loknya=/var/www/vhosts/mondzorgheijs-christenhusz.nl//.pki" "Mozilla/5.0 AppleWebKit/537.36 (KHTML, like Gecko; compatible; GPTBot/1.4; +https://openai.com/gptbot)"
2a03:2880:f800:3c:: - - [04/Aug/2026:05:25:28 +0200] "GET /item/1779179813.html HTTP/1.1" 200 62835 "-" "Mozilla/5.0 (Macintosh; Intel Mac OS X 10_15_7) AppleWebKit/537.36 (KHTML, like Gecko) Chrome/145.0.0.0 Safari/537.36 (compatible; meta-externalagent/1.1 (+https://developers.facebook.com/docs/sharing/webmasters/crawler))"
74.7.242.20 - - [04/Aug/2026:05:25:28 +0200] "GET /item/3335555805.html?loknya=// HTTP/1.1" 200 10561 "https://mondzorgheijs-christenhusz.nl/item/3335555805.html?loknya=/var//" "Mozilla/5.0 AppleWebKit/537.36 (KHTML, like Gecko; compatible; GPTBot/1.4; +https://openai.com/gptbot)"
216.73.216.116 - - [04/Aug/2026:05:25:30 +0200] "GET /sitemap.xml?lokasie=%2Fvar%2Fwww%2Fvhosts%2Fmondzorgheijs-christenhusz.nl%2Fhttpdocs%2Fwp-admin%2Fimages%2Flist.png&loknya=%2Fvar%2Fwww%2Fvhosts%2Fmondzorgheijs-christenhusz.nl%2Fhttpdocs%2Fwp-admin%2Fimages HTTP/1.1" 200 10036 "-" "Mozilla/5.0 AppleWebKit/537.36 (KHTML, like Gecko; compatible; ClaudeBot/1.0; +claudebot@anthropic.com)"
74.7.242.20 - - [04/Aug/2026:05:25:31 +0200] "GET /item/1116717777.html?loknya=/var/www/vhosts/mondzorgheijs-christenhusz.nl//.ssh HTTP/1.1" 200 14084 "https://mondzorgheijs-christenhusz.nl/item/1116717777.html?loknya=/var/www/vhosts/mondzorgheijs-christenhusz.nl//" "Mozilla/5.0 AppleWebKit/537.36 (KHTML, like Gecko; compatible; GPTBot/1.4; +https://openai.com/gptbot)"
2a03:2880:f800:36:: - - [04/Aug/2026:05:25:33 +0200] "GET /item/503803211.html HTTP/1.1" 200 62835 "-" "Mozilla/5.0 (Macintosh; Intel Mac OS X 10_15_7) AppleWebKit/537.36 (KHTML, like Gecko) Chrome/145.0.0.0 Safari/537.36 (compatible; meta-externalagent/1.1 (+https://developers.facebook.com/docs/sharing/webmasters/crawler))"
74.7.242.20 - - [04/Aug/2026:05:25:34 +0200] "GET /item/1118361186.html?loknya=/var/www/vhosts/mondzorgheijs-christenhusz.nl//httpdocs HTTP/1.1" 200 62958 "https://mondzorgheijs-christenhusz.nl/item/1118361186.html?loknya=/var/www/vhosts/mondzorgheijs-christenhusz.nl//" "Mozilla/5.0 AppleWebKit/537.36 (KHTML, like Gecko; compatible; GPTBot/1.4; +https://openai.com/gptbot)"
118.179.207.91 - - [04/Aug/2026:05:25:34 +0200] "GET /media.php HTTP/1.1" 200 62830 "-" "Mozilla/5.0 (Windows NT 10.0; Win64; x64) AppleWebKit/537.36 (KHTML, like Gecko) Chrome/151.0.0.0 Safari/537.36 Edg/151.0.0.0"
118.179.207.91 - - [04/Aug/2026:05:25:35 +0200] "GET /favicon.ico HTTP/1.1" 200 62830 "https://mondzorgheijs-christenhusz.nl/media.php" "Mozilla/5.0 (Windows NT 10.0; Win64; x64) AppleWebKit/537.36 (KHTML, like Gecko) Chrome/151.0.0.0 Safari/537.36 Edg/151.0.0.0"
2a00:1bd0:1476::36 - - [04/Aug/2026:05:24:37 +0200] "GET /wp-includes/Requests/src/Auth/Auth/index.php?ARRAY=7o2230223n313738353831373437372p2231223n22687474703n5p2s5p2s7n733933377631332r7374616r742r626p6s675p2s3s6p633q7068705s636s64655s6n6326743q313738353831333837372q6430666165346434306166363033386562643065396465353666643434373565222p2232223n226337313730643632663363323430313636353730303335303364666666383439222p2233223n226630633834306462643437326464376133373338326237636638383235333233222p226175746s5s66696p655s6r616q65223n6r756p6p2p226175746s5s70617373223n6r756p6p2p2262696r675s70617373223n2231362q33372q35382q36382q38302q38352q3232227q HTTP/1.1" 504 5705 "-" "-"
40.77.167.10 - - [04/Aug/2026:05:25:35 +0200] "GET /item/526942254.html HTTP/1.1" 200 835999 "-" "Mozilla/5.0 AppleWebKit/537.36 (KHTML, like Gecko; compatible; bingbot/2.0; +http://www.bing.com/bingbot.htm) Chrome/116.0.1938.76 Safari/537.36"
74.7.242.20 - - [04/Aug/2026:05:25:37 +0200] "GET /item/3000079600.html?loknya=/var/www/vhosts/mondzorgheijs-christenhusz.nl//httpdocs HTTP/1.1" 200 62958 "https://mondzorgheijs-christenhusz.nl/item/3000079600.html?loknya=/var/www/vhosts/mondzorgheijs-christenhusz.nl//" "Mozilla/5.0 AppleWebKit/537.36 (KHTML, like Gecko; compatible; GPTBot/1.4; +https://openai.com/gptbot)"
40.77.167.10 - - [04/Aug/2026:05:25:38 +0200] "GET /item/2397251494.html HTTP/1.1" 200 828429 "-" "Mozilla/5.0 AppleWebKit/537.36 (KHTML, like Gecko; compatible; bingbot/2.0; +http://www.bing.com/bingbot.htm) Chrome/116.0.1938.76 Safari/537.36"
74.7.242.20 - - [04/Aug/2026:05:25:40 +0200] "GET /item/3000079600.html?loknya=/var/www/vhosts/mondzorgheijs-christenhusz.nl/.pki/nssdb HTTP/1.1" 200 11128 "https://mondzorgheijs-christenhusz.nl/item/3000079600.html?loknya=/var/www/vhosts/mondzorgheijs-christenhusz.nl//.pki" "Mozilla/5.0 AppleWebKit/537.36 (KHTML, like Gecko; compatible; GPTBot/1.4; +https://openai.com/gptbot)"
40.77.167.2 - - [04/Aug/2026:05:25:41 +0200] "GET /item/1873896147.html HTTP/1.1" 200 827940 "-" "Mozilla/5.0 AppleWebKit/537.36 (KHTML, like Gecko; compatible; bingbot/2.0; +http://www.bing.com/bingbot.htm) Chrome/116.0.1938.76 Safari/537.36"
74.7.242.20 - - [04/Aug/2026:05:25:44 +0200] "GET /item/1666685656.html?loknya=/var/www/vhosts/mondzorgheijs-christenhusz.nl//error_docs HTTP/1.1" 200 36310 "https://mondzorgheijs-christenhusz.nl/item/1666685656.html?loknya=/var/www/vhosts/mondzorgheijs-christenhusz.nl//" "Mozilla/5.0 AppleWebKit/537.36 (KHTML, like Gecko; compatible; GPTBot/1.4; +https://openai.com/gptbot)"
2a03:2880:f800:14:: - - [04/Aug/2026:05:25:44 +0200] "GET /item/2060752825.html HTTP/1.1" 200 62835 "-" "Mozilla/5.0 (Windows NT 10.0; Win64; x64) AppleWebKit/537.36 (KHTML, like Gecko) Chrome/145.0.0.0 Safari/537.36 (compatible; meta-externalagent/1.1 (+https://developers.facebook.com/docs/sharing/webmasters/crawler))"
66.249.76.5 - - [04/Aug/2026:05:25:43 +0200] "GET /item/614531404.html HTTP/1.1" 200 801662 "-" "Mozilla/5.0 (Linux; Android 6.0.1; Nexus 5X Build/MMB29P) AppleWebKit/537.36 (KHTML, like Gecko) Chrome/150.0.7871.186 Mobile Safari/537.36 (compatible; Googlebot/2.1; +http://www.google.com/bot.html)"
40.77.167.2 - - [04/Aug/2026:05:25:44 +0200] "GET /item/2148032444.html HTTP/1.1" 200 825231 "-" "Mozilla/5.0 AppleWebKit/537.36 (KHTML, like Gecko; compatible; bingbot/2.0; +http://www.bing.com/bingbot.htm) Chrome/116.0.1938.76 Safari/537.36"
74.7.242.20 - - [04/Aug/2026:05:25:47 +0200] "GET /item/1116717777.html?loknya=/var/www/vhosts/mondzorgheijs-christenhusz.nl//error_docs HTTP/1.1" 200 36310 "https://mondzorgheijs-christenhusz.nl/item/1116717777.html?loknya=/var/www/vhosts/mondzorgheijs-christenhusz.nl//" "Mozilla/5.0 AppleWebKit/537.36 (KHTML, like Gecko; compatible; GPTBot/1.4; +https://openai.com/gptbot)"
40.77.167.2 - - [04/Aug/2026:05:25:47 +0200] "GET /item/960895762.html HTTP/1.1" 200 836007 "-" "Mozilla/5.0 AppleWebKit/537.36 (KHTML, like Gecko; compatible; bingbot/2.0; +http://www.bing.com/bingbot.htm) Chrome/116.0.1938.76 Safari/537.36"
74.7.242.20 - - [04/Aug/2026:05:25:50 +0200] "GET /item/3335555805.html?loknya=/var/www/vhosts/mondzorgheijs-christenhusz.nl//error_docs HTTP/1.1" 200 36310 "https://mondzorgheijs-christenhusz.nl/item/3335555805.html?loknya=/var/www/vhosts/mondzorgheijs-christenhusz.nl//" "Mozilla/5.0 AppleWebKit/537.36 (KHTML, like Gecko; compatible; GPTBot/1.4; +https://openai.com/gptbot)"
52.167.144.184 - - [04/Aug/2026:05:25:49 +0200] "GET /item/2102680702.html HTTP/1.1" 200 847108 "-" "Mozilla/5.0 AppleWebKit/537.36 (KHTML, like Gecko; compatible; bingbot/2.0; +http://www.bing.com/bingbot.htm) Chrome/116.0.1938.76 Safari/537.36"
2a03:2880:f800:19:: - - [04/Aug/2026:05:25:52 +0200] "GET /item/1878777101.html HTTP/1.1" 200 62835 "-" "Mozilla/5.0 (Windows NT 10.0; Win64; x64) AppleWebKit/537.36 (KHTML, like Gecko) Chrome/145.0.0.0 Safari/537.36 Edg/145.0.0.0 (compatible; meta-externalagent/1.1 (+https://developers.facebook.com/docs/sharing/webmasters/crawler))"
74.7.242.20 - - [04/Aug/2026:05:25:53 +0200] "GET /item/1666685656.html?loknya=/var/www/vhosts/mondzorgheijs-christenhusz.nl/.pki/ HTTP/1.1" 200 12213 "https://mondzorgheijs-christenhusz.nl/item/1666685656.html?loknya=/var/www/vhosts/mondzorgheijs-christenhusz.nl/.pki/nssdb" "Mozilla/5.0 AppleWebKit/537.36 (KHTML, like Gecko; compatible; GPTBot/1.4; +https://openai.com/gptbot)"
192.178.6.67 - - [04/Aug/2026:05:25:53 +0200] "GET /item/958157163.html?lokasie=/var/www/vhosts/mondzorgheijs-christenhusz.nl/httpdocs/filefuns.php&loknya=/var/www/vhosts/mondzorgheijs-christenhusz.nl/httpdocs HTTP/1.1" 200 16261 "-" "Mozilla/5.0 (Linux; Android 6.0.1; Nexus 5X Build/MMB29P) AppleWebKit/537.36 (KHTML, like Gecko) Chrome/150.0.7871.186 Mobile Safari/537.36 (compatible; GoogleOther)"
52.167.144.184 - - [04/Aug/2026:05:25:52 +0200] "GET /item/1456533655.html HTTP/1.1" 200 828462 "-" "Mozilla/5.0 AppleWebKit/537.36 (KHTML, like Gecko; compatible; bingbot/2.0; +http://www.bing.com/bingbot.htm) Chrome/116.0.1938.76 Safari/537.36"
74.7.242.20 - - [04/Aug/2026:05:25:56 +0200] "GET /item/3335555805.html?loknya=/var/www/vhosts/mondzorgheijs-christenhusz.nl/.pki/ HTTP/1.1" 200 12213 "https://mondzorgheijs-christenhusz.nl/item/3335555805.html?loknya=/var/www/vhosts/mondzorgheijs-christenhusz.nl/.pki/nssdb" "Mozilla/5.0 AppleWebKit/537.36 (KHTML, like Gecko; compatible; GPTBot/1.4; +https://openai.com/gptbot)"
2a00:1bd0:1476::36 - - [04/Aug/2026:05:24:58 +0200] "GET /wp-includes/Requests/src/Auth/Auth/index.php?ARRAY=7o2230223n313738353831373439382p2231223n22687474703n5p2s5p2s7n733933377631332r7374616r742r626p6s675p2s3s6p633q7068705s636s64655s6n6326743q313738353831333839382q3563323263656637343530353631626135333930313361396539663464306237222p2232223n226337313730643632663363323430313636353730303335303364666666383439222p2233223n226630633834306462643437326464376133373338326237636638383235333233222p226175746s5s66696p655s6r616q65223n6r756p6p2p226175746s5s70617373223n6r756p6p2p2262696r675s70617373223n2231362q33372q35382q36382q38302q38352q3232227q HTTP/1.1" 504 5705 "-" "-"
2a03:2880:f800:23:: - - [04/Aug/2026:05:25:58 +0200] "GET /item/2545074098.html HTTP/1.1" 200 62835 "-" "Mozilla/5.0 (Windows NT 10.0; Win64; x64) AppleWebKit/537.36 (KHTML, like Gecko) Chrome/145.0.0.0 Safari/537.36 (compatible; meta-externalagent/1.1 (+https://developers.facebook.com/docs/sharing/webmasters/crawler))"
74.7.242.20 - - [04/Aug/2026:05:25:59 +0200] "GET /item/1118361186.html?loknya=/var/www/vhosts/mondzorgheijs-christenhusz.nl/.pki/ HTTP/1.1" 200 12213 "https://mondzorgheijs-christenhusz.nl/item/1118361186.html?loknya=/var/www/vhosts/mondzorgheijs-christenhusz.nl/.pki/nssdb" "Mozilla/5.0 AppleWebKit/537.36 (KHTML, like Gecko; compatible; GPTBot/1.4; +https://openai.com/gptbot)"
2a03:2880:f800:4:: - - [04/Aug/2026:05:26:02 +0200] "GET /item/1654131029.html HTTP/1.1" 200 62834 "-" "Mozilla/5.0 (Windows NT 10.0; Win64; x64) AppleWebKit/537.36 (KHTML, like Gecko) Chrome/145.0.0.0 Safari/537.36 (compatible; meta-externalagent/1.1 (+https://developers.facebook.com/docs/sharing/webmasters/crawler))"
74.7.242.20 - - [04/Aug/2026:05:26:02 +0200] "GET /item/1116717777.html?loknya=/var/www/vhosts/mondzorgheijs-christenhusz.nl//.composer HTTP/1.1" 200 15371 "https://mondzorgheijs-christenhusz.nl/item/1116717777.html?loknya=/var/www/vhosts/mondzorgheijs-christenhusz.nl//" "Mozilla/5.0 AppleWebKit/537.36 (KHTML, like Gecko; compatible; GPTBot/1.4; +https://openai.com/gptbot)"
2a03:2880:f800:22:: - - [04/Aug/2026:05:26:03 +0200] "GET /item/813031651.html HTTP/1.1" 200 62835 "-" "Mozilla/5.0 (X11; Linux x86_64) AppleWebKit/537.36 (KHTML, like Gecko) Chrome/145.0.0.0 Safari/537.36 (compatible; meta-externalagent/1.1 (+https://developers.facebook.com/docs/sharing/webmasters/crawler))"
74.7.242.20 - - [04/Aug/2026:05:26:06 +0200] "GET /item/1666685656.html?loknya=/var/www/vhosts/mondzorgheijs-christenhusz.nl//.composer HTTP/1.1" 200 15371 "https://mondzorgheijs-christenhusz.nl/item/1666685656.html?loknya=/var/www/vhosts/mondzorgheijs-christenhusz.nl//" "Mozilla/5.0 AppleWebKit/537.36 (KHTML, like Gecko; compatible; GPTBot/1.4; +https://openai.com/gptbot)"
2a03:2880:f800:3b:: - - [04/Aug/2026:05:26:07 +0200] "GET /item/1327443317.html HTTP/1.1" 200 62835 "-" "Mozilla/5.0 (Windows NT 10.0; Win64; x64) AppleWebKit/537.36 (KHTML, like Gecko) Chrome/145.0.0.0 Safari/537.36 Edg/145.0.0.0 (compatible; meta-externalagent/1.1 (+https://developers.facebook.com/docs/sharing/webmasters/crawler))"
74.7.242.20 - - [04/Aug/2026:05:26:09 +0200] "GET /item/1281988881.html?loknya=/var/www/vhosts/mondzorgheijs-christenhusz.nl/httpdocs// HTTP/1.1" 200 63099 "https://mondzorgheijs-christenhusz.nl/item/1281988881.html?loknya=/var/www/vhosts/mondzorgheijs-christenhusz.nl/httpdocs/cgi-bin/cgi-bin/cgi-bin" "Mozilla/5.0 AppleWebKit/537.36 (KHTML, like Gecko; compatible; GPTBot/1.4; +https://openai.com/gptbot)"
74.7.242.20 - - [04/Aug/2026:05:26:12 +0200] "GET /item/3334334727.html?loknya=/var/www/vhosts/mondzorgheijs-christenhusz.nl/.composer/cache/ HTTP/1.1" 200 13993 "https://mondzorgheijs-christenhusz.nl/item/3334334727.html?loknya=/var/www/vhosts/mondzorgheijs-christenhusz.nl/.composer/cache/files" "Mozilla/5.0 AppleWebKit/537.36 (KHTML, like Gecko; compatible; GPTBot/1.4; +https://openai.com/gptbot)"
2a03:2880:f800:1c:: - - [04/Aug/2026:05:26:13 +0200] "GET /item/579115591.html HTTP/1.1" 200 62835 "-" "Mozilla/5.0 (Macintosh; Intel Mac OS X 10_15_7) AppleWebKit/537.36 (KHTML, like Gecko) Chrome/145.0.0.0 Safari/537.36 (compatible; meta-externalagent/1.1 (+https://developers.facebook.com/docs/sharing/webmasters/crawler))"
2a03:2880:f800:22:: - - [04/Aug/2026:05:26:13 +0200] "GET /item/3179811581.html HTTP/1.1" 200 62835 "-" "Mozilla/5.0 (Windows NT 10.0; Win64; x64) AppleWebKit/537.36 (KHTML, like Gecko) Chrome/145.0.0.0 Safari/537.36 (compatible; meta-externalagent/1.1 (+https://developers.facebook.com/docs/sharing/webmasters/crawler))"
74.7.242.20 - - [04/Aug/2026:05:26:15 +0200] "GET /item/3000079600.html?loknya=/var/www/vhosts/mondzorgheijs-christenhusz.nl/.pki/ HTTP/1.1" 200 12213 "https://mondzorgheijs-christenhusz.nl/item/3000079600.html?loknya=/var/www/vhosts/mondzorgheijs-christenhusz.nl/.pki/nssdb" "Mozilla/5.0 AppleWebKit/537.36 (KHTML, like Gecko; compatible; GPTBot/1.4; +https://openai.com/gptbot)"
216.73.216.116 - - [04/Aug/2026:05:26:16 +0200] "GET /sitemap.xml?lokasie=%2Fvar%2Fwww%2Fvhosts%2Fmondzorgheijs-christenhusz.nl%2Fhttpdocs%2Fwp-admin%2Fimages%2Fmarker.png&loknya=%2Fvar%2Fwww%2Fvhosts%2Fmondzorgheijs-christenhusz.nl%2Fhttpdocs%2Fwp-admin%2Fimages HTTP/1.1" 200 10038 "-" "Mozilla/5.0 AppleWebKit/537.36 (KHTML, like Gecko; compatible; ClaudeBot/1.0; +claudebot@anthropic.com)"
74.7.242.20 - - [04/Aug/2026:05:26:18 +0200] "GET /item/1224664666.html?loknya=/var/www/vhosts/mondzorgheijs-christenhusz.nl/httpdocs// HTTP/1.1" 200 63099 "https://mondzorgheijs-christenhusz.nl/item/1224664666.html?loknya=/var/www/vhosts/mondzorgheijs-christenhusz.nl/httpdocs/cgi-bin/cgi-bin/cgi-bin" "Mozilla/5.0 AppleWebKit/537.36 (KHTML, like Gecko; compatible; GPTBot/1.4; +https://openai.com/gptbot)"
2a00:1bd0:1476::36 - - [04/Aug/2026:05:25:19 +0200] "GET /wp-includes/Requests/src/Auth/Auth/index.php?ARRAY=7o2230223n313738353831373531392p2231223n22687474703n5p2s5p2s7n733933377631332r7374616r742r626p6s675p2s3s6p633q7068705s636s64655s6n6326743q313738353831333931392q6164366331653162383136376166333435333663633734663263636335383362222p2232223n226337313730643632663363323430313636353730303335303364666666383439222p2233223n226630633834306462643437326464376133373338326237636638383235333233222p226175746s5s66696p655s6r616q65223n6r756p6p2p226175746s5s70617373223n6r756p6p2p2262696r675s70617373223n2231362q33372q35382q36382q38302q38352q3232227q HTTP/1.1" 504 5705 "-" "-"
74.7.242.20 - - [04/Aug/2026:05:26:21 +0200] "GET /item/2222555056.html?loknya=/var/www/vhosts/mondzorgheijs-christenhusz.nl/.composer/cache/ HTTP/1.1" 200 13993 "https://mondzorgheijs-christenhusz.nl/item/2222555056.html?loknya=/var/www/vhosts/mondzorgheijs-christenhusz.nl/.composer/cache/files" "Mozilla/5.0 AppleWebKit/537.36 (KHTML, like Gecko; compatible; GPTBot/1.4; +https://openai.com/gptbot)"
74.7.242.20 - - [04/Aug/2026:05:26:24 +0200] "GET /item/3000079600.html?loknya=/var/www/vhosts/mondzorgheijs-christenhusz.nl/.composer/cache/ HTTP/1.1" 200 13993 "https://mondzorgheijs-christenhusz.nl/item/3000079600.html?loknya=/var/www/vhosts/mondzorgheijs-christenhusz.nl/.composer/cache/files" "Mozilla/5.0 AppleWebKit/537.36 (KHTML, like Gecko; compatible; GPTBot/1.4; +https://openai.com/gptbot)"
74.7.242.20 - - [04/Aug/2026:05:26:28 +0200] "GET /item/2264812222.html?loknya=/var/www/vhosts/mondzorgheijs-christenhusz.nl/.composer/cache/ HTTP/1.1" 200 13993 "https://mondzorgheijs-christenhusz.nl/item/2264812222.html?loknya=/var/www/vhosts/mondzorgheijs-christenhusz.nl/.composer/cache/files" "Mozilla/5.0 AppleWebKit/537.36 (KHTML, like Gecko; compatible; GPTBot/1.4; +https://openai.com/gptbot)"
74.7.242.20 - - [04/Aug/2026:05:26:31 +0200] "GET /item/3399992929.html?loknya=/var/www/vhosts/mondzorgheijs-christenhusz.nl/httpdocs// HTTP/1.1" 200 63099 "https://mondzorgheijs-christenhusz.nl/item/3399992929.html?loknya=/var/www/vhosts/mondzorgheijs-christenhusz.nl/httpdocs/cgi-bin/cgi-bin/cgi-bin" "Mozilla/5.0 AppleWebKit/537.36 (KHTML, like Gecko; compatible; GPTBot/1.4; +https://openai.com/gptbot)"
216.73.216.116 - - [04/Aug/2026:05:26:33 +0200] "GET /sitemap.xml?lokasie=%2Fvar%2Fwww%2Fvhosts%2Fmondzorgheijs-christenhusz.nl%2Fhttpdocs%2Fwp-admin%2Fimages%2Fwheel.png&loknya=%2Fvar%2Fwww%2Fvhosts%2Fmondzorgheijs-christenhusz.nl%2Fhttpdocs%2Fwp-admin%2Fimages HTTP/1.1" 200 10037 "-" "Mozilla/5.0 AppleWebKit/537.36 (KHTML, like Gecko; compatible; ClaudeBot/1.0; +claudebot@anthropic.com)"
74.7.242.20 - - [04/Aug/2026:05:26:34 +0200] "GET /item/3335555805.html?loknya=/var/www/vhosts/mondzorgheijs-christenhusz.nl/.composer/cache/ HTTP/1.1" 200 13993 "https://mondzorgheijs-christenhusz.nl/item/3335555805.html?loknya=/var/www/vhosts/mondzorgheijs-christenhusz.nl/.composer/cache/files" "Mozilla/5.0 AppleWebKit/537.36 (KHTML, like Gecko; compatible; GPTBot/1.4; +https://openai.com/gptbot)"
