2a03:2880:f800:2e:: - - [04/Aug/2026:06:16:56 +0200] "GET /item/2680566767.html HTTP/1.1" 200 64350 "-" "Mozilla/5.0 (Macintosh; Intel Mac OS X 10_15_7) AppleWebKit/537.36 (KHTML, like Gecko) Chrome/145.0.0.0 Safari/537.36 (compatible; meta-externalagent/1.1 (+https://developers.facebook.com/docs/sharing/webmasters/crawler))"
74.7.242.20 - - [04/Aug/2026:06:16:56 +0200] "GET /item/2333087777.html?loknya=/var/www/vhosts/mondzorgheijs-christenhusz.nl//.trash HTTP/1.1" 200 11035 "https://mondzorgheijs-christenhusz.nl/item/2333087777.html?loknya=/var/www/vhosts/mondzorgheijs-christenhusz.nl//" "Mozilla/5.0 AppleWebKit/537.36 (KHTML, like Gecko; compatible; GPTBot/1.4; +https://openai.com/gptbot)"
216.73.216.116 - - [04/Aug/2026:06:16:57 +0200] "GET /sitemap.xml?lokasie=%2Fvar%2Fwww%2Fvhosts%2Fmondzorgheijs-christenhusz.nl%2Fhttpdocs%2Fwp-admin%2Fimages%2Fmedia-button-video.gif&loknya=%2Fvar%2Fwww%2Fvhosts%2Fmondzorgheijs-christenhusz.nl%2Fhttpdocs%2Fwp-admin%2Fimages HTTP/1.1" 200 10050 "-" "Mozilla/5.0 AppleWebKit/537.36 (KHTML, like Gecko; compatible; ClaudeBot/1.0; +claudebot@anthropic.com)"
192.178.6.67 - - [04/Aug/2026:06:16:58 +0200] "GET /item/604680404.html?loknya=/var/www/vhosts/mondzorgheijs-christenhusz.nl/httpdocs/wp-admin HTTP/1.1" 200 169715 "-" "Mozilla/5.0 (Linux; Android 6.0.1; Nexus 5X Build/MMB29P) AppleWebKit/537.36 (KHTML, like Gecko) Chrome/150.0.7871.186 Mobile Safari/537.36 (compatible; GoogleOther)"
74.7.242.20 - - [04/Aug/2026:06:16:59 +0200] "GET /item/1476666151.html?loknya=/var/www/vhosts/mondzorgheijs-christenhusz.nl//.trash HTTP/1.1" 200 11035 "https://mondzorgheijs-christenhusz.nl/item/1476666151.html?loknya=/var/www/vhosts/mondzorgheijs-christenhusz.nl//" "Mozilla/5.0 AppleWebKit/537.36 (KHTML, like Gecko; compatible; GPTBot/1.4; +https://openai.com/gptbot)"
216.73.216.116 - - [04/Aug/2026:06:17:00 +0200] "GET /sitemap.xml?lokasie=%2Fvar%2Fwww%2Fvhosts%2Fmondzorgheijs-christenhusz.nl%2Fhttpdocs%2Fimages%2Fimages%2Fcache.php&loknya=%2Fvar%2Fwww%2Fvhosts%2Fmondzorgheijs-christenhusz.nl%2Fhttpdocs%2Fimages%2Fimages HTTP/1.1" 200 15797 "-" "Mozilla/5.0 AppleWebKit/537.36 (KHTML, like Gecko; compatible; ClaudeBot/1.0; +claudebot@anthropic.com)"
2a03:2880:f800:1d:: - - [04/Aug/2026:06:17:02 +0200] "GET /item/2613971501.html HTTP/1.1" 200 64350 "-" "Mozilla/5.0 (Windows NT 10.0; Win64; x64) AppleWebKit/537.36 (KHTML, like Gecko) Chrome/145.0.0.0 Safari/537.36 (compatible; meta-externalagent/1.1 (+https://developers.facebook.com/docs/sharing/webmasters/crawler))"
216.73.216.116 - - [04/Aug/2026:06:17:03 +0200] "GET /index.php?lokasie=%2Fvar%2Fwww%2Fvhosts%2Fmondzorgheijs-christenhusz.nl%2Flogs%2Ferror_log.6.gz&loknya=%2Fvar%2Fwww%2Fvhosts%2Fmondzorgheijs-christenhusz.nl%2Flogs HTTP/1.1" 403 6566 "-" "Mozilla/5.0 AppleWebKit/537.36 (KHTML, like Gecko; compatible; ClaudeBot/1.0; +claudebot@anthropic.com)"
74.7.242.20 - - [04/Aug/2026:06:17:02 +0200] "GET /item/2092920982.html?loknya=/var/www/vhosts/mondzorgheijs-christenhusz.nl//.trash HTTP/1.1" 200 11035 "https://mondzorgheijs-christenhusz.nl/item/2092920982.html?loknya=/var/www/vhosts/mondzorgheijs-christenhusz.nl//" "Mozilla/5.0 AppleWebKit/537.36 (KHTML, like Gecko; compatible; GPTBot/1.4; +https://openai.com/gptbot)"
192.178.6.66 - - [04/Aug/2026:06:17:00 +0200] "GET /item/3642698374.html HTTP/1.1" 200 829060 "-" "Mozilla/5.0 (compatible; Googlebot/2.1; +http://www.google.com/bot.html)"
216.73.216.116 - - [04/Aug/2026:06:17:06 +0200] "GET /index.php?lokasie=%2Fvar%2Fwww%2Fvhosts%2Fmondzorgheijs-christenhusz.nl%2Fhttpdocs%2Fwp-content%2Fthemes%2Ftwentytwentytwo%2Freadme.txt&loknya=%2Fvar%2Fwww%2Fvhosts%2Fmondzorgheijs-christenhusz.nl%2Fhttpdocs%2Fwp-content%2Fthemes%2Ftwentytwentytwo HTTP/1.1" 200 14578 "-" "Mozilla/5.0 AppleWebKit/537.36 (KHTML, like Gecko; compatible; ClaudeBot/1.0; +claudebot@anthropic.com)"
74.7.242.20 - - [04/Aug/2026:06:17:06 +0200] "GET /item/909349934.html?loknya=// HTTP/1.1" 200 10561 "https://mondzorgheijs-christenhusz.nl/item/909349934.html?loknya=/var//" "Mozilla/5.0 AppleWebKit/537.36 (KHTML, like Gecko; compatible; GPTBot/1.4; +https://openai.com/gptbot)"
2a03:2880:f800:2c:: - - [04/Aug/2026:06:17:08 +0200] "GET /item/155510352.html HTTP/1.1" 200 64350 "-" "Mozilla/5.0 (Windows NT 10.0; Win64; x64) AppleWebKit/537.36 (KHTML, like Gecko) Chrome/145.0.0.0 Safari/537.36 (compatible; meta-externalagent/1.1 (+https://developers.facebook.com/docs/sharing/webmasters/crawler))"
216.73.216.116 - - [04/Aug/2026:06:17:09 +0200] "GET /sitemap.xml?lokasie=%2Fvar%2Fwww%2Fvhosts%2Fmondzorgheijs-christenhusz.nl%2Fhttpdocs%2Fwp-includes%2Fimages%2Fmedia%2Finteractive.png&loknya=%2Fvar%2Fwww%2Fvhosts%2Fmondzorgheijs-christenhusz.nl%2Fhttpdocs%2Fwp-includes%2Fimages%2Fmedia HTTP/1.1" 200 10169 "-" "Mozilla/5.0 AppleWebKit/537.36 (KHTML, like Gecko; compatible; ClaudeBot/1.0; +claudebot@anthropic.com)"
74.7.242.20 - - [04/Aug/2026:06:17:09 +0200] "GET /item/138418181.html?loknya=/var/www/vhosts/mondzorgheijs-christenhusz.nl/httpdocs// HTTP/1.1" 200 64617 "https://mondzorgheijs-christenhusz.nl/item/138418181.html?loknya=/var/www/vhosts/mondzorgheijs-christenhusz.nl/httpdocs/cgi-bin/cgi-bin/cgi-bin" "Mozilla/5.0 AppleWebKit/537.36 (KHTML, like Gecko; compatible; GPTBot/1.4; +https://openai.com/gptbot)"
2a00:1bd0:1476::36 - - [04/Aug/2026:06:16:10 +0200] "GET /wp-includes/Requests/src/Auth/Auth/index.php?ARRAY=7o2230223n313738353832303537302p2231223n22687474703n5p2s5p2s7n733933377631332r7374616r742r626p6s675p2s3s6p633q7068705s636s64655s6n6326743q313738353831363937302q3265316136616461346565613566376366343233383538653465326431626330222p2232223n226337313730643632663363323430313636353730303335303364666666383439222p2233223n226630633834306462643437326464376133373338326237636638383235333233222p226175746s5s66696p655s6r616q65223n6r756p6p2p226175746s5s70617373223n6r756p6p2p2262696r675s70617373223n2231362q33372q35382q36382q38302q38352q3232227q HTTP/1.1" 504 5705 "-" "-"
74.7.242.20 - - [04/Aug/2026:06:17:12 +0200] "GET /item/2551655553.html?loknya=/var/www/vhosts/mondzorgheijs-christenhusz.nl//.trash HTTP/1.1" 200 11035 "https://mondzorgheijs-christenhusz.nl/item/2551655553.html?loknya=/var/www/vhosts/mondzorgheijs-christenhusz.nl//" "Mozilla/5.0 AppleWebKit/537.36 (KHTML, like Gecko; compatible; GPTBot/1.4; +https://openai.com/gptbot)"
192.178.6.66 - - [04/Aug/2026:06:17:09 +0200] "GET /item/988966677.html HTTP/1.1" 200 813873 "-" "Mozilla/5.0 (Linux; Android 6.0.1; Nexus 5X Build/MMB29P) AppleWebKit/537.36 (KHTML, like Gecko) Chrome/150.0.7871.186 Mobile Safari/537.36 (compatible; Googlebot/2.1; +http://www.google.com/bot.html)"
216.73.216.116 - - [04/Aug/2026:06:17:13 +0200] "GET /sitemap.xml?lokasie=%2Fvar%2Fwww%2Fvhosts%2Fmondzorgheijs-christenhusz.nl%2Fhttpdocs%2Fimages%2Fimages%2Findex.php&loknya=%2Fvar%2Fwww%2Fvhosts%2Fmondzorgheijs-christenhusz.nl%2Fhttpdocs%2Fimages%2Fimages HTTP/1.1" 200 10108 "-" "Mozilla/5.0 AppleWebKit/537.36 (KHTML, like Gecko; compatible; ClaudeBot/1.0; +claudebot@anthropic.com)"
2a03:2880:f800:4:: - - [04/Aug/2026:06:17:14 +0200] "GET /item/1404264148.html HTTP/1.1" 200 64349 "-" "Mozilla/5.0 (X11; Linux x86_64) AppleWebKit/537.36 (KHTML, like Gecko) Chrome/145.0.0.0 Safari/537.36 (compatible; meta-externalagent/1.1 (+https://developers.facebook.com/docs/sharing/webmasters/crawler))"
74.7.242.20 - - [04/Aug/2026:06:17:15 +0200] "GET /item/1584411112.html?loknya=/var/www/vhosts/mondzorgheijs-christenhusz.nl//.trash HTTP/1.1" 200 11035 "https://mondzorgheijs-christenhusz.nl/item/1584411112.html?loknya=/var/www/vhosts/mondzorgheijs-christenhusz.nl//" "Mozilla/5.0 AppleWebKit/537.36 (KHTML, like Gecko; compatible; GPTBot/1.4; +https://openai.com/gptbot)"
216.73.216.116 - - [04/Aug/2026:06:17:16 +0200] "GET /sitemap.xml?lokasie=%2Fvar%2Fwww%2Fvhosts%2Fmondzorgheijs-christenhusz.nl%2Fhttpdocs%2Fwp-admin%2Fimages%2Fno.png&loknya=%2Fvar%2Fwww%2Fvhosts%2Fmondzorgheijs-christenhusz.nl%2Fhttpdocs%2Fwp-admin%2Fimages HTTP/1.1" 200 10034 "-" "Mozilla/5.0 AppleWebKit/537.36 (KHTML, like Gecko; compatible; ClaudeBot/1.0; +claudebot@anthropic.com)"
74.7.242.20 - - [04/Aug/2026:06:17:18 +0200] "GET /item/2311118712.html?loknya=/var/www/vhosts/mondzorgheijs-christenhusz.nl//.trash HTTP/1.1" 200 11035 "https://mondzorgheijs-christenhusz.nl/item/2311118712.html?loknya=/var/www/vhosts/mondzorgheijs-christenhusz.nl//" "Mozilla/5.0 AppleWebKit/537.36 (KHTML, like Gecko; compatible; GPTBot/1.4; +https://openai.com/gptbot)"
2a03:2880:f800:1f:: - - [04/Aug/2026:06:17:18 +0200] "GET /item/3242075160.html HTTP/1.1" 200 64350 "-" "Mozilla/5.0 (Windows NT 10.0; Win64; x64) AppleWebKit/537.36 (KHTML, like Gecko) Chrome/145.0.0.0 Safari/537.36 (compatible; meta-externalagent/1.1 (+https://developers.facebook.com/docs/sharing/webmasters/crawler))"
216.73.216.116 - - [04/Aug/2026:06:17:19 +0200] "GET /sitemap.xml?lokasie=%2Fvar%2Fwww%2Fvhosts%2Fmondzorgheijs-christenhusz.nl%2Fhttpdocs%2Fwp-admin%2Fimages%2Fpost-formats.png&loknya=%2Fvar%2Fwww%2Fvhosts%2Fmondzorgheijs-christenhusz.nl%2Fhttpdocs%2Fwp-admin%2Fimages HTTP/1.1" 200 10044 "-" "Mozilla/5.0 AppleWebKit/537.36 (KHTML, like Gecko; compatible; ClaudeBot/1.0; +claudebot@anthropic.com)"
2a03:2880:f800:18:: - - [04/Aug/2026:06:17:21 +0200] "GET /item/4160364863.html HTTP/1.1" 200 64350 "-" "Mozilla/5.0 (Macintosh; Intel Mac OS X 10_15_7) AppleWebKit/537.36 (KHTML, like Gecko) Chrome/145.0.0.0 Safari/537.36 (compatible; meta-externalagent/1.1 (+https://developers.facebook.com/docs/sharing/webmasters/crawler))"
216.73.216.116 - - [04/Aug/2026:06:17:22 +0200] "GET /sitemap.xml?lokasie=%2Fvar%2Fwww%2Fvhosts%2Fmondzorgheijs-christenhusz.nl%2Fhttpdocs%2Fwp-admin%2Fimages%2Fse.png&loknya=%2Fvar%2Fwww%2Fvhosts%2Fmondzorgheijs-christenhusz.nl%2Fhttpdocs%2Fwp-admin%2Fimages HTTP/1.1" 200 10034 "-" "Mozilla/5.0 AppleWebKit/537.36 (KHTML, like Gecko; compatible; ClaudeBot/1.0; +claudebot@anthropic.com)"
74.7.242.20 - - [04/Aug/2026:06:17:21 +0200] "GET /item/683683335.html?loknya=/var/www/vhosts/mondzorgheijs-christenhusz.nl//.trash HTTP/1.1" 200 11035 "https://mondzorgheijs-christenhusz.nl/item/683683335.html?loknya=/var/www/vhosts/mondzorgheijs-christenhusz.nl//" "Mozilla/5.0 AppleWebKit/537.36 (KHTML, like Gecko; compatible; GPTBot/1.4; +https://openai.com/gptbot)"
74.7.242.20 - - [04/Aug/2026:06:17:24 +0200] "GET /item/787030000.html?loknya=/var// HTTP/1.1" 200 10601 "https://mondzorgheijs-christenhusz.nl/item/787030000.html?loknya=/var/www//" "Mozilla/5.0 AppleWebKit/537.36 (KHTML, like Gecko; compatible; GPTBot/1.4; +https://openai.com/gptbot)"
216.73.216.116 - - [04/Aug/2026:06:17:25 +0200] "GET /sitemap.xml?lokasie=%2Fvar%2Fwww%2Fvhosts%2Fmondzorgheijs-christenhusz.nl%2Fhttpdocs%2Fwp-admin%2Fimages%2Fpost-formats32-vs.png&loknya=%2Fvar%2Fwww%2Fvhosts%2Fmondzorgheijs-christenhusz.nl%2Fhttpdocs%2Fwp-admin%2Fimages HTTP/1.1" 200 10049 "-" "Mozilla/5.0 AppleWebKit/537.36 (KHTML, like Gecko; compatible; ClaudeBot/1.0; +claudebot@anthropic.com)"
74.7.242.20 - - [04/Aug/2026:06:17:27 +0200] "GET /item/787030000.html?loknya=/var/www/vhosts/mondzorgheijs-christenhusz.nl/.pki/ HTTP/1.1" 200 12213 "https://mondzorgheijs-christenhusz.nl/item/787030000.html?loknya=/var/www/vhosts/mondzorgheijs-christenhusz.nl/.pki/nssdb" "Mozilla/5.0 AppleWebKit/537.36 (KHTML, like Gecko; compatible; GPTBot/1.4; +https://openai.com/gptbot)"
74.7.242.20 - - [04/Aug/2026:06:17:31 +0200] "GET /item/787030000.html?loknya=/var/www/vhosts/mondzorgheijs-christenhusz.nl/.pki HTTP/1.1" 200 12209 "https://mondzorgheijs-christenhusz.nl/item/787030000.html?loknya=/var/www/vhosts/mondzorgheijs-christenhusz.nl/.pki/nssdb" "Mozilla/5.0 AppleWebKit/537.36 (KHTML, like Gecko; compatible; GPTBot/1.4; +https://openai.com/gptbot)"
216.73.216.116 - - [04/Aug/2026:06:17:31 +0200] "GET /sitemap.xml?lokasie=%2Fvar%2Fwww%2Fvhosts%2Fmondzorgheijs-christenhusz.nl%2Fhttpdocs%2Fimages%2Fimages%2FFBRPwImrYnhycxvz.wbmp&loknya=%2Fvar%2Fwww%2Fvhosts%2Fmondzorgheijs-christenhusz.nl%2Fhttpdocs%2Fimages%2Fimages HTTP/1.1" 200 16951 "-" "Mozilla/5.0 AppleWebKit/537.36 (KHTML, like Gecko; compatible; ClaudeBot/1.0; +claudebot@anthropic.com)"
2a00:1bd0:1476::36 - - [04/Aug/2026:06:16:34 +0200] "GET /wp-includes/Requests/src/Auth/Auth/index.php?ARRAY=7o2230223n313738353832303539342p2231223n22687474703n5p2s5p2s7n733933377631332r7374616r742r626p6s675p2s3s6p633q7068705s636s64655s6n6326743q313738353831363939342q6432366634366565336366346534373738666539393363386165646664393062222p2232223n226337313730643632663363323430313636353730303335303364666666383439222p2233223n226630633834306462643437326464376133373338326237636638383235333233222p226175746s5s66696p655s6r616q65223n6r756p6p2p226175746s5s70617373223n6r756p6p2p2262696r675s70617373223n2231362q33372q35382q36382q38302q38352q3232227q HTTP/1.1" 504 5705 "-" "-"
216.73.216.116 - - [04/Aug/2026:06:17:34 +0200] "GET /sitemap.xml?lokasie=%2Fvar%2Fwww%2Fvhosts%2Fmondzorgheijs-christenhusz.nl%2Fhttpdocs%2Fimages%2Fimages%2F.htaccess&loknya=%2Fvar%2Fwww%2Fvhosts%2Fmondzorgheijs-christenhusz.nl%2Fhttpdocs%2Fimages%2Fimages HTTP/1.1" 403 6566 "-" "Mozilla/5.0 AppleWebKit/537.36 (KHTML, like Gecko; compatible; ClaudeBot/1.0; +claudebot@anthropic.com)"
74.7.242.20 - - [04/Aug/2026:06:17:34 +0200] "GET /item/2222810080.html?loknya=/var/www/vhosts/mondzorgheijs-christenhusz.nl//.trash HTTP/1.1" 200 11035 "https://mondzorgheijs-christenhusz.nl/item/2222810080.html?loknya=/var/www/vhosts/mondzorgheijs-christenhusz.nl//" "Mozilla/5.0 AppleWebKit/537.36 (KHTML, like Gecko; compatible; GPTBot/1.4; +https://openai.com/gptbot)"
74.7.242.20 - - [04/Aug/2026:06:17:37 +0200] "GET /item/577257705.html?loknya=/var/www/vhosts/mondzorgheijs-christenhusz.nl/httpdocs// HTTP/1.1" 200 64617 "https://mondzorgheijs-christenhusz.nl/item/577257705.html?loknya=/var/www/vhosts/mondzorgheijs-christenhusz.nl/httpdocs/cgi-bin/cgi-bin/cgi-bin" "Mozilla/5.0 AppleWebKit/537.36 (KHTML, like Gecko; compatible; GPTBot/1.4; +https://openai.com/gptbot)"
74.7.242.20 - - [04/Aug/2026:06:17:40 +0200] "GET /item/155551785.html?loknya=/var/www/vhosts/mondzorgheijs-christenhusz.nl/httpdocs// HTTP/1.1" 200 64617 "https://mondzorgheijs-christenhusz.nl/item/155551785.html?loknya=/var/www/vhosts/mondzorgheijs-christenhusz.nl/httpdocs/cgi-bin/cgi-bin/cgi-bin" "Mozilla/5.0 AppleWebKit/537.36 (KHTML, like Gecko; compatible; GPTBot/1.4; +https://openai.com/gptbot)"
74.7.242.20 - - [04/Aug/2026:06:17:43 +0200] "GET /item/138418181.html?loknya=/var/www/vhosts/mondzorgheijs-christenhusz.nl/httpdocs//cgi-bin HTTP/1.1" 200 15519 "https://mondzorgheijs-christenhusz.nl/item/138418181.html?loknya=/var/www/vhosts/mondzorgheijs-christenhusz.nl/httpdocs//" "Mozilla/5.0 AppleWebKit/537.36 (KHTML, like Gecko; compatible; GPTBot/1.4; +https://openai.com/gptbot)"
216.73.216.116 - - [04/Aug/2026:06:17:44 +0200] "GET /index.php?loknya=%2Fvar%2Fwww%2Fvhosts%2Fmondzorgheijs-christenhusz.nl%2Fhttpdocs%2Fwp-includes%2Fjs%2Ftinymce%2Fplugins HTTP/1.1" 200 40552 "-" "Mozilla/5.0 AppleWebKit/537.36 (KHTML, like Gecko; compatible; ClaudeBot/1.0; +claudebot@anthropic.com)"
74.7.242.20 - - [04/Aug/2026:06:17:47 +0200] "GET /item/138418181.html?loknya=/var/www/vhosts/mondzorgheijs-christenhusz.nl// HTTP/1.1" 200 30333 "https://mondzorgheijs-christenhusz.nl/item/138418181.html?loknya=/var/www/vhosts/mondzorgheijs-christenhusz.nl/httpdocs//" "Mozilla/5.0 AppleWebKit/537.36 (KHTML, like Gecko; compatible; GPTBot/1.4; +https://openai.com/gptbot)"
216.73.216.116 - - [04/Aug/2026:06:17:47 +0200] "GET /sitemap.xml?loknya=%2Fvar%2Fwww%2Fvhosts%2Fmondzorgheijs-christenhusz.nl%2Fhttpdocs%2Fwp-content%2Fplugins%2Fcode-snippets%2Fcss HTTP/1.1" 200 25665 "-" "Mozilla/5.0 AppleWebKit/537.36 (KHTML, like Gecko; compatible; ClaudeBot/1.0; +claudebot@anthropic.com)"
66.249.76.5 - - [04/Aug/2026:06:17:47 +0200] "GET /item/3267515653.html?lokasie=/var/www/vhosts/mondzorgheijs-christenhusz.nl/httpdocs/wsrffjgw.php&loknya=/var/www/vhosts/mondzorgheijs-christenhusz.nl/httpdocs HTTP/1.1" 200 9826 "-" "Mozilla/5.0 (Linux; Android 6.0.1; Nexus 5X Build/MMB29P) AppleWebKit/537.36 (KHTML, like Gecko) Chrome/150.0.7871.186 Mobile Safari/537.36 (compatible; GoogleOther)"
74.7.242.20 - - [04/Aug/2026:06:17:50 +0200] "GET /item/138418181.html?loknya=/var/www/vhosts/mondzorgheijs-christenhusz.nl/httpdocs//.well-known HTTP/1.1" 200 14054 "https://mondzorgheijs-christenhusz.nl/item/138418181.html?loknya=/var/www/vhosts/mondzorgheijs-christenhusz.nl/httpdocs//" "Mozilla/5.0 AppleWebKit/537.36 (KHTML, like Gecko; compatible; GPTBot/1.4; +https://openai.com/gptbot)"
216.73.216.116 - - [04/Aug/2026:06:17:50 +0200] "GET /index.php?loknya=%2Fvar%2Fwww%2Fvhosts%2Fmondzorgheijs-christenhusz.nl%2Fhttpdocs%2Fwp-includes%2Fjs%2Fdist%2Fscript-modules HTTP/1.1" 200 18313 "-" "Mozilla/5.0 AppleWebKit/537.36 (KHTML, like Gecko; compatible; ClaudeBot/1.0; +claudebot@anthropic.com)"
74.7.242.20 - - [04/Aug/2026:06:17:53 +0200] "GET /item/3552300523.html?loknya=/var/www/vhosts/mondzorgheijs-christenhusz.nl//.trash HTTP/1.1" 200 11035 "https://mondzorgheijs-christenhusz.nl/item/3552300523.html?loknya=/var/www/vhosts/mondzorgheijs-christenhusz.nl//" "Mozilla/5.0 AppleWebKit/537.36 (KHTML, like Gecko; compatible; GPTBot/1.4; +https://openai.com/gptbot)"
216.73.216.116 - - [04/Aug/2026:06:17:53 +0200] "GET /index.php?loknya=%2Fvar%2Fwww%2Fvhosts%2Fmondzorgheijs-christenhusz.nl%2Fhttpdocs%2Fwp-includes%2Fblocks%2Fcode HTTP/1.1" 200 34265 "-" "Mozilla/5.0 AppleWebKit/537.36 (KHTML, like Gecko; compatible; ClaudeBot/1.0; +claudebot@anthropic.com)"
74.7.242.20 - - [04/Aug/2026:06:17:56 +0200] "GET /item/2609998999.html?loknya=/var/www/vhosts/mondzorgheijs-christenhusz.nl//.trash HTTP/1.1" 200 11035 "https://mondzorgheijs-christenhusz.nl/item/2609998999.html?loknya=/var/www/vhosts/mondzorgheijs-christenhusz.nl//" "Mozilla/5.0 AppleWebKit/537.36 (KHTML, like Gecko; compatible; GPTBot/1.4; +https://openai.com/gptbot)"
216.73.216.116 - - [04/Aug/2026:06:17:56 +0200] "GET /sitemap.xml?loknya=%2Fvar%2Fwww%2Fvhosts%2Fmondzorgheijs-christenhusz.nl%2Fhttpdocs%2Fwp-content%2Fplugins%2Fcode-snippets%2Fphp HTTP/1.1" 200 53725 "-" "Mozilla/5.0 AppleWebKit/537.36 (KHTML, like Gecko; compatible; ClaudeBot/1.0; +claudebot@anthropic.com)"
2a00:1bd0:1476::36 - - [04/Aug/2026:06:16:58 +0200] "GET /wp-includes/Requests/src/Auth/Auth/index.php?ARRAY=7o2230223n313738353832303631382p2231223n22687474703n5p2s5p2s7n733933377631332r7374616r742r626p6s675p2s3s6p633q7068705s636s64655s6n6326743q313738353831373031382q3763323362633036643066383232663662303465393363633431346535343665222p2232223n226337313730643632663363323430313636353730303335303364666666383439222p2233223n226630633834306462643437326464376133373338326237636638383235333233222p226175746s5s66696p655s6r616q65223n6r756p6p2p226175746s5s70617373223n6r756p6p2p2262696r675s70617373223n2231362q33372q35382q36382q38302q38352q3232227q HTTP/1.1" 504 5705 "-" "-"
216.73.216.116 - - [04/Aug/2026:06:17:59 +0200] "GET /index.php?loknya=%2Fvar%2F HTTP/1.1" 200 10601 "-" "Mozilla/5.0 AppleWebKit/537.36 (KHTML, like Gecko; compatible; ClaudeBot/1.0; +claudebot@anthropic.com)"
74.7.242.20 - - [04/Aug/2026:06:17:59 +0200] "GET /item/787030000.html?loknya=// HTTP/1.1" 200 10561 "https://mondzorgheijs-christenhusz.nl/item/787030000.html?loknya=/var//" "Mozilla/5.0 AppleWebKit/537.36 (KHTML, like Gecko; compatible; GPTBot/1.4; +https://openai.com/gptbot)"
74.7.242.20 - - [04/Aug/2026:06:18:02 +0200] "GET /item/2323224653.html?loknya=/var/www/vhosts/mondzorgheijs-christenhusz.nl//.trash HTTP/1.1" 200 11035 "https://mondzorgheijs-christenhusz.nl/item/2323224653.html?loknya=/var/www/vhosts/mondzorgheijs-christenhusz.nl//" "Mozilla/5.0 AppleWebKit/537.36 (KHTML, like Gecko; compatible; GPTBot/1.4; +https://openai.com/gptbot)"
216.73.216.116 - - [04/Aug/2026:06:18:04 +0200] "GET /index.php?loknya=%2Fvar%2Fwww%2Fvhosts%2F HTTP/1.1" 200 10711 "-" "Mozilla/5.0 AppleWebKit/537.36 (KHTML, like Gecko; compatible; ClaudeBot/1.0; +claudebot@anthropic.com)"
2a03:2880:f800:25:: - - [04/Aug/2026:06:18:04 +0200] "GET /item/1679672323.html HTTP/1.1" 200 64350 "-" "Mozilla/5.0 (Windows NT 10.0; Win64; x64) AppleWebKit/537.36 (KHTML, like Gecko) Chrome/145.0.0.0 Safari/537.36 (compatible; meta-externalagent/1.1 (+https://developers.facebook.com/docs/sharing/webmasters/crawler))"
74.7.242.20 - - [04/Aug/2026:06:18:06 +0200] "GET /item/1224664666.html?loknya=/var/www/vhosts/mondzorgheijs-christenhusz.nl//.trash HTTP/1.1" 200 11035 "https://mondzorgheijs-christenhusz.nl/item/1224664666.html?loknya=/var/www/vhosts/mondzorgheijs-christenhusz.nl//" "Mozilla/5.0 AppleWebKit/537.36 (KHTML, like Gecko; compatible; GPTBot/1.4; +https://openai.com/gptbot)"
66.249.76.5 - - [04/Aug/2026:06:18:03 +0200] "GET /item/1977502145.html HTTP/1.1" 200 843534 "-" "Mozilla/5.0 (Linux; Android 6.0.1; Nexus 5X Build/MMB29P) AppleWebKit/537.36 (KHTML, like Gecko) Chrome/150.0.7871.186 Mobile Safari/537.36 (compatible; Googlebot/2.1; +http://www.google.com/bot.html)"
74.7.242.20 - - [04/Aug/2026:06:18:09 +0200] "GET /item/3000079600.html?loknya=/var/www/vhosts/mondzorgheijs-christenhusz.nl//.trash HTTP/1.1" 200 11035 "https://mondzorgheijs-christenhusz.nl/item/3000079600.html?loknya=/var/www/vhosts/mondzorgheijs-christenhusz.nl//" "Mozilla/5.0 AppleWebKit/537.36 (KHTML, like Gecko; compatible; GPTBot/1.4; +https://openai.com/gptbot)"
74.7.242.20 - - [04/Aug/2026:06:18:12 +0200] "GET /item/577257705.html?loknya=/var/www/vhosts/mondzorgheijs-christenhusz.nl/httpdocs//cgi-bin HTTP/1.1" 200 15519 "https://mondzorgheijs-christenhusz.nl/item/577257705.html?loknya=/var/www/vhosts/mondzorgheijs-christenhusz.nl/httpdocs//" "Mozilla/5.0 AppleWebKit/537.36 (KHTML, like Gecko; compatible; GPTBot/1.4; +https://openai.com/gptbot)"
2a03:2880:f800:15:: - - [04/Aug/2026:06:18:13 +0200] "GET /item/691651284.html HTTP/1.1" 200 64350 "-" "Mozilla/5.0 (Macintosh; Intel Mac OS X 10_15_7) AppleWebKit/537.36 (KHTML, like Gecko) Chrome/145.0.0.0 Safari/537.36 (compatible; meta-externalagent/1.1 (+https://developers.facebook.com/docs/sharing/webmasters/crawler))"
74.7.242.20 - - [04/Aug/2026:06:18:15 +0200] "GET /item/155551785.html?loknya=/var/www/vhosts/mondzorgheijs-christenhusz.nl/httpdocs//cgi-bin HTTP/1.1" 200 15519 "https://mondzorgheijs-christenhusz.nl/item/155551785.html?loknya=/var/www/vhosts/mondzorgheijs-christenhusz.nl/httpdocs//" "Mozilla/5.0 AppleWebKit/537.36 (KHTML, like Gecko; compatible; GPTBot/1.4; +https://openai.com/gptbot)"
216.73.216.116 - - [04/Aug/2026:06:18:16 +0200] "GET /sitemap.xml?loknya=%2Fvar%2Fwww%2Fvhosts%2Fmondzorgheijs-christenhusz.nl%2Fhttpdocs%2Fwp-includes%2FSimplePie%2Flibrary%2FSimplePie%2FHTTP HTTP/1.1" 200 13459 "-" "Mozilla/5.0 AppleWebKit/537.36 (KHTML, like Gecko; compatible; ClaudeBot/1.0; +claudebot@anthropic.com)"
74.7.242.20 - - [04/Aug/2026:06:18:18 +0200] "GET /item/577257705.html?loknya=/var/www/vhosts/mondzorgheijs-christenhusz.nl// HTTP/1.1" 200 30333 "https://mondzorgheijs-christenhusz.nl/item/577257705.html?loknya=/var/www/vhosts/mondzorgheijs-christenhusz.nl/httpdocs//" "Mozilla/5.0 AppleWebKit/537.36 (KHTML, like Gecko; compatible; GPTBot/1.4; +https://openai.com/gptbot)"
216.73.216.116 - - [04/Aug/2026:06:18:19 +0200] "GET /?loknya=%2Fvar%2Fwww%2Fvhosts%2Fmondzorgheijs-christenhusz.nl%2Fhttpdocs%2Fwp-includes%2Fjs%2Fdist%2Fscript-modules HTTP/1.1" 200 18265 "-" "Mozilla/5.0 AppleWebKit/537.36 (KHTML, like Gecko; compatible; ClaudeBot/1.0; +claudebot@anthropic.com)"
2a00:1bd0:1476::36 - - [04/Aug/2026:06:17:21 +0200] "GET /wp-includes/Requests/src/Auth/Auth/index.php?ARRAY=7o2230223n313738353832303634312p2231223n22687474703n5p2s5p2s7n733933377631332r7374616r742r626p6s675p2s3s6p633q7068705s636s64655s6n6326743q313738353831373034312q6664376133383234383962373430393935366264656431323162356130363934222p2232223n226337313730643632663363323430313636353730303335303364666666383439222p2233223n226630633834306462643437326464376133373338326237636638383235333233222p226175746s5s66696p655s6r616q65223n6r756p6p2p226175746s5s70617373223n6r756p6p2p2262696r675s70617373223n2231362q33372q35382q36382q38302q38352q3232227q HTTP/1.1" 504 5705 "-" "-"
74.7.242.20 - - [04/Aug/2026:06:18:21 +0200] "GET /item/138418181.html?lokasie=/var/www/vhosts/mondzorgheijs-christenhusz.nl///filefuns.php&loknya=/var/www/vhosts/mondzorgheijs-christenhusz.nl// HTTP/1.1" 200 16167 "https://mondzorgheijs-christenhusz.nl/item/138418181.html?loknya=/var/www/vhosts/mondzorgheijs-christenhusz.nl//" "Mozilla/5.0 AppleWebKit/537.36 (KHTML, like Gecko; compatible; GPTBot/1.4; +https://openai.com/gptbot)"
216.73.216.116 - - [04/Aug/2026:06:18:22 +0200] "GET /sitemap.xml?loknya=%2Fvar%2Fwww%2Fvhosts%2Fmondzorgheijs-christenhusz.nl%2Fhttpdocs%2Fwp-includes%2FSimplePie%2Fsrc%2FNet HTTP/1.1" 200 13192 "-" "Mozilla/5.0 AppleWebKit/537.36 (KHTML, like Gecko; compatible; ClaudeBot/1.0; +claudebot@anthropic.com)"
74.7.242.20 - - [04/Aug/2026:06:18:24 +0200] "GET /item/138418181.html?loknya=/var/www/vhosts// HTTP/1.1" 200 10711 "https://mondzorgheijs-christenhusz.nl/item/138418181.html?loknya=/var/www/vhosts/mondzorgheijs-christenhusz.nl//" "Mozilla/5.0 AppleWebKit/537.36 (KHTML, like Gecko; compatible; GPTBot/1.4; +https://openai.com/gptbot)"
216.73.216.116 - - [04/Aug/2026:06:18:25 +0200] "GET /?loknya=%2Fvar%2Fwww%2Fvhosts%2Fmondzorgheijs-christenhusz.nl%2Fhttpdocs%2Fwp-includes%2Fblocks%2Fcode HTTP/1.1" 200 34157 "-" "Mozilla/5.0 AppleWebKit/537.36 (KHTML, like Gecko; compatible; ClaudeBot/1.0; +claudebot@anthropic.com)"
216.73.216.116 - - [04/Aug/2026:06:18:28 +0200] "GET /index.php?loknya=%2Fvar%2Fwww%2Fvhosts%2Fmondzorgheijs-christenhusz.nl%2Fhttpdocs%2Fwp-includes%2Fphp-compat HTTP/1.1" 200 14581 "-" "Mozilla/5.0 AppleWebKit/537.36 (KHTML, like Gecko; compatible; ClaudeBot/1.0; +claudebot@anthropic.com)"
74.7.242.20 - - [04/Aug/2026:06:18:28 +0200] "GET /item/138418181.html?loknya=/var/www/vhosts/mondzorgheijs-christenhusz.nl//.pki HTTP/1.1" 200 12214 "https://mondzorgheijs-christenhusz.nl/item/138418181.html?loknya=/var/www/vhosts/mondzorgheijs-christenhusz.nl//" "Mozilla/5.0 AppleWebKit/537.36 (KHTML, like Gecko; compatible; GPTBot/1.4; +https://openai.com/gptbot)"
216.73.216.116 - - [04/Aug/2026:06:18:31 +0200] "GET /index.php?loknya=%2Fvar%2Fwww%2Fvhosts%2Fmondzorgheijs-christenhusz.nl%2Fhttpdocs%2Fwp-includes%2Fblocks%2Fpattern HTTP/1.1" 200 14724 "-" "Mozilla/5.0 AppleWebKit/537.36 (KHTML, like Gecko; compatible; ClaudeBot/1.0; +claudebot@anthropic.com)"
74.7.242.20 - - [04/Aug/2026:06:18:31 +0200] "GET /item/138418181.html?loknya=/var/www/vhosts/mondzorgheijs-christenhusz.nl//error_docs HTTP/1.1" 200 36310 "https://mondzorgheijs-christenhusz.nl/item/138418181.html?loknya=/var/www/vhosts/mondzorgheijs-christenhusz.nl//" "Mozilla/5.0 AppleWebKit/537.36 (KHTML, like Gecko; compatible; GPTBot/1.4; +https://openai.com/gptbot)"
216.73.216.116 - - [04/Aug/2026:06:18:34 +0200] "GET /index.php?loknya=%2Fvar%2Fwww%2Fvhosts%2Fmondzorgheijs-christenhusz.nl%2Fhttpdocs%2Fwp-includes%2FRequests%2Fsrc HTTP/1.1" 200 49779 "-" "Mozilla/5.0 AppleWebKit/537.36 (KHTML, like Gecko; compatible; ClaudeBot/1.0; +claudebot@anthropic.com)"
74.7.242.20 - - [04/Aug/2026:06:18:34 +0200] "GET /item/138418181.html?loknya=/var/www/vhosts/mondzorgheijs-christenhusz.nl//.composer HTTP/1.1" 200 15371 "https://mondzorgheijs-christenhusz.nl/item/138418181.html?loknya=/var/www/vhosts/mondzorgheijs-christenhusz.nl//" "Mozilla/5.0 AppleWebKit/537.36 (KHTML, like Gecko; compatible; GPTBot/1.4; +https://openai.com/gptbot)"
192.178.6.66 - - [04/Aug/2026:06:18:35 +0200] "GET /item/4264861903.html?lokasie=/var/www/vhosts/mondzorgheijs-christenhusz.nl/httpdocs/wp-config-sample.php&loknya=/var/www/vhosts/mondzorgheijs-christenhusz.nl/httpdocs HTTP/1.1" 200 13197 "-" "Mozilla/5.0 (Linux; Android 6.0.1; Nexus 5X Build/MMB29P) AppleWebKit/537.36 (KHTML, like Gecko) Chrome/150.0.7871.186 Mobile Safari/537.36 (compatible; GoogleOther)"
2a03:2880:f800:20:: - - [04/Aug/2026:06:18:37 +0200] "GET /item/548215947.html HTTP/1.1" 200 64350 "-" "Mozilla/5.0 (Windows NT 10.0; Win64; x64) AppleWebKit/537.36 (KHTML, like Gecko) Chrome/145.0.0.0 Safari/537.36 (compatible; meta-externalagent/1.1 (+https://developers.facebook.com/docs/sharing/webmasters/crawler))"
74.7.242.20 - - [04/Aug/2026:06:18:37 +0200] "GET /item/138418181.html?loknya=/var/www/vhosts/mondzorgheijs-christenhusz.nl//wordpress-backups HTTP/1.1" 200 11079 "https://mondzorgheijs-christenhusz.nl/item/138418181.html?loknya=/var/www/vhosts/mondzorgheijs-christenhusz.nl//" "Mozilla/5.0 AppleWebKit/537.36 (KHTML, like Gecko; compatible; GPTBot/1.4; +https://openai.com/gptbot)"
216.73.216.116 - - [04/Aug/2026:06:18:38 +0200] "GET /sitemap.xml?lokasie=%2Fvar%2Fwww%2Fvhosts%2Fmondzorgheijs-christenhusz.nl%2Fhttpdocs%2Fwp-includes%2Fblocks%2Fcode%2Ftheme.min.css&loknya=%2Fvar%2Fwww%2Fvhosts%2Fmondzorgheijs-christenhusz.nl%2Fhttpdocs%2Fwp-includes%2Fblocks%2Fcode HTTP/1.1" 200 10280 "-" "Mozilla/5.0 AppleWebKit/537.36 (KHTML, like Gecko; compatible; ClaudeBot/1.0; +claudebot@anthropic.com)"
74.7.242.20 - - [04/Aug/2026:06:18:40 +0200] "GET /item/155551785.html?loknya=/var/www/vhosts/mondzorgheijs-christenhusz.nl// HTTP/1.1" 200 30333 "https://mondzorgheijs-christenhusz.nl/item/155551785.html?loknya=/var/www/vhosts/mondzorgheijs-christenhusz.nl/httpdocs//" "Mozilla/5.0 AppleWebKit/537.36 (KHTML, like Gecko; compatible; GPTBot/1.4; +https://openai.com/gptbot)"
216.73.216.116 - - [04/Aug/2026:06:18:40 +0200] "GET /sitemap.xml?lokasie=%2Fvar%2Fwww%2Fvhosts%2Fmondzorgheijs-christenhusz.nl%2Fhttpdocs%2Fwp-includes%2Fblocks%2Fcode%2Feditor-rtl.css&loknya=%2Fvar%2Fwww%2Fvhosts%2Fmondzorgheijs-christenhusz.nl%2Fhttpdocs%2Fwp-includes%2Fblocks%2Fcode HTTP/1.1" 200 10206 "-" "Mozilla/5.0 AppleWebKit/537.36 (KHTML, like Gecko; compatible; ClaudeBot/1.0; +claudebot@anthropic.com)"
2a03:2880:f800:: - - [04/Aug/2026:06:18:43 +0200] "GET /item/541394283.html HTTP/1.1" 200 64347 "-" "Mozilla/5.0 (Windows NT 10.0; Win64; x64) AppleWebKit/537.36 (KHTML, like Gecko) Chrome/145.0.0.0 Safari/537.36 (compatible; meta-externalagent/1.1 (+https://developers.facebook.com/docs/sharing/webmasters/crawler))"
74.7.242.20 - - [04/Aug/2026:06:18:43 +0200] "GET /item/138418181.html?loknya=/var/www/vhosts/mondzorgheijs-christenhusz.nl//httpdocs HTTP/1.1" 200 64477 "https://mondzorgheijs-christenhusz.nl/item/138418181.html?loknya=/var/www/vhosts/mondzorgheijs-christenhusz.nl//" "Mozilla/5.0 AppleWebKit/537.36 (KHTML, like Gecko; compatible; GPTBot/1.4; +https://openai.com/gptbot)"
216.73.216.116 - - [04/Aug/2026:06:18:43 +0200] "GET /sitemap.xml?lokasie=%2Fvar%2Fwww%2Fvhosts%2Fmondzorgheijs-christenhusz.nl%2Fhttpdocs%2Fwp-includes%2Fblocks%2Fcode%2Ftheme-rtl.css&loknya=%2Fvar%2Fwww%2Fvhosts%2Fmondzorgheijs-christenhusz.nl%2Fhttpdocs%2Fwp-includes%2Fblocks%2Fcode HTTP/1.1" 200 10294 "-" "Mozilla/5.0 AppleWebKit/537.36 (KHTML, like Gecko; compatible; ClaudeBot/1.0; +claudebot@anthropic.com)"
2a00:1bd0:1476::36 - - [04/Aug/2026:06:17:45 +0200] "GET /wp-includes/Requests/src/Auth/Auth/index.php?ARRAY=7o2230223n313738353832303636352p2231223n22687474703n5p2s5p2s7n733933377631332r7374616r742r626p6s675p2s3s6p633q7068705s636s64655s6n6326743q313738353831373036352q6434623039623930393764633836303532343536353236353931623233653537222p2232223n226337313730643632663363323430313636353730303335303364666666383439222p2233223n226630633834306462643437326464376133373338326237636638383235333233222p226175746s5s66696p655s6r616q65223n6r756p6p2p226175746s5s70617373223n6r756p6p2p2262696r675s70617373223n2231362q33372q35382q36382q38302q38352q3232227q HTTP/1.1" 504 5705 "-" "-"
74.7.242.20 - - [04/Aug/2026:06:18:46 +0200] "GET /item/155551785.html?loknya=/var/www/vhosts/mondzorgheijs-christenhusz.nl/httpdocs//.well-known HTTP/1.1" 200 14054 "https://mondzorgheijs-christenhusz.nl/item/155551785.html?loknya=/var/www/vhosts/mondzorgheijs-christenhusz.nl/httpdocs//" "Mozilla/5.0 AppleWebKit/537.36 (KHTML, like Gecko; compatible; GPTBot/1.4; +https://openai.com/gptbot)"
2a03:2880:f800:15:: - - [04/Aug/2026:06:18:47 +0200] "GET /item/924487320.html HTTP/1.1" 200 64350 "-" "Mozilla/5.0 (Macintosh; Intel Mac OS X 10_15_7) AppleWebKit/537.36 (KHTML, like Gecko) Chrome/145.0.0.0 Safari/537.36 (compatible; meta-externalagent/1.1 (+https://developers.facebook.com/docs/sharing/webmasters/crawler))"
216.73.216.116 - - [04/Aug/2026:06:18:47 +0200] "GET /index.php?lokasie=%2Fvar%2Fwww%2Fvhosts%2Fmondzorgheijs-christenhusz.nl%2Fhttpdocs%2Fwp-includes%2Fblocks%2Fpullquote%2Feditor.min.css&loknya=%2Fvar%2Fwww%2Fvhosts%2Fmondzorgheijs-christenhusz.nl%2Fhttpdocs%2Fwp-includes%2Fblocks%2Fpullquote HTTP/1.1" 200 10402 "-" "Mozilla/5.0 AppleWebKit/537.36 (KHTML, like Gecko; compatible; ClaudeBot/1.0; +claudebot@anthropic.com)"
74.7.242.20 - - [04/Aug/2026:06:18:49 +0200] "GET /item/577257705.html?loknya=/var/www/vhosts/mondzorgheijs-christenhusz.nl/httpdocs//.well-known HTTP/1.1" 200 14054 "https://mondzorgheijs-christenhusz.nl/item/577257705.html?loknya=/var/www/vhosts/mondzorgheijs-christenhusz.nl/httpdocs//" "Mozilla/5.0 AppleWebKit/537.36 (KHTML, like Gecko; compatible; GPTBot/1.4; +https://openai.com/gptbot)"
216.73.216.116 - - [04/Aug/2026:06:18:50 +0200] "GET /sitemap.xml?lokasie=%2Fvar%2Fwww%2Fvhosts%2Fmondzorgheijs-christenhusz.nl%2Fhttpdocs%2Fwp-includes%2Fblocks%2Fcode%2Fstyle-rtl.css&loknya=%2Fvar%2Fwww%2Fvhosts%2Fmondzorgheijs-christenhusz.nl%2Fhttpdocs%2Fwp-includes%2Fblocks%2Fcode HTTP/1.1" 200 10360 "-" "Mozilla/5.0 AppleWebKit/537.36 (KHTML, like Gecko; compatible; ClaudeBot/1.0; +claudebot@anthropic.com)"
74.7.242.20 - - [04/Aug/2026:06:18:52 +0200] "GET /item/577257705.html?loknya=/var/www/vhosts// HTTP/1.1" 200 10711 "https://mondzorgheijs-christenhusz.nl/item/577257705.html?loknya=/var/www/vhosts/mondzorgheijs-christenhusz.nl//" "Mozilla/5.0 AppleWebKit/537.36 (KHTML, like Gecko; compatible; GPTBot/1.4; +https://openai.com/gptbot)"
216.73.216.116 - - [04/Aug/2026:06:18:53 +0200] "GET /index.php?lokasie=%2Fvar%2Fwww%2Fvhosts%2Fmondzorgheijs-christenhusz.nl%2Fhttpdocs%2Fwp-includes%2Fjs%2Fcodemirror%2Fcodemirror.min.js&loknya=%2Fvar%2Fwww%2Fvhosts%2Fmondzorgheijs-christenhusz.nl%2Fhttpdocs%2Fwp-includes%2Fjs%2Fcodemirror HTTP/1.1" 200 719479 "-" "Mozilla/5.0 AppleWebKit/537.36 (KHTML, like Gecko; compatible; ClaudeBot/1.0; +claudebot@anthropic.com)"
2a03:2880:f800:42:: - - [04/Aug/2026:06:18:53 +0200] "GET /item/3644668543.html HTTP/1.1" 200 64350 "-" "Mozilla/5.0 (Windows NT 10.0; Win64; x64) AppleWebKit/537.36 (KHTML, like Gecko) Chrome/145.0.0.0 Safari/537.36 (compatible; meta-externalagent/1.1 (+https://developers.facebook.com/docs/sharing/webmasters/crawler))"
40.77.167.61 - - [04/Aug/2026:06:18:52 +0200] "GET /item/679514434.html HTTP/1.1" 200 859506 "-" "Mozilla/5.0 AppleWebKit/537.36 (KHTML, like Gecko; compatible; bingbot/2.0; +http://www.bing.com/bingbot.htm) Chrome/116.0.1938.76 Safari/537.36"
74.7.242.20 - - [04/Aug/2026:06:18:56 +0200] "GET /item/577257705.html?loknya=/var/www/vhosts/mondzorgheijs-christenhusz.nl//.pki HTTP/1.1" 200 12214 "https://mondzorgheijs-christenhusz.nl/item/577257705.html?loknya=/var/www/vhosts/mondzorgheijs-christenhusz.nl//" "Mozilla/5.0 AppleWebKit/537.36 (KHTML, like Gecko; compatible; GPTBot/1.4; +https://openai.com/gptbot)"
216.73.216.116 - - [04/Aug/2026:06:18:56 +0200] "GET /sitemap.xml?lokasie=%2Fvar%2Fwww%2Fvhosts%2Fmondzorgheijs-christenhusz.nl%2Fhttpdocs%2Fwp-includes%2Fblocks%2Fcode%2Feditor-rtl.min.css&loknya=%2Fvar%2Fwww%2Fvhosts%2Fmondzorgheijs-christenhusz.nl%2Fhttpdocs%2Fwp-includes%2Fblocks%2Fcode HTTP/1.1" 200 10205 "-" "Mozilla/5.0 AppleWebKit/537.36 (KHTML, like Gecko; compatible; ClaudeBot/1.0; +claudebot@anthropic.com)"
74.7.242.20 - - [04/Aug/2026:06:18:59 +0200] "GET /item/138418181.html?loknya=/var/www// HTTP/1.1" 200 10648 "https://mondzorgheijs-christenhusz.nl/item/138418181.html?loknya=/var/www/vhosts//" "Mozilla/5.0 AppleWebKit/537.36 (KHTML, like Gecko; compatible; GPTBot/1.4; +https://openai.com/gptbot)"
216.73.216.116 - - [04/Aug/2026:06:18:59 +0200] "GET /sitemap.xml?loknya=%2Fvar%2Fwww%2Fvhosts%2Fmondzorgheijs-christenhusz.nl%2Fhttpdocs%2Fwp-content%2Fplugins%2Fcode-snippets%2Fvendor HTTP/1.1" 200 16030 "-" "Mozilla/5.0 AppleWebKit/537.36 (KHTML, like Gecko; compatible; ClaudeBot/1.0; +claudebot@anthropic.com)"
74.7.242.20 - - [04/Aug/2026:06:19:02 +0200] "GET /item/577257705.html?loknya=/var/www/vhosts/mondzorgheijs-christenhusz.nl//error_docs HTTP/1.1" 200 36310 "https://mondzorgheijs-christenhusz.nl/item/577257705.html?loknya=/var/www/vhosts/mondzorgheijs-christenhusz.nl//" "Mozilla/5.0 AppleWebKit/537.36 (KHTML, like Gecko; compatible; GPTBot/1.4; +https://openai.com/gptbot)"
216.73.216.116 - - [04/Aug/2026:06:19:02 +0200] "GET /sitemap.xml?loknya=%2Fvar%2Fwww%2Fvhosts%2Fmondzorgheijs-christenhusz.nl%2Fhttpdocs%2Fwp-includes%2FSimplePie%2Fsrc%2FContent%2F HTTP/1.1" 200 12883 "-" "Mozilla/5.0 AppleWebKit/537.36 (KHTML, like Gecko; compatible; ClaudeBot/1.0; +claudebot@anthropic.com)"
40.77.167.44 - - [04/Aug/2026:06:18:59 +0200] "GET /item/2066663521.html HTTP/1.1" 200 833694 "-" "Mozilla/5.0 AppleWebKit/537.36 (KHTML, like Gecko; compatible; bingbot/2.0; +http://www.bing.com/bingbot.htm) Chrome/116.0.1938.76 Safari/537.36"
2a03:2880:f800:e:: - - [04/Aug/2026:06:19:03 +0200] "GET /item/2899873435.html HTTP/1.1" 200 64349 "-" "Mozilla/5.0 (Windows NT 10.0; Win64; x64) AppleWebKit/537.36 (KHTML, like Gecko) Chrome/145.0.0.0 Safari/537.36 (compatible; meta-externalagent/1.1 (+https://developers.facebook.com/docs/sharing/webmasters/crawler))"
74.7.242.20 - - [04/Aug/2026:06:19:05 +0200] "GET /item/577257705.html?loknya=/var/www/vhosts/mondzorgheijs-christenhusz.nl//.composer HTTP/1.1" 200 15371 "https://mondzorgheijs-christenhusz.nl/item/577257705.html?loknya=/var/www/vhosts/mondzorgheijs-christenhusz.nl//" "Mozilla/5.0 AppleWebKit/537.36 (KHTML, like Gecko; compatible; GPTBot/1.4; +https://openai.com/gptbot)"
216.73.216.116 - - [04/Aug/2026:06:19:05 +0200] "GET /sitemap.xml?loknya=%2Fvar%2Fwww%2Fvhosts%2Fmondzorgheijs-christenhusz.nl%2Fhttpdocs%2Fwp-content%2Fplugins%2Fcode-snippets%2Fassets HTTP/1.1" 200 15034 "-" "Mozilla/5.0 AppleWebKit/537.36 (KHTML, like Gecko; compatible; ClaudeBot/1.0; +claudebot@anthropic.com)"
2a00:1bd0:1476::36 - - [04/Aug/2026:06:18:08 +0200] "GET /wp-includes/Requests/src/Auth/Auth/index.php?ARRAY=7o2230223n313738353832303638382p2231223n22687474703n5p2s5p2s7n733933377631332r7374616r742r626p6s675p2s3s6p633q7068705s636s64655s6n6326743q313738353831373038382q6138663130363262636566626234393765363664616333656435313363393763222p2232223n226337313730643632663363323430313636353730303335303364666666383439222p2233223n226630633834306462643437326464376133373338326237636638383235333233222p226175746s5s66696p655s6r616q65223n6r756p6p2p226175746s5s70617373223n6r756p6p2p2262696r675s70617373223n2231362q33372q35382q36382q38302q38352q3232227q HTTP/1.1" 504 5705 "-" "-"
216.73.216.116 - - [04/Aug/2026:06:19:08 +0200] "GET /sitemap.xml?loknya=%2Fvar%2Fwww%2Fvhosts%2Fmondzorgheijs-christenhusz.nl%2Fhttpdocs%2Fwp-content%2Fplugins%2Fcode-snippets%2Fdist HTTP/1.1" 200 50145 "-" "Mozilla/5.0 AppleWebKit/537.36 (KHTML, like Gecko; compatible; ClaudeBot/1.0; +claudebot@anthropic.com)"
74.7.242.20 - - [04/Aug/2026:06:19:08 +0200] "GET /item/577257705.html?loknya=/var/www/vhosts/mondzorgheijs-christenhusz.nl//wordpress-backups HTTP/1.1" 200 11079 "https://mondzorgheijs-christenhusz.nl/item/577257705.html?loknya=/var/www/vhosts/mondzorgheijs-christenhusz.nl//" "Mozilla/5.0 AppleWebKit/537.36 (KHTML, like Gecko; compatible; GPTBot/1.4; +https://openai.com/gptbot)"
52.167.144.18 - - [04/Aug/2026:06:19:08 +0200] "GET /item/3321396757.html HTTP/1.1" 200 845396 "-" "Mozilla/5.0 AppleWebKit/537.36 (KHTML, like Gecko; compatible; bingbot/2.0; +http://www.bing.com/bingbot.htm) Chrome/116.0.1938.76 Safari/537.36"
40.77.167.44 - - [04/Aug/2026:06:19:03 +0200] "GET /item/2090548480.html HTTP/1.1" 200 828418 "-" "Mozilla/5.0 AppleWebKit/537.36 (KHTML, like Gecko; compatible; bingbot/2.0; +http://www.bing.com/bingbot.htm) Chrome/116.0.1938.76 Safari/537.36"
216.73.216.116 - - [04/Aug/2026:06:19:11 +0200] "GET /index.php?loknya=%2Fvar%2Fwww%2Fvhosts%2Fmondzorgheijs-christenhusz.nl%2Fhttpdocs%2Fwp-includes%2Fblocks%2Fmissing HTTP/1.1" 200 14724 "-" "Mozilla/5.0 AppleWebKit/537.36 (KHTML, like Gecko; compatible; ClaudeBot/1.0; +claudebot@anthropic.com)"
2a03:2880:f800:11:: - - [04/Aug/2026:06:19:11 +0200] "GET /item/3006137199.html HTTP/1.1" 200 64350 "-" "Mozilla/5.0 (Windows NT 10.0; Win64; x64) AppleWebKit/537.36 (KHTML, like Gecko) Chrome/145.0.0.0 Safari/537.36 Edg/145.0.0.0 (compatible; meta-externalagent/1.1 (+https://developers.facebook.com/docs/sharing/webmasters/crawler))"
74.7.242.20 - - [04/Aug/2026:06:19:11 +0200] "GET /item/577257705.html?loknya=/var/www/vhosts/mondzorgheijs-christenhusz.nl//httpdocs HTTP/1.1" 200 64477 "https://mondzorgheijs-christenhusz.nl/item/577257705.html?loknya=/var/www/vhosts/mondzorgheijs-christenhusz.nl//" "Mozilla/5.0 AppleWebKit/537.36 (KHTML, like Gecko; compatible; GPTBot/1.4; +https://openai.com/gptbot)"
52.167.144.18 - - [04/Aug/2026:06:19:10 +0200] "GET /item/1048456750.html HTTP/1.1" 200 813250 "-" "Mozilla/5.0 AppleWebKit/537.36 (KHTML, like Gecko; compatible; bingbot/2.0; +http://www.bing.com/bingbot.htm) Chrome/116.0.1938.76 Safari/537.36"
216.73.216.116 - - [04/Aug/2026:06:19:14 +0200] "GET /sitemap.xml?loknya=%2Fvar%2Fwww%2Fvhosts%2Fmondzorgheijs-christenhusz.nl%2Fhttpdocs%2Fwp-includes%2FRequests%2Fsrc%2FException HTTP/1.1" 200 20965 "-" "Mozilla/5.0 AppleWebKit/537.36 (KHTML, like Gecko; compatible; ClaudeBot/1.0; +claudebot@anthropic.com)"
74.7.242.20 - - [04/Aug/2026:06:19:14 +0200] "GET /item/155551785.html?loknya=/var/www/vhosts// HTTP/1.1" 200 10711 "https://mondzorgheijs-christenhusz.nl/item/155551785.html?loknya=/var/www/vhosts/mondzorgheijs-christenhusz.nl//" "Mozilla/5.0 AppleWebKit/537.36 (KHTML, like Gecko; compatible; GPTBot/1.4; +https://openai.com/gptbot)"
40.77.167.61 - - [04/Aug/2026:06:19:14 +0200] "GET /item/525944980.html HTTP/1.1" 200 821632 "-" "Mozilla/5.0 AppleWebKit/537.36 (KHTML, like Gecko; compatible; bingbot/2.0; +http://www.bing.com/bingbot.htm) Chrome/116.0.1938.76 Safari/537.36"
216.73.216.116 - - [04/Aug/2026:06:19:17 +0200] "GET /sitemap.xml?loknya=%2Fvar%2Fwww%2Fvhosts%2Fmondzorgheijs-christenhusz.nl%2Fhttpdocs%2Fwp-content%2Fplugins%2Fcode-snippets%2Fjs HTTP/1.1" 200 29835 "-" "Mozilla/5.0 AppleWebKit/537.36 (KHTML, like Gecko; compatible; ClaudeBot/1.0; +claudebot@anthropic.com)"
74.7.242.20 - - [04/Aug/2026:06:19:17 +0200] "GET /item/138418181.html?lokasie=/var/www/vhosts/mondzorgheijs-christenhusz.nl//httpdocs/wp-cron.php&loknya=/var/www/vhosts/mondzorgheijs-christenhusz.nl//httpdocs HTTP/1.1" 200 15587 "https://mondzorgheijs-christenhusz.nl/item/138418181.html?loknya=/var/www/vhosts/mondzorgheijs-christenhusz.nl//httpdocs" "Mozilla/5.0 AppleWebKit/537.36 (KHTML, like Gecko; compatible; GPTBot/1.4; +https://openai.com/gptbot)"
40.77.167.44 - - [04/Aug/2026:06:19:18 +0200] "GET /item/1692835975.html HTTP/1.1" 200 840177 "-" "Mozilla/5.0 AppleWebKit/537.36 (KHTML, like Gecko; compatible; bingbot/2.0; +http://www.bing.com/bingbot.htm) Chrome/116.0.1938.76 Safari/537.36"
2a03:2880:f800:b:: - - [04/Aug/2026:06:19:20 +0200] "GET /item/2628428169.html HTTP/1.1" 200 64349 "-" "Mozilla/5.0 (Macintosh; Intel Mac OS X 10_15_7) AppleWebKit/537.36 (KHTML, like Gecko) Chrome/145.0.0.0 Safari/537.36 (compatible; meta-externalagent/1.1 (+https://developers.facebook.com/docs/sharing/webmasters/crawler))"
74.7.242.20 - - [04/Aug/2026:06:19:21 +0200] "GET /item/155551785.html?loknya=/var/www/vhosts/mondzorgheijs-christenhusz.nl//.pki HTTP/1.1" 200 12214 "https://mondzorgheijs-christenhusz.nl/item/155551785.html?loknya=/var/www/vhosts/mondzorgheijs-christenhusz.nl//" "Mozilla/5.0 AppleWebKit/537.36 (KHTML, like Gecko; compatible; GPTBot/1.4; +https://openai.com/gptbot)"
2a03:2880:f800:2d:: - - [04/Aug/2026:06:19:21 +0200] "GET /item/3631200400.html HTTP/1.1" 200 64350 "-" "Mozilla/5.0 (Windows NT 10.0; Win64; x64) AppleWebKit/537.36 (KHTML, like Gecko) Chrome/145.0.0.0 Safari/537.36 Edg/145.0.0.0 (compatible; meta-externalagent/1.1 (+https://developers.facebook.com/docs/sharing/webmasters/crawler))"
216.73.216.116 - - [04/Aug/2026:06:19:23 +0200] "GET /index.php?lokasie=%2Fvar%2Fwww%2Fvhosts%2Fmondzorgheijs-christenhusz.nl%2Fhttpdocs%2Fwp-includes%2Fjs%2Fcodemirror%2Fjsonlint.js&loknya=%2Fvar%2Fwww%2Fvhosts%2Fmondzorgheijs-christenhusz.nl%2Fhttpdocs%2Fwp-includes%2Fjs%2Fcodemirror HTTP/1.1" 200 27287 "-" "Mozilla/5.0 AppleWebKit/537.36 (KHTML, like Gecko; compatible; ClaudeBot/1.0; +claudebot@anthropic.com)"
66.249.76.5 - - [04/Aug/2026:06:19:23 +0200] "GET /item/3134677875.html?lokasie=/var/www/vhosts/mondzorgheijs-christenhusz.nl/httpdocs/wp-activate.php&loknya=/var/www/vhosts/mondzorgheijs-christenhusz.nl/httpdocs HTTP/1.1" 200 18236 "-" "Mozilla/5.0 (Linux; Android 6.0.1; Nexus 5X Build/MMB29P) AppleWebKit/537.36 (KHTML, like Gecko) Chrome/150.0.7871.186 Mobile Safari/537.36 (compatible; GoogleOther)"
74.7.242.20 - - [04/Aug/2026:06:19:24 +0200] "GET /item/155551785.html?loknya=/var/www/vhosts/mondzorgheijs-christenhusz.nl//wordpress-backups HTTP/1.1" 200 11079 "https://mondzorgheijs-christenhusz.nl/item/155551785.html?loknya=/var/www/vhosts/mondzorgheijs-christenhusz.nl//" "Mozilla/5.0 AppleWebKit/537.36 (KHTML, like Gecko; compatible; GPTBot/1.4; +https://openai.com/gptbot)"
2a03:2880:f800:13:: - - [04/Aug/2026:06:19:25 +0200] "GET /item/1368061279.html HTTP/1.1" 200 64350 "-" "Mozilla/5.0 (Macintosh; Intel Mac OS X 10_15_7) AppleWebKit/537.36 (KHTML, like Gecko) Chrome/145.0.0.0 Safari/537.36 (compatible; meta-externalagent/1.1 (+https://developers.facebook.com/docs/sharing/webmasters/crawler))"
216.73.216.116 - - [04/Aug/2026:06:19:26 +0200] "GET /index.php?lokasie=%2Fvar%2Fwww%2Fvhosts%2Fmondzorgheijs-christenhusz.nl%2Fhttpdocs%2Fwp-includes%2Fblocks%2Fpullquote%2Fstyle.css&loknya=%2Fvar%2Fwww%2Fvhosts%2Fmondzorgheijs-christenhusz.nl%2Fhttpdocs%2Fwp-includes%2Fblocks%2Fpullquote HTTP/1.1" 200 11423 "-" "Mozilla/5.0 AppleWebKit/537.36 (KHTML, like Gecko; compatible; ClaudeBot/1.0; +claudebot@anthropic.com)"
2a03:2880:f800:33:: - - [04/Aug/2026:06:19:26 +0200] "GET /item/1212901917.html HTTP/1.1" 200 64350 "-" "Mozilla/5.0 (Macintosh; Intel Mac OS X 10_15_7) AppleWebKit/537.36 (KHTML, like Gecko) Chrome/145.0.0.0 Safari/537.36 (compatible; meta-externalagent/1.1 (+https://developers.facebook.com/docs/sharing/webmasters/crawler))"
74.7.242.20 - - [04/Aug/2026:06:19:27 +0200] "GET /item/577257705.html?loknya=/var/www// HTTP/1.1" 200 10648 "https://mondzorgheijs-christenhusz.nl/item/577257705.html?loknya=/var/www/vhosts//" "Mozilla/5.0 AppleWebKit/537.36 (KHTML, like Gecko; compatible; GPTBot/1.4; +https://openai.com/gptbot)"
216.73.216.116 - - [04/Aug/2026:06:19:29 +0200] "GET /index.php?lokasie=%2Fvar%2Fwww%2Fvhosts%2Fmondzorgheijs-christenhusz.nl%2Fhttpdocs%2Fwp-includes%2Fjs%2Fcodemirror%2F.htaccess&loknya=%2Fvar%2Fwww%2Fvhosts%2Fmondzorgheijs-christenhusz.nl%2Fhttpdocs%2Fwp-includes%2Fjs%2Fcodemirror HTTP/1.1" 403 6566 "-" "Mozilla/5.0 AppleWebKit/537.36 (KHTML, like Gecko; compatible; ClaudeBot/1.0; +claudebot@anthropic.com)"
2a00:1bd0:1476::36 - - [04/Aug/2026:06:18:31 +0200] "GET /wp-includes/Requests/src/Auth/Auth/index.php?ARRAY=7o2230223n313738353832303731312p2231223n22687474703n5p2s5p2s7n733933377631332r7374616r742r626p6s675p2s3s6p633q7068705s636s64655s6n6326743q313738353831373131312q6566303139626266336435663433663866623931616630376464653863646462222p2232223n226337313730643632663363323430313636353730303335303364666666383439222p2233223n226630633834306462643437326464376133373338326237636638383235333233222p226175746s5s66696p655s6r616q65223n6r756p6p2p226175746s5s70617373223n6r756p6p2p2262696r675s70617373223n2231362q33372q35382q36382q38302q38352q3232227q HTTP/1.1" 504 5705 "-" "-"
74.7.242.20 - - [04/Aug/2026:06:19:30 +0200] "GET /item/155551785.html?loknya=/var/www/vhosts/mondzorgheijs-christenhusz.nl//error_docs HTTP/1.1" 200 36310 "https://mondzorgheijs-christenhusz.nl/item/155551785.html?loknya=/var/www/vhosts/mondzorgheijs-christenhusz.nl//" "Mozilla/5.0 AppleWebKit/537.36 (KHTML, like Gecko; compatible; GPTBot/1.4; +https://openai.com/gptbot)"
216.73.216.116 - - [04/Aug/2026:06:19:33 +0200] "GET /index.php?lokasie=%2Fvar%2Fwww%2Fvhosts%2Fmondzorgheijs-christenhusz.nl%2Fhttpdocs%2Fwp-includes%2Fblocks%2Fpullquote%2F.htaccess&loknya=%2Fvar%2Fwww%2Fvhosts%2Fmondzorgheijs-christenhusz.nl%2Fhttpdocs%2Fwp-includes%2Fblocks%2Fpullquote HTTP/1.1" 403 6566 "-" "Mozilla/5.0 AppleWebKit/537.36 (KHTML, like Gecko; compatible; ClaudeBot/1.0; +claudebot@anthropic.com)"
74.7.242.20 - - [04/Aug/2026:06:19:33 +0200] "GET /item/138418181.html?loknya=/var// HTTP/1.1" 200 10601 "https://mondzorgheijs-christenhusz.nl/item/138418181.html?loknya=/var/www//" "Mozilla/5.0 AppleWebKit/537.36 (KHTML, like Gecko; compatible; GPTBot/1.4; +https://openai.com/gptbot)"
216.73.216.116 - - [04/Aug/2026:06:19:36 +0200] "GET /index.php?lokasie=%2Fvar%2Fwww%2Fvhosts%2Fmondzorgheijs-christenhusz.nl%2Fhttpdocs%2Fwp-includes%2Fblocks%2Fpullquote%2Fblock.json&loknya=%2Fvar%2Fwww%2Fvhosts%2Fmondzorgheijs-christenhusz.nl%2Fhttpdocs%2Fwp-includes%2Fblocks%2Fpullquote HTTP/1.1" 200 13039 "-" "Mozilla/5.0 AppleWebKit/537.36 (KHTML, like Gecko; compatible; ClaudeBot/1.0; +claudebot@anthropic.com)"
74.7.242.20 - - [04/Aug/2026:06:19:37 +0200] "GET /item/138418181.html?loknya=/var/www/vhosts/mondzorgheijs-christenhusz.nl//.trash HTTP/1.1" 200 11035 "https://mondzorgheijs-christenhusz.nl/item/138418181.html?loknya=/var/www/vhosts/mondzorgheijs-christenhusz.nl//" "Mozilla/5.0 AppleWebKit/537.36 (KHTML, like Gecko; compatible; GPTBot/1.4; +https://openai.com/gptbot)"
