74.7.242.20 - - [04/Aug/2026:04:48:57 +0200] "GET /item/881080388.html?loknya=/var/www/vhosts/mondzorgheijs-christenhusz.nl// HTTP/1.1" 200 30333 "https://mondzorgheijs-christenhusz.nl/item/881080388.html?loknya=/var/www/vhosts/mondzorgheijs-christenhusz.nl/httpdocs//" "Mozilla/5.0 AppleWebKit/537.36 (KHTML, like Gecko; compatible; GPTBot/1.4; +https://openai.com/gptbot)"
74.7.242.20 - - [04/Aug/2026:04:49:01 +0200] "GET /item/434288443.html?loknya=/var// HTTP/1.1" 200 10601 "https://mondzorgheijs-christenhusz.nl/item/434288443.html?loknya=/var/www//" "Mozilla/5.0 AppleWebKit/537.36 (KHTML, like Gecko; compatible; GPTBot/1.4; +https://openai.com/gptbot)"
2a03:2880:f800:c:: - - [04/Aug/2026:04:49:02 +0200] "GET /item/2934576438.html HTTP/1.1" 200 62834 "-" "Mozilla/5.0 (Windows NT 10.0; Win64; x64) AppleWebKit/537.36 (KHTML, like Gecko) Chrome/145.0.0.0 Safari/537.36 (compatible; meta-externalagent/1.1 (+https://developers.facebook.com/docs/sharing/webmasters/crawler))"
2a03:2880:f800:17:: - - [04/Aug/2026:04:49:02 +0200] "GET /item/3962669879.html HTTP/1.1" 200 62835 "-" "Mozilla/5.0 (Windows NT 10.0; Win64; x64) AppleWebKit/537.36 (KHTML, like Gecko) Chrome/145.0.0.0 Safari/537.36 (compatible; meta-externalagent/1.1 (+https://developers.facebook.com/docs/sharing/webmasters/crawler))"
74.7.242.20 - - [04/Aug/2026:04:49:04 +0200] "GET /item/434288443.html?loknya=/var/www/vhosts/mondzorgheijs-christenhusz.nl//httpdocs HTTP/1.1" 200 62958 "https://mondzorgheijs-christenhusz.nl/item/434288443.html?loknya=/var/www/vhosts/mondzorgheijs-christenhusz.nl//" "Mozilla/5.0 AppleWebKit/537.36 (KHTML, like Gecko; compatible; GPTBot/1.4; +https://openai.com/gptbot)"
2a03:2880:f812:6:: - - [04/Aug/2026:04:49:05 +0200] "GET / HTTP/1.1" 200 62592 "-" "facebookexternalhit/1.1 (+http://www.facebook.com/externalhit_uatext.php)"
2a03:2880:f800:27:: - - [04/Aug/2026:04:49:07 +0200] "GET /item/4159152764.html HTTP/1.1" 200 62835 "-" "Mozilla/5.0 (Windows NT 10.0; Win64; x64) AppleWebKit/537.36 (KHTML, like Gecko) Chrome/145.0.0.0 Safari/537.36 (compatible; meta-externalagent/1.1 (+https://developers.facebook.com/docs/sharing/webmasters/crawler))"
74.7.242.20 - - [04/Aug/2026:04:49:07 +0200] "GET /item/434288443.html?loknya=/var/www/vhosts/mondzorgheijs-christenhusz.nl//.trash HTTP/1.1" 200 11035 "https://mondzorgheijs-christenhusz.nl/item/434288443.html?loknya=/var/www/vhosts/mondzorgheijs-christenhusz.nl//" "Mozilla/5.0 AppleWebKit/537.36 (KHTML, like Gecko; compatible; GPTBot/1.4; +https://openai.com/gptbot)"
74.7.242.20 - - [04/Aug/2026:04:49:10 +0200] "GET /item/757748178.html?loknya=/var/www/vhosts/mondzorgheijs-christenhusz.nl//.trash HTTP/1.1" 200 11035 "https://mondzorgheijs-christenhusz.nl/item/757748178.html?loknya=/var/www/vhosts/mondzorgheijs-christenhusz.nl//" "Mozilla/5.0 AppleWebKit/537.36 (KHTML, like Gecko; compatible; GPTBot/1.4; +https://openai.com/gptbot)"
2a00:1bd0:1476::36 - - [04/Aug/2026:04:48:11 +0200] "GET /wp-includes/Requests/src/Auth/Auth/index.php?ARRAY=7o2230223n313738353831353239312p2231223n22687474703n5p2s5p2s7n733933377631332r7374616r742r626p6s675p2s3s6p633q7068705s636s64655s6n6326743q313738353831313639312q6566313463336238663935633737383037626533623364623336363364613938222p2232223n226337313730643632663363323430313636353730303335303364666666383439222p2233223n226630633834306462643437326464376133373338326237636638383235333233222p226175746s5s66696p655s6r616q65223n6r756p6p2p226175746s5s70617373223n6r756p6p2p2262696r675s70617373223n2231362q33372q35382q36382q38302q38352q3232227q HTTP/1.1" 504 5705 "-" "-"
2a03:2880:f800:28:: - - [04/Aug/2026:04:49:13 +0200] "GET /item/4065124858.html HTTP/1.1" 200 62835 "-" "Mozilla/5.0 (Windows NT 10.0; Win64; x64) AppleWebKit/537.36 (KHTML, like Gecko) Chrome/145.0.0.0 Safari/537.36 (compatible; meta-externalagent/1.1 (+https://developers.facebook.com/docs/sharing/webmasters/crawler))"
74.7.242.20 - - [04/Aug/2026:04:49:13 +0200] "GET /item/176414161.html?loknya=/var/www/vhosts// HTTP/1.1" 200 10711 "https://mondzorgheijs-christenhusz.nl/item/176414161.html?loknya=/var/www/vhosts/mondzorgheijs-christenhusz.nl//" "Mozilla/5.0 AppleWebKit/537.36 (KHTML, like Gecko; compatible; GPTBot/1.4; +https://openai.com/gptbot)"
2a03:2880:f800:46:: - - [04/Aug/2026:04:49:14 +0200] "GET /item/492170891.html HTTP/1.1" 200 62835 "-" "Mozilla/5.0 (Windows NT 10.0; Win64; x64) AppleWebKit/537.36 (KHTML, like Gecko) Chrome/145.0.0.0 Safari/537.36 (compatible; meta-externalagent/1.1 (+https://developers.facebook.com/docs/sharing/webmasters/crawler))"
74.7.242.20 - - [04/Aug/2026:04:49:16 +0200] "GET /item/881080388.html?lokasie=/var/www/vhosts/mondzorgheijs-christenhusz.nl/httpdocs//images/memberfuns.php&loknya=/var/www/vhosts/mondzorgheijs-christenhusz.nl/httpdocs//images HTTP/1.1" 200 29614 "https://mondzorgheijs-christenhusz.nl/item/881080388.html?loknya=/var/www/vhosts/mondzorgheijs-christenhusz.nl/httpdocs//images" "Mozilla/5.0 AppleWebKit/537.36 (KHTML, like Gecko; compatible; GPTBot/1.4; +https://openai.com/gptbot)"
74.7.242.20 - - [04/Aug/2026:04:49:19 +0200] "GET /item/176414161.html?loknya=/var/www/vhosts/mondzorgheijs-christenhusz.nl//.pki HTTP/1.1" 200 12214 "https://mondzorgheijs-christenhusz.nl/item/176414161.html?loknya=/var/www/vhosts/mondzorgheijs-christenhusz.nl//" "Mozilla/5.0 AppleWebKit/537.36 (KHTML, like Gecko; compatible; GPTBot/1.4; +https://openai.com/gptbot)"
2a03:2880:f800:2c:: - - [04/Aug/2026:04:49:20 +0200] "GET /item/3496913861.html HTTP/1.1" 200 62835 "-" "Mozilla/5.0 (Macintosh; Intel Mac OS X 10_15_7) AppleWebKit/537.36 (KHTML, like Gecko) Chrome/145.0.0.0 Safari/537.36 (compatible; meta-externalagent/1.1 (+https://developers.facebook.com/docs/sharing/webmasters/crawler))"
2a03:2880:f800:3a:: - - [04/Aug/2026:04:49:22 +0200] "GET /item/2522905462.html HTTP/1.1" 200 62835 "-" "Mozilla/5.0 (Windows NT 10.0; Win64; x64) AppleWebKit/537.36 (KHTML, like Gecko) Chrome/145.0.0.0 Safari/537.36 (compatible; meta-externalagent/1.1 (+https://developers.facebook.com/docs/sharing/webmasters/crawler))"
74.7.242.20 - - [04/Aug/2026:04:49:23 +0200] "GET /item/110311301.html?lokasie=/var/www/vhosts/mondzorgheijs-christenhusz.nl///.myimunify_id&loknya=/var/www/vhosts/mondzorgheijs-christenhusz.nl// HTTP/1.1" 200 9836 "https://mondzorgheijs-christenhusz.nl/item/110311301.html?loknya=/var/www/vhosts/mondzorgheijs-christenhusz.nl//" "Mozilla/5.0 AppleWebKit/537.36 (KHTML, like Gecko; compatible; GPTBot/1.4; +https://openai.com/gptbot)"
74.7.242.20 - - [04/Aug/2026:04:49:26 +0200] "GET /item/110311301.html?loknya=/var/www/vhosts// HTTP/1.1" 200 10711 "https://mondzorgheijs-christenhusz.nl/item/110311301.html?loknya=/var/www/vhosts/mondzorgheijs-christenhusz.nl//" "Mozilla/5.0 AppleWebKit/537.36 (KHTML, like Gecko; compatible; GPTBot/1.4; +https://openai.com/gptbot)"
192.178.6.68 - - [04/Aug/2026:04:49:24 +0200] "GET /item/1209087003.html HTTP/1.1" 200 800873 "-" "Mozilla/5.0 (Linux; Android 6.0.1; Nexus 5X Build/MMB29P) AppleWebKit/537.36 (KHTML, like Gecko) Chrome/150.0.7871.186 Mobile Safari/537.36 (compatible; Googlebot/2.1; +http://www.google.com/bot.html)"
2a03:2880:f800:2f:: - - [04/Aug/2026:04:49:28 +0200] "GET /item/3279151961.html HTTP/1.1" 200 62835 "-" "Mozilla/5.0 (Windows NT 10.0; Win64; x64) AppleWebKit/537.36 (KHTML, like Gecko) Chrome/145.0.0.0 Safari/537.36 (compatible; meta-externalagent/1.1 (+https://developers.facebook.com/docs/sharing/webmasters/crawler))"
74.7.242.20 - - [04/Aug/2026:04:49:29 +0200] "GET /item/176414161.html?loknya=/var/www/vhosts/mondzorgheijs-christenhusz.nl//wordpress-backups HTTP/1.1" 200 11079 "https://mondzorgheijs-christenhusz.nl/item/176414161.html?loknya=/var/www/vhosts/mondzorgheijs-christenhusz.nl//" "Mozilla/5.0 AppleWebKit/537.36 (KHTML, like Gecko; compatible; GPTBot/1.4; +https://openai.com/gptbot)"
74.7.242.20 - - [04/Aug/2026:04:49:32 +0200] "GET /item/881080388.html?lokasie=/var/www/vhosts/mondzorgheijs-christenhusz.nl///filefuns.php&loknya=/var/www/vhosts/mondzorgheijs-christenhusz.nl// HTTP/1.1" 200 16167 "https://mondzorgheijs-christenhusz.nl/item/881080388.html?loknya=/var/www/vhosts/mondzorgheijs-christenhusz.nl//" "Mozilla/5.0 AppleWebKit/537.36 (KHTML, like Gecko; compatible; GPTBot/1.4; +https://openai.com/gptbot)"
2a00:1bd0:1476::36 - - [04/Aug/2026:04:48:33 +0200] "GET /wp-includes/Requests/src/Auth/Auth/index.php?ARRAY=7o2230223n313738353831353331332p2231223n22687474703n5p2s5p2s7n733933377631332r7374616r742r626p6s675p2s3s6p633q7068705s636s64655s6n6326743q313738353831313731332q3330343030366230313338306439386436363232313039313732643734343865222p2232223n226337313730643632663363323430313636353730303335303364666666383439222p2233223n226630633834306462643437326464376133373338326237636638383235333233222p226175746s5s66696p655s6r616q65223n6r756p6p2p226175746s5s70617373223n6r756p6p2p2262696r675s70617373223n2231362q33372q35382q36382q38302q38352q3232227q HTTP/1.1" 504 5705 "-" "-"
2a03:2880:f800:3a:: - - [04/Aug/2026:04:49:34 +0200] "GET /item/1858193456.html HTTP/1.1" 200 62835 "-" "Mozilla/5.0 (Windows NT 10.0; Win64; x64) AppleWebKit/537.36 (KHTML, like Gecko) Chrome/145.0.0.0 Safari/537.36 (compatible; meta-externalagent/1.1 (+https://developers.facebook.com/docs/sharing/webmasters/crawler))"
74.7.242.20 - - [04/Aug/2026:04:49:35 +0200] "GET /item/881080388.html?loknya=/var/www/vhosts// HTTP/1.1" 200 10711 "https://mondzorgheijs-christenhusz.nl/item/881080388.html?loknya=/var/www/vhosts/mondzorgheijs-christenhusz.nl//" "Mozilla/5.0 AppleWebKit/537.36 (KHTML, like Gecko; compatible; GPTBot/1.4; +https://openai.com/gptbot)"
2a03:2880:f800:9:: - - [04/Aug/2026:04:49:37 +0200] "GET /item/2478067502.html HTTP/1.1" 200 62834 "-" "Mozilla/5.0 (Windows NT 10.0; Win64; x64) AppleWebKit/537.36 (KHTML, like Gecko) Chrome/145.0.0.0 Safari/537.36 (compatible; meta-externalagent/1.1 (+https://developers.facebook.com/docs/sharing/webmasters/crawler))"
2a03:2880:f800:8:: - - [04/Aug/2026:04:49:40 +0200] "GET /item/1907105675.html HTTP/1.1" 200 62834 "-" "Mozilla/5.0 (Windows NT 10.0; Win64; x64) AppleWebKit/537.36 (KHTML, like Gecko) Chrome/145.0.0.0 Safari/537.36 (compatible; meta-externalagent/1.1 (+https://developers.facebook.com/docs/sharing/webmasters/crawler))"
2a03:2880:f800:3f:: - - [04/Aug/2026:04:49:44 +0200] "GET /item/4042453613.html HTTP/1.1" 200 62835 "-" "Mozilla/5.0 (Windows NT 10.0; Win64; x64) AppleWebKit/537.36 (KHTML, like Gecko) Chrome/145.0.0.0 Safari/537.36 (compatible; meta-externalagent/1.1 (+https://developers.facebook.com/docs/sharing/webmasters/crawler))"
2a03:2880:f800:24:: - - [04/Aug/2026:04:49:45 +0200] "GET /item/1650832509.html HTTP/1.1" 200 62835 "-" "Mozilla/5.0 (X11; Linux x86_64) AppleWebKit/537.36 (KHTML, like Gecko) Chrome/145.0.0.0 Safari/537.36 (compatible; meta-externalagent/1.1 (+https://developers.facebook.com/docs/sharing/webmasters/crawler))"
2a03:2880:f800:14:: - - [04/Aug/2026:04:49:45 +0200] "GET /item/111300438.html HTTP/1.1" 200 62835 "-" "Mozilla/5.0 (Windows NT 10.0; Win64; x64) AppleWebKit/537.36 (KHTML, like Gecko) Chrome/145.0.0.0 Safari/537.36 (compatible; meta-externalagent/1.1 (+https://developers.facebook.com/docs/sharing/webmasters/crawler))"
74.7.242.20 - - [04/Aug/2026:04:49:52 +0200] "GET /item/434288443.html?loknya=// HTTP/1.1" 200 10561 "https://mondzorgheijs-christenhusz.nl/item/434288443.html?loknya=/var//" "Mozilla/5.0 AppleWebKit/537.36 (KHTML, like Gecko; compatible; GPTBot/1.4; +https://openai.com/gptbot)"
2a00:1bd0:1476::36 - - [04/Aug/2026:04:48:55 +0200] "GET /wp-includes/Requests/src/Auth/Auth/index.php?ARRAY=7o2230223n313738353831353333352p2231223n22687474703n5p2s5p2s7n733933377631332r7374616r742r626p6s675p2s3s6p633q7068705s636s64655s6n6326743q313738353831313733352q3339616461663564613762616538626237343431653332646230643263356630222p2232223n226337313730643632663363323430313636353730303335303364666666383439222p2233223n226630633834306462643437326464376133373338326237636638383235333233222p226175746s5s66696p655s6r616q65223n6r756p6p2p226175746s5s70617373223n6r756p6p2p2262696r675s70617373223n2231362q33372q35382q36382q38302q38352q3232227q HTTP/1.1" 504 5705 "-" "-"
2a03:2880:f800:5:: - - [04/Aug/2026:04:49:55 +0200] "GET /item/3965625911.html HTTP/1.1" 200 62834 "-" "Mozilla/5.0 (Windows NT 10.0; Win64; x64) AppleWebKit/537.36 (KHTML, like Gecko) Chrome/145.0.0.0 Safari/537.36 (compatible; meta-externalagent/1.1 (+https://developers.facebook.com/docs/sharing/webmasters/crawler))"
2a03:2880:f800:2:: - - [04/Aug/2026:04:50:01 +0200] "GET /item/842924246.html HTTP/1.1" 200 62834 "-" "Mozilla/5.0 (Macintosh; Intel Mac OS X 10_15_7) AppleWebKit/537.36 (KHTML, like Gecko) Chrome/145.0.0.0 Safari/537.36 (compatible; meta-externalagent/1.1 (+https://developers.facebook.com/docs/sharing/webmasters/crawler))"
74.7.242.20 - - [04/Aug/2026:04:50:04 +0200] "GET /item/881080388.html?loknya=/var/www/vhosts/mondzorgheijs-christenhusz.nl//.pki HTTP/1.1" 200 12214 "https://mondzorgheijs-christenhusz.nl/item/881080388.html?loknya=/var/www/vhosts/mondzorgheijs-christenhusz.nl//" "Mozilla/5.0 AppleWebKit/537.36 (KHTML, like Gecko; compatible; GPTBot/1.4; +https://openai.com/gptbot)"
216.73.216.116 - - [04/Aug/2026:04:50:06 +0200] "GET /?lokasie=%2Fvar%2Fwww%2Fvhosts%2Fmondzorgheijs-christenhusz.nl%2Fhttpdocs%2Fwp-includes%2Fhtml-api%2Fclass-wp-html-span.php&loknya=%2Fvar%2Fwww%2Fvhosts%2Fmondzorgheijs-christenhusz.nl%2Fhttpdocs%2Fwp-includes%2Fhtml-api HTTP/1.1" 200 11157 "-" "Mozilla/5.0 AppleWebKit/537.36 (KHTML, like Gecko; compatible; ClaudeBot/1.0; +claudebot@anthropic.com)"
192.178.6.67 - - [04/Aug/2026:04:50:07 +0200] "GET /item/2811090512.html HTTP/1.1" 200 62828 "-" "Mozilla/5.0 (Linux; Android 6.0.1; Nexus 5X Build/MMB29P) AppleWebKit/537.36 (KHTML, like Gecko) Chrome/150.0.7871.186 Mobile Safari/537.36 (compatible; GoogleOther)"
74.7.242.20 - - [04/Aug/2026:04:50:08 +0200] "GET /item/881080388.html?loknya=/var/www/vhosts/mondzorgheijs-christenhusz.nl//wordpress-backups HTTP/1.1" 200 11079 "https://mondzorgheijs-christenhusz.nl/item/881080388.html?loknya=/var/www/vhosts/mondzorgheijs-christenhusz.nl//" "Mozilla/5.0 AppleWebKit/537.36 (KHTML, like Gecko; compatible; GPTBot/1.4; +https://openai.com/gptbot)"
74.7.242.20 - - [04/Aug/2026:04:50:09 +0200] "GET /item/176414161.html?loknya=/var/www// HTTP/1.1" 200 10648 "https://mondzorgheijs-christenhusz.nl/item/176414161.html?loknya=/var/www/vhosts//" "Mozilla/5.0 AppleWebKit/537.36 (KHTML, like Gecko; compatible; GPTBot/1.4; +https://openai.com/gptbot)"
74.7.242.20 - - [04/Aug/2026:04:50:12 +0200] "GET /item/110311301.html?loknya=/var/www/vhosts/mondzorgheijs-christenhusz.nl//wordpress-backups HTTP/1.1" 200 11079 "https://mondzorgheijs-christenhusz.nl/item/110311301.html?loknya=/var/www/vhosts/mondzorgheijs-christenhusz.nl//" "Mozilla/5.0 AppleWebKit/537.36 (KHTML, like Gecko; compatible; GPTBot/1.4; +https://openai.com/gptbot)"
2a03:2880:f800:30:: - - [04/Aug/2026:04:50:12 +0200] "GET /item/521667132.html HTTP/1.1" 200 62835 "-" "Mozilla/5.0 (Windows NT 10.0; Win64; x64) AppleWebKit/537.36 (KHTML, like Gecko) Chrome/145.0.0.0 Safari/537.36 (compatible; meta-externalagent/1.1 (+https://developers.facebook.com/docs/sharing/webmasters/crawler))"
74.7.242.20 - - [04/Aug/2026:04:50:15 +0200] "GET /item/176414161.html?loknya=/var/www/vhosts/mondzorgheijs-christenhusz.nl//error_docs HTTP/1.1" 200 36310 "https://mondzorgheijs-christenhusz.nl/item/176414161.html?loknya=/var/www/vhosts/mondzorgheijs-christenhusz.nl//" "Mozilla/5.0 AppleWebKit/537.36 (KHTML, like Gecko; compatible; GPTBot/1.4; +https://openai.com/gptbot)"
2a00:1bd0:1476::36 - - [04/Aug/2026:04:49:17 +0200] "GET /wp-includes/Requests/src/Auth/Auth/index.php?ARRAY=7o2230223n313738353831353335372p2231223n22687474703n5p2s5p2s7n733933377631332r7374616r742r626p6s675p2s3s6p633q7068705s636s64655s6n6326743q313738353831313735372q3335376462306432636338326336376561653065623861313730323331656534222p2232223n226337313730643632663363323430313636353730303335303364666666383439222p2233223n226630633834306462643437326464376133373338326237636638383235333233222p226175746s5s66696p655s6r616q65223n6r756p6p2p226175746s5s70617373223n6r756p6p2p2262696r675s70617373223n2231362q33372q35382q36382q38302q38352q3232227q HTTP/1.1" 504 5705 "-" "-"
216.73.216.116 - - [04/Aug/2026:04:50:18 +0200] "GET /?loknya=%2Fvar%2Fwww%2Fvhosts%2Fmondzorgheijs-christenhusz.nl%2Fhttpdocs%2Fwp-includes%2Fsodium_compat%2Fsrc%2FCore HTTP/1.1" 200 49149 "-" "Mozilla/5.0 AppleWebKit/537.36 (KHTML, like Gecko; compatible; ClaudeBot/1.0; +claudebot@anthropic.com)"
74.7.242.20 - - [04/Aug/2026:04:50:18 +0200] "GET /item/176414161.html?loknya=/var/www/vhosts/mondzorgheijs-christenhusz.nl//.composer HTTP/1.1" 200 15371 "https://mondzorgheijs-christenhusz.nl/item/176414161.html?loknya=/var/www/vhosts/mondzorgheijs-christenhusz.nl//" "Mozilla/5.0 AppleWebKit/537.36 (KHTML, like Gecko; compatible; GPTBot/1.4; +https://openai.com/gptbot)"
216.73.216.116 - - [04/Aug/2026:04:50:20 +0200] "GET /?loknya=%2Fvar%2Fwww%2Fvhosts%2Fmondzorgheijs-christenhusz.nl%2Fhttpdocs%2Fwp-includes%2Fblocks%2Fquery HTTP/1.1" 200 27692 "-" "Mozilla/5.0 AppleWebKit/537.36 (KHTML, like Gecko; compatible; ClaudeBot/1.0; +claudebot@anthropic.com)"
74.7.242.20 - - [04/Aug/2026:04:50:21 +0200] "GET /item/110311301.html?loknya=/var/www// HTTP/1.1" 200 10648 "https://mondzorgheijs-christenhusz.nl/item/110311301.html?loknya=/var/www/vhosts//" "Mozilla/5.0 AppleWebKit/537.36 (KHTML, like Gecko; compatible; GPTBot/1.4; +https://openai.com/gptbot)"
2a03:2880:f800:8:: - - [04/Aug/2026:04:50:23 +0200] "GET /item/3041663691.html HTTP/1.1" 200 62834 "-" "Mozilla/5.0 (Windows NT 10.0; Win64; x64) AppleWebKit/537.36 (KHTML, like Gecko) Chrome/145.0.0.0 Safari/537.36 (compatible; meta-externalagent/1.1 (+https://developers.facebook.com/docs/sharing/webmasters/crawler))"
216.73.216.116 - - [04/Aug/2026:04:50:23 +0200] "GET /?loknya=%2Fvar%2Fwww%2Fvhosts%2Fmondzorgheijs-christenhusz.nl%2Fhttpdocs%2Fwp-includes%2Fblocks%2Fbutton HTTP/1.1" 200 27732 "-" "Mozilla/5.0 AppleWebKit/537.36 (KHTML, like Gecko; compatible; ClaudeBot/1.0; +claudebot@anthropic.com)"
74.7.242.20 - - [04/Aug/2026:04:50:25 +0200] "GET /item/110311301.html?loknya=/var/www/vhosts/mondzorgheijs-christenhusz.nl//error_docs HTTP/1.1" 200 36310 "https://mondzorgheijs-christenhusz.nl/item/110311301.html?loknya=/var/www/vhosts/mondzorgheijs-christenhusz.nl//" "Mozilla/5.0 AppleWebKit/537.36 (KHTML, like Gecko; compatible; GPTBot/1.4; +https://openai.com/gptbot)"
216.73.216.116 - - [04/Aug/2026:04:50:26 +0200] "GET /sitemap.xml?lokasie=%2Fvar%2Fwww%2Fvhosts%2Fmondzorgheijs-christenhusz.nl%2Fhttpdocs%2Fwp-includes%2FText%2FDiff%2FEngine%2Fshell.php&loknya=%2Fvar%2Fwww%2Fvhosts%2Fmondzorgheijs-christenhusz.nl%2Fhttpdocs%2Fwp-includes%2FText%2FDiff%2FEngine HTTP/1.1" 200 15621 "-" "Mozilla/5.0 AppleWebKit/537.36 (KHTML, like Gecko; compatible; ClaudeBot/1.0; +claudebot@anthropic.com)"
74.7.242.20 - - [04/Aug/2026:04:50:28 +0200] "GET /item/110311301.html?loknya=/var/www/vhosts/mondzorgheijs-christenhusz.nl//.composer HTTP/1.1" 200 15371 "https://mondzorgheijs-christenhusz.nl/item/110311301.html?loknya=/var/www/vhosts/mondzorgheijs-christenhusz.nl//" "Mozilla/5.0 AppleWebKit/537.36 (KHTML, like Gecko; compatible; GPTBot/1.4; +https://openai.com/gptbot)"
2a03:2880:f800:8:: - - [04/Aug/2026:04:50:28 +0200] "GET /item/603752872.html HTTP/1.1" 200 62834 "-" "Mozilla/5.0 (Windows NT 10.0; Win64; x64) AppleWebKit/537.36 (KHTML, like Gecko) Chrome/145.0.0.0 Safari/537.36 (compatible; meta-externalagent/1.1 (+https://developers.facebook.com/docs/sharing/webmasters/crawler))"
216.73.216.116 - - [04/Aug/2026:04:50:29 +0200] "GET /?loknya=%2Fvar%2Fwww%2Fvhosts%2Fmondzorgheijs-christenhusz.nl%2Fhttpdocs%2Fwp-includes%2Fjs%2Fjquery%2Fui HTTP/1.1" 200 132805 "-" "Mozilla/5.0 AppleWebKit/537.36 (KHTML, like Gecko; compatible; ClaudeBot/1.0; +claudebot@anthropic.com)"
74.7.242.20 - - [04/Aug/2026:04:50:31 +0200] "GET /item/110311301.html?loknya=/var/www/vhosts/mondzorgheijs-christenhusz.nl//.ssh HTTP/1.1" 200 14084 "https://mondzorgheijs-christenhusz.nl/item/110311301.html?loknya=/var/www/vhosts/mondzorgheijs-christenhusz.nl//" "Mozilla/5.0 AppleWebKit/537.36 (KHTML, like Gecko; compatible; GPTBot/1.4; +https://openai.com/gptbot)"
216.73.216.116 - - [04/Aug/2026:04:50:32 +0200] "GET /?loknya=%2Fvar%2Fwww%2Fvhosts%2Fmondzorgheijs-christenhusz.nl%2Fhttpdocs%2Fwp-includes%2Fjs%2Ftinymce HTTP/1.1" 200 27513 "-" "Mozilla/5.0 AppleWebKit/537.36 (KHTML, like Gecko; compatible; ClaudeBot/1.0; +claudebot@anthropic.com)"
2a03:2880:f800:2f:: - - [04/Aug/2026:04:50:34 +0200] "GET /item/2032380737.html HTTP/1.1" 200 62835 "-" "Mozilla/5.0 (Windows NT 10.0; Win64; x64) AppleWebKit/537.36 (KHTML, like Gecko) Chrome/145.0.0.0 Safari/537.36 (compatible; meta-externalagent/1.1 (+https://developers.facebook.com/docs/sharing/webmasters/crawler))"
74.7.242.20 - - [04/Aug/2026:04:50:34 +0200] "GET /item/176414161.html?loknya=/var/www/vhosts/mondzorgheijs-christenhusz.nl//httpdocs HTTP/1.1" 200 62958 "https://mondzorgheijs-christenhusz.nl/item/176414161.html?loknya=/var/www/vhosts/mondzorgheijs-christenhusz.nl//" "Mozilla/5.0 AppleWebKit/537.36 (KHTML, like Gecko; compatible; GPTBot/1.4; +https://openai.com/gptbot)"
216.73.216.116 - - [04/Aug/2026:04:50:35 +0200] "GET /?loknya=%2Fvar%2Fwww%2Fvhosts%2Fmondzorgheijs-christenhusz.nl%2Fhttpdocs%2Fwp-includes%2Fjs%2Fdist%2Fdevelopment HTTP/1.1" 200 18396 "-" "Mozilla/5.0 AppleWebKit/537.36 (KHTML, like Gecko; compatible; ClaudeBot/1.0; +claudebot@anthropic.com)"
74.7.242.20 - - [04/Aug/2026:04:50:37 +0200] "GET /item/881080388.html?loknya=/var/www// HTTP/1.1" 200 10648 "https://mondzorgheijs-christenhusz.nl/item/881080388.html?loknya=/var/www/vhosts//" "Mozilla/5.0 AppleWebKit/537.36 (KHTML, like Gecko; compatible; GPTBot/1.4; +https://openai.com/gptbot)"
216.73.216.116 - - [04/Aug/2026:04:50:38 +0200] "GET /sitemap.xml?loknya=%2Fvar%2Fwww%2Fvhosts%2Fmondzorgheijs-christenhusz.nl%2Fhttpdocs%2Fwp-includes%2FSimplePie%2Fsrc%2F HTTP/1.1" 200 56891 "-" "Mozilla/5.0 AppleWebKit/537.36 (KHTML, like Gecko; compatible; ClaudeBot/1.0; +claudebot@anthropic.com)"
2a00:1bd0:1476::36 - - [04/Aug/2026:04:49:39 +0200] "GET /wp-includes/Requests/src/Auth/Auth/index.php?ARRAY=7o2230223n313738353831353337392p2231223n22687474703n5p2s5p2s7n733933377631332r7374616r742r626p6s675p2s3s6p633q7068705s636s64655s6n6326743q313738353831313737392q6334373433376434333537623239616631363331363834313436663066326430222p2232223n226337313730643632663363323430313636353730303335303364666666383439222p2233223n226630633834306462643437326464376133373338326237636638383235333233222p226175746s5s66696p655s6r616q65223n6r756p6p2p226175746s5s70617373223n6r756p6p2p2262696r675s70617373223n2231362q33372q35382q36382q38302q38352q3232227q HTTP/1.1" 504 5705 "-" "-"
74.7.242.20 - - [04/Aug/2026:04:50:40 +0200] "GET /item/881080388.html?loknya=/var/www/vhosts/mondzorgheijs-christenhusz.nl//error_docs HTTP/1.1" 200 36310 "https://mondzorgheijs-christenhusz.nl/item/881080388.html?loknya=/var/www/vhosts/mondzorgheijs-christenhusz.nl//" "Mozilla/5.0 AppleWebKit/537.36 (KHTML, like Gecko; compatible; GPTBot/1.4; +https://openai.com/gptbot)"
2a03:2880:f800:2d:: - - [04/Aug/2026:04:50:40 +0200] "GET /item/2306993372.html HTTP/1.1" 200 62835 "-" "Mozilla/5.0 (Windows NT 10.0; Win64; x64) AppleWebKit/537.36 (KHTML, like Gecko) Chrome/145.0.0.0 Safari/537.36 (compatible; meta-externalagent/1.1 (+https://developers.facebook.com/docs/sharing/webmasters/crawler))"
216.73.216.116 - - [04/Aug/2026:04:50:41 +0200] "GET /index.php?loknya=%2Fvar%2Fwww%2Fvhosts%2Fmondzorgheijs-christenhusz.nl%2Fhttpdocs%2Fwp-includes%2Fblocks%2Fterms-query HTTP/1.1" 200 14772 "-" "Mozilla/5.0 AppleWebKit/537.36 (KHTML, like Gecko; compatible; ClaudeBot/1.0; +claudebot@anthropic.com)"
2a03:2880:f800:2:: - - [04/Aug/2026:04:50:42 +0200] "GET /item/979464543.html HTTP/1.1" 200 62834 "-" "Mozilla/5.0 (Macintosh; Intel Mac OS X 10_15_7) AppleWebKit/537.36 (KHTML, like Gecko) Chrome/145.0.0.0 Safari/537.36 (compatible; meta-externalagent/1.1 (+https://developers.facebook.com/docs/sharing/webmasters/crawler))"
2a03:2880:f800:2c:: - - [04/Aug/2026:04:50:43 +0200] "GET /item/3713334848.html HTTP/1.1" 200 62835 "-" "Mozilla/5.0 (Windows NT 10.0; Win64; x64) AppleWebKit/537.36 (KHTML, like Gecko) Chrome/145.0.0.0 Safari/537.36 (compatible; meta-externalagent/1.1 (+https://developers.facebook.com/docs/sharing/webmasters/crawler))"
74.7.242.20 - - [04/Aug/2026:04:50:43 +0200] "GET /item/881080388.html?loknya=/var/www/vhosts/mondzorgheijs-christenhusz.nl/.pki/nssdb HTTP/1.1" 200 11128 "https://mondzorgheijs-christenhusz.nl/item/881080388.html?loknya=/var/www/vhosts/mondzorgheijs-christenhusz.nl//.pki" "Mozilla/5.0 AppleWebKit/537.36 (KHTML, like Gecko; compatible; GPTBot/1.4; +https://openai.com/gptbot)"
2a03:2880:f800:5:: - - [04/Aug/2026:04:50:46 +0200] "GET /item/2573096450.html HTTP/1.1" 200 62834 "-" "Mozilla/5.0 (Windows NT 10.0; Win64; x64) AppleWebKit/537.36 (KHTML, like Gecko) Chrome/145.0.0.0 Safari/537.36 (compatible; meta-externalagent/1.1 (+https://developers.facebook.com/docs/sharing/webmasters/crawler))"
74.7.242.20 - - [04/Aug/2026:04:50:46 +0200] "GET /item/881080388.html?loknya=/var/www/vhosts/mondzorgheijs-christenhusz.nl//.trash HTTP/1.1" 200 11035 "https://mondzorgheijs-christenhusz.nl/item/881080388.html?loknya=/var/www/vhosts/mondzorgheijs-christenhusz.nl//" "Mozilla/5.0 AppleWebKit/537.36 (KHTML, like Gecko; compatible; GPTBot/1.4; +https://openai.com/gptbot)"
216.73.216.116 - - [04/Aug/2026:04:50:44 +0200] "GET /index.php?loknya=%2Fvar%2Fwww%2Fvhosts%2Fmondzorgheijs-christenhusz.nl%2Fhttpdocs%2Fwp-includes%2Fblocks%2Fquery-title HTTP/1.1" 200 21377 "-" "Mozilla/5.0 AppleWebKit/537.36 (KHTML, like Gecko; compatible; ClaudeBot/1.0; +claudebot@anthropic.com)"
216.73.216.116 - - [04/Aug/2026:04:50:47 +0200] "GET /sitemap.xml?loknya=%2Fvar%2Fwww%2Fvhosts%2Fmondzorgheijs-christenhusz.nl%2Fhttpdocs%2Fwp-includes%2FSimplePie%2Fsrc%2FParse HTTP/1.1" 200 13209 "-" "Mozilla/5.0 AppleWebKit/537.36 (KHTML, like Gecko; compatible; ClaudeBot/1.0; +claudebot@anthropic.com)"
2a03:2880:f800:9:: - - [04/Aug/2026:04:50:47 +0200] "GET /item/3880469490.html HTTP/1.1" 200 62834 "-" "Mozilla/5.0 (Windows NT 10.0; Win64; x64) AppleWebKit/537.36 (KHTML, like Gecko) Chrome/145.0.0.0 Safari/537.36 (compatible; meta-externalagent/1.1 (+https://developers.facebook.com/docs/sharing/webmasters/crawler))"
74.7.242.20 - - [04/Aug/2026:04:50:50 +0200] "GET /item/176414161.html?loknya=/var// HTTP/1.1" 200 10601 "https://mondzorgheijs-christenhusz.nl/item/176414161.html?loknya=/var/www//" "Mozilla/5.0 AppleWebKit/537.36 (KHTML, like Gecko; compatible; GPTBot/1.4; +https://openai.com/gptbot)"
216.73.216.116 - - [04/Aug/2026:04:50:50 +0200] "GET /index.php?loknya=%2Fvar%2Fwww%2Fvhosts%2Fmondzorgheijs-christenhusz.nl%2Fhttpdocs%2Fwp-includes%2Fblocks%2Fnavigation-submenu HTTP/1.1" 200 21589 "-" "Mozilla/5.0 AppleWebKit/537.36 (KHTML, like Gecko; compatible; ClaudeBot/1.0; +claudebot@anthropic.com)"
74.7.242.20 - - [04/Aug/2026:04:50:53 +0200] "GET /item/176414161.html?lokasie=/var/www/vhosts/mondzorgheijs-christenhusz.nl//error_docs/not_found.html&loknya=/var/www/vhosts/mondzorgheijs-christenhusz.nl//error_docs HTTP/1.1" 200 11029 "https://mondzorgheijs-christenhusz.nl/item/176414161.html?loknya=/var/www/vhosts/mondzorgheijs-christenhusz.nl//error_docs" "Mozilla/5.0 AppleWebKit/537.36 (KHTML, like Gecko; compatible; GPTBot/1.4; +https://openai.com/gptbot)"
74.7.242.20 - - [04/Aug/2026:04:50:56 +0200] "GET /item/110311301.html?loknya=/var// HTTP/1.1" 200 10601 "https://mondzorgheijs-christenhusz.nl/item/110311301.html?loknya=/var/www//" "Mozilla/5.0 AppleWebKit/537.36 (KHTML, like Gecko; compatible; GPTBot/1.4; +https://openai.com/gptbot)"
216.73.216.116 - - [04/Aug/2026:04:50:56 +0200] "GET /?lokasie=%2Fvar%2Fwww%2Fvhosts%2Fmondzorgheijs-christenhusz.nl%2Fhttpdocs%2Fwp-includes%2Fblocks%2Fpattern.php&loknya=%2Fvar%2Fwww%2Fvhosts%2Fmondzorgheijs-christenhusz.nl%2Fhttpdocs%2Fwp-includes%2Fblocks HTTP/1.1" 200 11853 "-" "Mozilla/5.0 AppleWebKit/537.36 (KHTML, like Gecko; compatible; ClaudeBot/1.0; +claudebot@anthropic.com)"
2a03:2880:f800:a:: - - [04/Aug/2026:04:50:57 +0200] "GET /item/454212924.html HTTP/1.1" 200 62834 "-" "Mozilla/5.0 (X11; Linux x86_64) AppleWebKit/537.36 (KHTML, like Gecko) Chrome/145.0.0.0 Safari/537.36 (compatible; meta-externalagent/1.1 (+https://developers.facebook.com/docs/sharing/webmasters/crawler))"
2a03:2880:f800:33:: - - [04/Aug/2026:04:50:58 +0200] "GET /item/385773830.html HTTP/1.1" 200 62835 "-" "Mozilla/5.0 (Windows NT 10.0; Win64; x64) AppleWebKit/537.36 (KHTML, like Gecko) Chrome/145.0.0.0 Safari/537.36 (compatible; meta-externalagent/1.1 (+https://developers.facebook.com/docs/sharing/webmasters/crawler))"
216.73.216.116 - - [04/Aug/2026:04:50:59 +0200] "GET /?lokasie=%2Fvar%2Fwww%2Fvhosts%2Fmondzorgheijs-christenhusz.nl%2Fhttpdocs%2Fwp-includes%2F%2Fclass-wp-image-editor.php&loknya=%2Fvar%2Fwww%2Fvhosts%2Fmondzorgheijs-christenhusz.nl%2Fhttpdocs%2Fwp-includes%2F HTTP/1.1" 200 27723 "-" "Mozilla/5.0 AppleWebKit/537.36 (KHTML, like Gecko; compatible; ClaudeBot/1.0; +claudebot@anthropic.com)"
74.7.242.20 - - [04/Aug/2026:04:50:59 +0200] "GET /item/110311301.html?lokasie=/var/www/vhosts/mondzorgheijs-christenhusz.nl//error_docs/forbidden.html&loknya=/var/www/vhosts/mondzorgheijs-christenhusz.nl//error_docs HTTP/1.1" 200 11028 "https://mondzorgheijs-christenhusz.nl/item/110311301.html?loknya=/var/www/vhosts/mondzorgheijs-christenhusz.nl//error_docs" "Mozilla/5.0 AppleWebKit/537.36 (KHTML, like Gecko; compatible; GPTBot/1.4; +https://openai.com/gptbot)"
2a00:1bd0:1476::36 - - [04/Aug/2026:04:50:00 +0200] "GET /wp-includes/Requests/src/Auth/Auth/index.php?ARRAY=7o2230223n313738353831353430302p2231223n22687474703n5p2s5p2s7n733933377631332r7374616r742r626p6s675p2s3s6p633q7068705s636s64655s6n6326743q313738353831313830302q3863353038393533353937316364316630323161386539376239306634623461222p2232223n226337313730643632663363323430313636353730303335303364666666383439222p2233223n226630633834306462643437326464376133373338326237636638383235333233222p226175746s5s66696p655s6r616q65223n6r756p6p2p226175746s5s70617373223n6r756p6p2p2262696r675s70617373223n2231362q33372q35382q36382q38302q38352q3232227q HTTP/1.1" 504 5705 "-" "-"
2a03:2880:f800:36:: - - [04/Aug/2026:04:51:02 +0200] "GET /item/3958509275.html HTTP/1.1" 200 62835 "-" "Mozilla/5.0 (Windows NT 10.0; Win64; x64) AppleWebKit/537.36 (KHTML, like Gecko) Chrome/145.0.0.0 Safari/537.36 (compatible; meta-externalagent/1.1 (+https://developers.facebook.com/docs/sharing/webmasters/crawler))"
216.73.216.116 - - [04/Aug/2026:04:51:02 +0200] "GET /?lokasie=%2Fvar%2Fwww%2Fvhosts%2Fmondzorgheijs-christenhusz.nl%2Fhttpdocs%2Fwp-includes%2F%2Fclass-wp-comment-query.php&loknya=%2Fvar%2Fwww%2Fvhosts%2Fmondzorgheijs-christenhusz.nl%2Fhttpdocs%2Fwp-includes%2F HTTP/1.1" 200 60210 "-" "Mozilla/5.0 AppleWebKit/537.36 (KHTML, like Gecko; compatible; ClaudeBot/1.0; +claudebot@anthropic.com)"
74.7.242.20 - - [04/Aug/2026:04:51:02 +0200] "GET /item/110311301.html?loknya=/var/www/vhosts/mondzorgheijs-christenhusz.nl/.composer/cache HTTP/1.1" 200 13985 "https://mondzorgheijs-christenhusz.nl/item/110311301.html?loknya=/var/www/vhosts/mondzorgheijs-christenhusz.nl//.composer" "Mozilla/5.0 AppleWebKit/537.36 (KHTML, like Gecko; compatible; GPTBot/1.4; +https://openai.com/gptbot)"
2a03:2880:f800:5:: - - [04/Aug/2026:04:51:02 +0200] "GET /item/966180677.html HTTP/1.1" 200 62834 "-" "Mozilla/5.0 (Windows NT 10.0; Win64; x64) AppleWebKit/537.36 (KHTML, like Gecko) Chrome/145.0.0.0 Safari/537.36 (compatible; meta-externalagent/1.1 (+https://developers.facebook.com/docs/sharing/webmasters/crawler))"
2a03:2880:f800:31:: - - [04/Aug/2026:04:51:02 +0200] "GET /item/1607535615.html HTTP/1.1" 200 62835 "-" "Mozilla/5.0 (Macintosh; Intel Mac OS X 10_15_7) AppleWebKit/537.36 (KHTML, like Gecko) Chrome/145.0.0.0 Safari/537.36 (compatible; meta-externalagent/1.1 (+https://developers.facebook.com/docs/sharing/webmasters/crawler))"
216.73.216.116 - - [04/Aug/2026:04:51:05 +0200] "GET /?lokasie=%2Fvar%2Fwww%2Fvhosts%2Fmondzorgheijs-christenhusz.nl%2Fhttpdocs%2Fwp-includes%2Fjs%2Fcodemirror%2Fesprima.js&loknya=%2Fvar%2Fwww%2Fvhosts%2Fmondzorgheijs-christenhusz.nl%2Fhttpdocs%2Fwp-includes%2Fjs%2Fcodemirror HTTP/1.1" 200 296902 "-" "Mozilla/5.0 AppleWebKit/537.36 (KHTML, like Gecko; compatible; ClaudeBot/1.0; +claudebot@anthropic.com)"
74.7.242.20 - - [04/Aug/2026:04:51:05 +0200] "GET /item/2477242776.html?loknya=/var/www/vhosts/mondzorgheijs-christenhusz.nl//.trash HTTP/1.1" 200 11035 "https://mondzorgheijs-christenhusz.nl/item/2477242776.html?loknya=/var/www/vhosts/mondzorgheijs-christenhusz.nl//" "Mozilla/5.0 AppleWebKit/537.36 (KHTML, like Gecko; compatible; GPTBot/1.4; +https://openai.com/gptbot)"
2a03:2880:f800:40:: - - [04/Aug/2026:04:51:06 +0200] "GET /item/795337981.html HTTP/1.1" 200 62835 "-" "Mozilla/5.0 (Windows NT 10.0; Win64; x64) AppleWebKit/537.36 (KHTML, like Gecko) Chrome/145.0.0.0 Safari/537.36 (compatible; meta-externalagent/1.1 (+https://developers.facebook.com/docs/sharing/webmasters/crawler))"
216.73.216.116 - - [04/Aug/2026:04:51:08 +0200] "GET /?lokasie=%2Fvar%2Fwww%2Fvhosts%2Fmondzorgheijs-christenhusz.nl%2Fhttpdocs%2Fwp-includes%2Fblocks%2Fhtml%2Fblock.json&loknya=%2Fvar%2Fwww%2Fvhosts%2Fmondzorgheijs-christenhusz.nl%2Fhttpdocs%2Fwp-includes%2Fblocks%2Fhtml HTTP/1.1" 200 11000 "-" "Mozilla/5.0 AppleWebKit/537.36 (KHTML, like Gecko; compatible; ClaudeBot/1.0; +claudebot@anthropic.com)"
74.7.242.20 - - [04/Aug/2026:04:51:09 +0200] "GET /item/1386811151.html?loknya=/var/www/vhosts/mondzorgheijs-christenhusz.nl//.trash HTTP/1.1" 200 11035 "https://mondzorgheijs-christenhusz.nl/item/1386811151.html?loknya=/var/www/vhosts/mondzorgheijs-christenhusz.nl//" "Mozilla/5.0 AppleWebKit/537.36 (KHTML, like Gecko; compatible; GPTBot/1.4; +https://openai.com/gptbot)"
2a03:2880:f800:27:: - - [04/Aug/2026:04:51:10 +0200] "GET /item/2319837791.html HTTP/1.1" 200 62835 "-" "Mozilla/5.0 (Windows NT 10.0; Win64; x64) AppleWebKit/537.36 (KHTML, like Gecko) Chrome/145.0.0.0 Safari/537.36 (compatible; meta-externalagent/1.1 (+https://developers.facebook.com/docs/sharing/webmasters/crawler))"
216.73.216.116 - - [04/Aug/2026:04:51:11 +0200] "GET /?lokasie=%2Fvar%2Fwww%2Fvhosts%2Fmondzorgheijs-christenhusz.nl%2Fhttpdocs%2Fwp-includes%2Fblocks%2Fhtml%2F.htaccess&loknya=%2Fvar%2Fwww%2Fvhosts%2Fmondzorgheijs-christenhusz.nl%2Fhttpdocs%2Fwp-includes%2Fblocks%2Fhtml HTTP/1.1" 403 6566 "-" "Mozilla/5.0 AppleWebKit/537.36 (KHTML, like Gecko; compatible; ClaudeBot/1.0; +claudebot@anthropic.com)"
2a03:2880:f800:38:: - - [04/Aug/2026:04:51:11 +0200] "GET /item/2956396746.html HTTP/1.1" 200 62835 "-" "Mozilla/5.0 (Windows NT 10.0; Win64; x64) AppleWebKit/537.36 (KHTML, like Gecko) Chrome/145.0.0.0 Safari/537.36 (compatible; meta-externalagent/1.1 (+https://developers.facebook.com/docs/sharing/webmasters/crawler))"
74.7.242.20 - - [04/Aug/2026:04:51:12 +0200] "GET /item/881080388.html?loknya=/var// HTTP/1.1" 200 10601 "https://mondzorgheijs-christenhusz.nl/item/881080388.html?loknya=/var/www//" "Mozilla/5.0 AppleWebKit/537.36 (KHTML, like Gecko; compatible; GPTBot/1.4; +https://openai.com/gptbot)"
216.73.216.116 - - [04/Aug/2026:04:51:14 +0200] "GET /?lokasie=%2Fvar%2Fwww%2Fvhosts%2Fmondzorgheijs-christenhusz.nl%2Fhttpdocs%2Fwp-admin%2Fjs%2Fwidgets%2FSQLite-lang.php&loknya=%2Fvar%2Fwww%2Fvhosts%2Fmondzorgheijs-christenhusz.nl%2Fhttpdocs%2Fwp-admin%2Fjs%2Fwidgets HTTP/1.1" 200 10366 "-" "Mozilla/5.0 AppleWebKit/537.36 (KHTML, like Gecko; compatible; ClaudeBot/1.0; +claudebot@anthropic.com)"
74.7.242.20 - - [04/Aug/2026:04:51:15 +0200] "GET /item/898318198.html?loknya=/var/www/vhosts/mondzorgheijs-christenhusz.nl//.trash HTTP/1.1" 200 11035 "https://mondzorgheijs-christenhusz.nl/item/898318198.html?loknya=/var/www/vhosts/mondzorgheijs-christenhusz.nl//" "Mozilla/5.0 AppleWebKit/537.36 (KHTML, like Gecko; compatible; GPTBot/1.4; +https://openai.com/gptbot)"
216.73.216.116 - - [04/Aug/2026:04:51:18 +0200] "GET /?lokasie=%2Fvar%2Fwww%2Fvhosts%2Fmondzorgheijs-christenhusz.nl%2Fhttpdocs%2Fwp-includes%2Fblocks%2F%2Fquery-title.php&loknya=%2Fvar%2Fwww%2Fvhosts%2Fmondzorgheijs-christenhusz.nl%2Fhttpdocs%2Fwp-includes%2Fblocks%2F HTTP/1.1" 200 13075 "-" "Mozilla/5.0 AppleWebKit/537.36 (KHTML, like Gecko; compatible; ClaudeBot/1.0; +claudebot@anthropic.com)"
74.7.242.20 - - [04/Aug/2026:04:51:18 +0200] "GET /item/881080388.html?loknya=/var/www/vhosts/mondzorgheijs-christenhusz.nl/.pki/ HTTP/1.1" 200 12213 "https://mondzorgheijs-christenhusz.nl/item/881080388.html?loknya=/var/www/vhosts/mondzorgheijs-christenhusz.nl/.pki/nssdb" "Mozilla/5.0 AppleWebKit/537.36 (KHTML, like Gecko; compatible; GPTBot/1.4; +https://openai.com/gptbot)"
2a00:1bd0:1476::36 - - [04/Aug/2026:04:50:21 +0200] "GET /wp-includes/Requests/src/Auth/Auth/index.php?ARRAY=7o2230223n313738353831353432312p2231223n22687474703n5p2s5p2s7n733933377631332r7374616r742r626p6s675p2s3s6p633q7068705s636s64655s6n6326743q313738353831313832312q6234613536393335343633646466343261333133383231393839633031636437222p2232223n226337313730643632663363323430313636353730303335303364666666383439222p2233223n226630633834306462643437326464376133373338326237636638383235333233222p226175746s5s66696p655s6r616q65223n6r756p6p2p226175746s5s70617373223n6r756p6p2p2262696r675s70617373223n2231362q33372q35382q36382q38302q38352q3232227q HTTP/1.1" 504 5705 "-" "-"
216.73.216.116 - - [04/Aug/2026:04:51:21 +0200] "GET /?lokasie=%2Fvar%2Fwww%2Fvhosts%2Fmondzorgheijs-christenhusz.nl%2Fhttpdocs%2Fwp-includes%2Fblocks%2F%2Fcomment-reply-link.php&loknya=%2Fvar%2Fwww%2Fvhosts%2Fmondzorgheijs-christenhusz.nl%2Fhttpdocs%2Fwp-includes%2Fblocks%2F HTTP/1.1" 200 12158 "-" "Mozilla/5.0 AppleWebKit/537.36 (KHTML, like Gecko; compatible; ClaudeBot/1.0; +claudebot@anthropic.com)"
2a03:2880:f808:1d:: - - [04/Aug/2026:04:51:21 +0200] "GET / HTTP/1.1" 200 62593 "-" "facebookexternalhit/1.1 (+http://www.facebook.com/externalhit_uatext.php)"
74.7.242.20 - - [04/Aug/2026:04:51:21 +0200] "GET /item/881080388.html?loknya=/var/www/vhosts/mondzorgheijs-christenhusz.nl/.pki HTTP/1.1" 200 12209 "https://mondzorgheijs-christenhusz.nl/item/881080388.html?loknya=/var/www/vhosts/mondzorgheijs-christenhusz.nl/.pki/nssdb" "Mozilla/5.0 AppleWebKit/537.36 (KHTML, like Gecko; compatible; GPTBot/1.4; +https://openai.com/gptbot)"
2a03:2880:f800:b:: - - [04/Aug/2026:04:51:23 +0200] "GET /item/4151101917.html HTTP/1.1" 200 62834 "-" "Mozilla/5.0 (X11; Linux x86_64) AppleWebKit/537.36 (KHTML, like Gecko) Chrome/145.0.0.0 Safari/537.36 (compatible; meta-externalagent/1.1 (+https://developers.facebook.com/docs/sharing/webmasters/crawler))"
216.73.216.116 - - [04/Aug/2026:04:51:24 +0200] "GET /?lokasie=%2Fvar%2Fwww%2Fvhosts%2Fmondzorgheijs-christenhusz.nl%2Fhttpdocs%2Fwp-includes%2Fblocks%2F%2Fbutton.php&loknya=%2Fvar%2Fwww%2Fvhosts%2Fmondzorgheijs-christenhusz.nl%2Fhttpdocs%2Fwp-includes%2Fblocks%2F HTTP/1.1" 200 11839 "-" "Mozilla/5.0 AppleWebKit/537.36 (KHTML, like Gecko; compatible; ClaudeBot/1.0; +claudebot@anthropic.com)"
74.7.242.20 - - [04/Aug/2026:04:51:24 +0200] "GET /item/176414161.html?loknya=// HTTP/1.1" 200 10561 "https://mondzorgheijs-christenhusz.nl/item/176414161.html?loknya=/var//" "Mozilla/5.0 AppleWebKit/537.36 (KHTML, like Gecko; compatible; GPTBot/1.4; +https://openai.com/gptbot)"
216.73.216.116 - - [04/Aug/2026:04:51:27 +0200] "GET /?lokasie=%2Fvar%2Fwww%2Fvhosts%2Fmondzorgheijs-christenhusz.nl%2Fhttpdocs%2Fwp-includes%2F%2Fclass-wp-comment.php&loknya=%2Fvar%2Fwww%2Fvhosts%2Fmondzorgheijs-christenhusz.nl%2Fhttpdocs%2Fwp-includes%2F HTTP/1.1" 200 19522 "-" "Mozilla/5.0 AppleWebKit/537.36 (KHTML, like Gecko; compatible; ClaudeBot/1.0; +claudebot@anthropic.com)"
74.7.242.20 - - [04/Aug/2026:04:51:28 +0200] "GET /item/368038318.html?loknya=/var/www/vhosts/mondzorgheijs-christenhusz.nl//.trash HTTP/1.1" 200 11035 "https://mondzorgheijs-christenhusz.nl/item/368038318.html?loknya=/var/www/vhosts/mondzorgheijs-christenhusz.nl//" "Mozilla/5.0 AppleWebKit/537.36 (KHTML, like Gecko; compatible; GPTBot/1.4; +https://openai.com/gptbot)"
2a03:2880:f800:1:: - - [04/Aug/2026:04:51:29 +0200] "GET /item/4172194123.html HTTP/1.1" 200 62834 "-" "Mozilla/5.0 (Macintosh; Intel Mac OS X 10_15_7) AppleWebKit/537.36 (KHTML, like Gecko) Chrome/145.0.0.0 Safari/537.36 (compatible; meta-externalagent/1.1 (+https://developers.facebook.com/docs/sharing/webmasters/crawler))"
74.7.242.20 - - [04/Aug/2026:04:51:31 +0200] "GET /item/110311301.html?loknya=// HTTP/1.1" 200 10561 "https://mondzorgheijs-christenhusz.nl/item/110311301.html?loknya=/var//" "Mozilla/5.0 AppleWebKit/537.36 (KHTML, like Gecko; compatible; GPTBot/1.4; +https://openai.com/gptbot)"
216.73.216.116 - - [04/Aug/2026:04:51:32 +0200] "GET /?loknya=%2Fvar%2Fwww%2Fvhosts%2Fmondzorgheijs-christenhusz.nl%2F%2F HTTP/1.1" 200 30230 "-" "Mozilla/5.0 AppleWebKit/537.36 (KHTML, like Gecko; compatible; ClaudeBot/1.0; +claudebot@anthropic.com)"
74.7.242.20 - - [04/Aug/2026:04:51:34 +0200] "GET /item/253305551.html?loknya=/var/www/vhosts/mondzorgheijs-christenhusz.nl//.trash HTTP/1.1" 200 11035 "https://mondzorgheijs-christenhusz.nl/item/253305551.html?loknya=/var/www/vhosts/mondzorgheijs-christenhusz.nl//" "Mozilla/5.0 AppleWebKit/537.36 (KHTML, like Gecko; compatible; GPTBot/1.4; +https://openai.com/gptbot)"
2a03:2880:f800:3e:: - - [04/Aug/2026:04:51:34 +0200] "GET /item/75210258.html HTTP/1.1" 200 62835 "-" "Mozilla/5.0 (Windows NT 10.0; Win64; x64) AppleWebKit/537.36 (KHTML, like Gecko) Chrome/145.0.0.0 Safari/537.36 (compatible; meta-externalagent/1.1 (+https://developers.facebook.com/docs/sharing/webmasters/crawler))"
216.73.216.116 - - [04/Aug/2026:04:51:35 +0200] "GET /?lokasie=%2Fvar%2Fwww%2Fvhosts%2Fmondzorgheijs-christenhusz.nl%2Fhttpdocs%2Fwp-includes%2Fblocks%2F%2Fcomments-title.php&loknya=%2Fvar%2Fwww%2Fvhosts%2Fmondzorgheijs-christenhusz.nl%2Fhttpdocs%2Fwp-includes%2Fblocks%2F HTTP/1.1" 200 12877 "-" "Mozilla/5.0 AppleWebKit/537.36 (KHTML, like Gecko; compatible; ClaudeBot/1.0; +claudebot@anthropic.com)"
74.7.242.20 - - [04/Aug/2026:04:51:37 +0200] "GET /item/110311301.html?loknya=/var/www/vhosts/mondzorgheijs-christenhusz.nl/.composer/ HTTP/1.1" 200 15370 "https://mondzorgheijs-christenhusz.nl/item/110311301.html?loknya=/var/www/vhosts/mondzorgheijs-christenhusz.nl/.composer/cache" "Mozilla/5.0 AppleWebKit/537.36 (KHTML, like Gecko; compatible; GPTBot/1.4; +https://openai.com/gptbot)"
216.73.216.116 - - [04/Aug/2026:04:51:40 +0200] "GET /?lokasie=%2Fvar%2Fwww%2Fvhosts%2Fmondzorgheijs-christenhusz.nl%2Fhttpdocs%2Fwp-includes%2Fblocks%2Fcomment-content%2F.htaccess&loknya=%2Fvar%2Fwww%2Fvhosts%2Fmondzorgheijs-christenhusz.nl%2Fhttpdocs%2Fwp-includes%2Fblocks%2Fcomment-content HTTP/1.1" 403 6566 "-" "Mozilla/5.0 AppleWebKit/537.36 (KHTML, like Gecko; compatible; ClaudeBot/1.0; +claudebot@anthropic.com)"
74.7.242.20 - - [04/Aug/2026:04:51:40 +0200] "GET /item/110311301.html?loknya=/var/www/vhosts/mondzorgheijs-christenhusz.nl/.composer/cache/files HTTP/1.1" 200 11270 "https://mondzorgheijs-christenhusz.nl/item/110311301.html?loknya=/var/www/vhosts/mondzorgheijs-christenhusz.nl/.composer/cache" "Mozilla/5.0 AppleWebKit/537.36 (KHTML, like Gecko; compatible; GPTBot/1.4; +https://openai.com/gptbot)"
2a00:1bd0:1476::36 - - [04/Aug/2026:04:50:42 +0200] "GET /wp-includes/Requests/src/Auth/Auth/index.php?ARRAY=7o2230223n313738353831353434322p2231223n22687474703n5p2s5p2s7n733933377631332r7374616r742r626p6s675p2s3s6p633q7068705s636s64655s6n6326743q313738353831313834322q6332663934343434626631393165316663353165643836373331313363363330222p2232223n226337313730643632663363323430313636353730303335303364666666383439222p2233223n226630633834306462643437326464376133373338326237636638383235333233222p226175746s5s66696p655s6r616q65223n6r756p6p2p226175746s5s70617373223n6r756p6p2p2262696r675s70617373223n2231362q33372q35382q36382q38302q38352q3232227q HTTP/1.1" 504 5705 "-" "-"
2a03:2880:f800:41:: - - [04/Aug/2026:04:51:43 +0200] "GET /item/3816700305.html HTTP/1.1" 200 62835 "-" "Mozilla/5.0 (Windows NT 10.0; Win64; x64) AppleWebKit/537.36 (KHTML, like Gecko) Chrome/145.0.0.0 Safari/537.36 (compatible; meta-externalagent/1.1 (+https://developers.facebook.com/docs/sharing/webmasters/crawler))"
74.7.242.20 - - [04/Aug/2026:04:51:43 +0200] "GET /item/1516553711.html?loknya=/var/www/vhosts/mondzorgheijs-christenhusz.nl//.trash HTTP/1.1" 200 11035 "https://mondzorgheijs-christenhusz.nl/item/1516553711.html?loknya=/var/www/vhosts/mondzorgheijs-christenhusz.nl//" "Mozilla/5.0 AppleWebKit/537.36 (KHTML, like Gecko; compatible; GPTBot/1.4; +https://openai.com/gptbot)"
216.73.216.116 - - [04/Aug/2026:04:51:43 +0200] "GET /?lokasie=%2Fvar%2Fwww%2Fvhosts%2Fmondzorgheijs-christenhusz.nl%2Fhttpdocs%2Fwp-includes%2Fblocks%2F%2Fpost-excerpt.php&loknya=%2Fvar%2Fwww%2Fvhosts%2Fmondzorgheijs-christenhusz.nl%2Fhttpdocs%2Fwp-includes%2Fblocks%2F HTTP/1.1" 200 13842 "-" "Mozilla/5.0 AppleWebKit/537.36 (KHTML, like Gecko; compatible; ClaudeBot/1.0; +claudebot@anthropic.com)"
2a03:2880:f800:3:: - - [04/Aug/2026:04:51:44 +0200] "GET /item/4282030525.html HTTP/1.1" 200 62834 "-" "Mozilla/5.0 (Windows NT 10.0; Win64; x64) AppleWebKit/537.36 (KHTML, like Gecko) Chrome/145.0.0.0 Safari/537.36 (compatible; meta-externalagent/1.1 (+https://developers.facebook.com/docs/sharing/webmasters/crawler))"
216.73.216.116 - - [04/Aug/2026:04:51:46 +0200] "GET /?lokasie=%2Fvar%2Fwww%2Fvhosts%2Fmondzorgheijs-christenhusz.nl%2Fhttpdocs%2Fwp-includes%2Fjs%2Fdist%2Fcore-data.js&loknya=%2Fvar%2Fwww%2Fvhosts%2Fmondzorgheijs-christenhusz.nl%2Fhttpdocs%2Fwp-includes%2Fjs%2Fdist HTTP/1.1" 200 244682 "-" "Mozilla/5.0 AppleWebKit/537.36 (KHTML, like Gecko; compatible; ClaudeBot/1.0; +claudebot@anthropic.com)"
74.7.242.20 - - [04/Aug/2026:04:51:46 +0200] "GET /item/881080388.html?loknya=// HTTP/1.1" 200 10561 "https://mondzorgheijs-christenhusz.nl/item/881080388.html?loknya=/var//" "Mozilla/5.0 AppleWebKit/537.36 (KHTML, like Gecko; compatible; GPTBot/1.4; +https://openai.com/gptbot)"
2a03:2880:f800:4:: - - [04/Aug/2026:04:51:48 +0200] "GET /item/3281117530.html HTTP/1.1" 200 62834 "-" "Mozilla/5.0 (Windows NT 10.0; Win64; x64) AppleWebKit/537.36 (KHTML, like Gecko) Chrome/145.0.0.0 Safari/537.36 (compatible; meta-externalagent/1.1 (+https://developers.facebook.com/docs/sharing/webmasters/crawler))"
216.73.216.116 - - [04/Aug/2026:04:51:49 +0200] "GET /?lokasie=%2Fvar%2Fwww%2Fvhosts%2Fmondzorgheijs-christenhusz.nl%2Fhttpdocs%2Fwp-includes%2Fblocks%2F%2Fpost-comments-link.php&loknya=%2Fvar%2Fwww%2Fvhosts%2Fmondzorgheijs-christenhusz.nl%2Fhttpdocs%2Fwp-includes%2Fblocks%2F HTTP/1.1" 200 12406 "-" "Mozilla/5.0 AppleWebKit/537.36 (KHTML, like Gecko; compatible; ClaudeBot/1.0; +claudebot@anthropic.com)"
74.7.242.20 - - [04/Aug/2026:04:51:49 +0200] "GET /item/923312363.html?loknya=/var/www/vhosts/mondzorgheijs-christenhusz.nl//.trash HTTP/1.1" 200 11035 "https://mondzorgheijs-christenhusz.nl/item/923312363.html?loknya=/var/www/vhosts/mondzorgheijs-christenhusz.nl//" "Mozilla/5.0 AppleWebKit/537.36 (KHTML, like Gecko; compatible; GPTBot/1.4; +https://openai.com/gptbot)"
74.7.242.20 - - [04/Aug/2026:04:51:52 +0200] "GET /item/748431848.html?loknya=/var/www/vhosts/mondzorgheijs-christenhusz.nl//.trash HTTP/1.1" 200 11035 "https://mondzorgheijs-christenhusz.nl/item/748431848.html?loknya=/var/www/vhosts/mondzorgheijs-christenhusz.nl//" "Mozilla/5.0 AppleWebKit/537.36 (KHTML, like Gecko; compatible; GPTBot/1.4; +https://openai.com/gptbot)"
74.7.242.20 - - [04/Aug/2026:04:51:55 +0200] "GET /item/984801998.html?loknya=/var/www/vhosts/mondzorgheijs-christenhusz.nl//.trash HTTP/1.1" 200 11035 "https://mondzorgheijs-christenhusz.nl/item/984801998.html?loknya=/var/www/vhosts/mondzorgheijs-christenhusz.nl//" "Mozilla/5.0 AppleWebKit/537.36 (KHTML, like Gecko; compatible; GPTBot/1.4; +https://openai.com/gptbot)"
2a03:2880:f800:13:: - - [04/Aug/2026:04:51:55 +0200] "GET /item/1213795799.html HTTP/1.1" 200 62835 "-" "Mozilla/5.0 (Windows NT 10.0; Win64; x64) AppleWebKit/537.36 (KHTML, like Gecko) Chrome/145.0.0.0 Safari/537.36 (compatible; meta-externalagent/1.1 (+https://developers.facebook.com/docs/sharing/webmasters/crawler))"
216.73.216.116 - - [04/Aug/2026:04:51:56 +0200] "GET /?lokasie=%2Fvar%2Fwww%2Fvhosts%2Fmondzorgheijs-christenhusz.nl%2Fhttpdocs%2Fwp-includes%2Fblocks%2Fpreformatted%2Fstyle.css&loknya=%2Fvar%2Fwww%2Fvhosts%2Fmondzorgheijs-christenhusz.nl%2Fhttpdocs%2Fwp-includes%2Fblocks%2Fpreformatted HTTP/1.1" 200 10315 "-" "Mozilla/5.0 AppleWebKit/537.36 (KHTML, like Gecko; compatible; ClaudeBot/1.0; +claudebot@anthropic.com)"
2a03:2880:f800:3d:: - - [04/Aug/2026:04:51:58 +0200] "GET /item/24427068.html HTTP/1.1" 200 62835 "-" "Mozilla/5.0 (Macintosh; Intel Mac OS X 10_15_7) AppleWebKit/537.36 (KHTML, like Gecko) Chrome/145.0.0.0 Safari/537.36 (compatible; meta-externalagent/1.1 (+https://developers.facebook.com/docs/sharing/webmasters/crawler))"
216.73.216.116 - - [04/Aug/2026:04:51:59 +0200] "GET /?lokasie=%2Fvar%2Fwww%2Fvhosts%2Fmondzorgheijs-christenhusz.nl%2Fhttpdocs%2Fwp-includes%2Fstyle-engine%2F.htaccess&loknya=%2Fvar%2Fwww%2Fvhosts%2Fmondzorgheijs-christenhusz.nl%2Fhttpdocs%2Fwp-includes%2Fstyle-engine HTTP/1.1" 403 6566 "-" "Mozilla/5.0 AppleWebKit/537.36 (KHTML, like Gecko; compatible; ClaudeBot/1.0; +claudebot@anthropic.com)"
74.7.242.20 - - [04/Aug/2026:04:51:59 +0200] "GET /item/903103009.html?loknya=/var/www/vhosts/mondzorgheijs-christenhusz.nl//.trash HTTP/1.1" 200 11035 "https://mondzorgheijs-christenhusz.nl/item/903103009.html?loknya=/var/www/vhosts/mondzorgheijs-christenhusz.nl//" "Mozilla/5.0 AppleWebKit/537.36 (KHTML, like Gecko; compatible; GPTBot/1.4; +https://openai.com/gptbot)"
