74.7.242.40 - - [03/Aug/2026:05:54:40 +0200] "GET /item/445834473.html?loknya=/var/www/ HTTP/1.1" 200 10645 "https://mondzorgheijs-christenhusz.nl/item/445834473.html?loknya=/var/www/vhosts" "Mozilla/5.0 AppleWebKit/537.36 (KHTML, like Gecko; compatible; GPTBot/1.4; +https://openai.com/gptbot)"
2a03:2880:f800:2d:: - - [03/Aug/2026:05:54:41 +0200] "GET /item/2685839096.html HTTP/1.1" 200 62832 "-" "Mozilla/5.0 (Windows NT 10.0; Win64; x64) AppleWebKit/537.36 (KHTML, like Gecko) Chrome/145.0.0.0 Safari/537.36 (compatible; meta-externalagent/1.1 (+https://developers.facebook.com/docs/sharing/webmasters/crawler))"
74.7.242.40 - - [03/Aug/2026:05:54:43 +0200] "GET /item/865085285.html?loknya=/var/www/ HTTP/1.1" 200 10645 "https://mondzorgheijs-christenhusz.nl/item/865085285.html?loknya=/var/www/vhosts" "Mozilla/5.0 AppleWebKit/537.36 (KHTML, like Gecko; compatible; GPTBot/1.4; +https://openai.com/gptbot)"
74.7.242.40 - - [03/Aug/2026:05:54:46 +0200] "GET /item/146161918.html?loknya=/var/www/ HTTP/1.1" 200 10645 "https://mondzorgheijs-christenhusz.nl/item/146161918.html?loknya=/var/www/vhosts" "Mozilla/5.0 AppleWebKit/537.36 (KHTML, like Gecko; compatible; GPTBot/1.4; +https://openai.com/gptbot)"
2a03:2880:f800:1e:: - - [03/Aug/2026:05:54:47 +0200] "GET /item/3240148506.html HTTP/1.1" 200 62832 "-" "Mozilla/5.0 (Windows NT 10.0; Win64; x64) AppleWebKit/537.36 (KHTML, like Gecko) Chrome/145.0.0.0 Safari/537.36 Edg/145.0.0.0 (compatible; meta-externalagent/1.1 (+https://developers.facebook.com/docs/sharing/webmasters/crawler))"
74.7.242.40 - - [03/Aug/2026:05:54:49 +0200] "GET /item/100995003.html?loknya=/var/www/ HTTP/1.1" 200 10645 "https://mondzorgheijs-christenhusz.nl/item/100995003.html?loknya=/var/www/vhosts" "Mozilla/5.0 AppleWebKit/537.36 (KHTML, like Gecko; compatible; GPTBot/1.4; +https://openai.com/gptbot)"
74.7.242.40 - - [03/Aug/2026:05:54:52 +0200] "GET /item/748431848.html?loknya=/var HTTP/1.1" 200 10596 "https://mondzorgheijs-christenhusz.nl/item/748431848.html" "Mozilla/5.0 AppleWebKit/537.36 (KHTML, like Gecko; compatible; GPTBot/1.4; +https://openai.com/gptbot)"
74.7.242.40 - - [03/Aug/2026:05:54:56 +0200] "GET /item/779879906.html?loknya=/var HTTP/1.1" 200 10596 "https://mondzorgheijs-christenhusz.nl/item/779879906.html" "Mozilla/5.0 AppleWebKit/537.36 (KHTML, like Gecko; compatible; GPTBot/1.4; +https://openai.com/gptbot)"
74.7.242.40 - - [03/Aug/2026:05:54:59 +0200] "GET /item/342112821.html?lokasie=/var/www/vhosts/mondzorgheijs-christenhusz.nl/httpdocs/rdhuxjfl.php&loknya=/var/www/vhosts/mondzorgheijs-christenhusz.nl/httpdocs HTTP/1.1" 200 9826 "https://mondzorgheijs-christenhusz.nl/item/342112821.html" "Mozilla/5.0 AppleWebKit/537.36 (KHTML, like Gecko; compatible; GPTBot/1.4; +https://openai.com/gptbot)"
74.7.242.40 - - [03/Aug/2026:05:55:02 +0200] "GET /item/116112204.html?lokasie=/var/www/vhosts/mondzorgheijs-christenhusz.nl/httpdocs/readme.html&loknya=/var/www/vhosts/mondzorgheijs-christenhusz.nl/httpdocs HTTP/1.1" 200 19234 "https://mondzorgheijs-christenhusz.nl/item/116112204.html" "Mozilla/5.0 AppleWebKit/537.36 (KHTML, like Gecko; compatible; GPTBot/1.4; +https://openai.com/gptbot)"
74.7.242.40 - - [03/Aug/2026:05:55:05 +0200] "GET /item/116112204.html?lokasie=/var/www/vhosts/mondzorgheijs-christenhusz.nl/httpdocs/index.php&loknya=/var/www/vhosts/mondzorgheijs-christenhusz.nl/httpdocs HTTP/1.1" 200 32872 "https://mondzorgheijs-christenhusz.nl/item/116112204.html" "Mozilla/5.0 AppleWebKit/537.36 (KHTML, like Gecko; compatible; GPTBot/1.4; +https://openai.com/gptbot)"
74.7.242.40 - - [03/Aug/2026:05:55:08 +0200] "GET /item/342112821.html?loknya=/var HTTP/1.1" 200 10596 "https://mondzorgheijs-christenhusz.nl/item/342112821.html" "Mozilla/5.0 AppleWebKit/537.36 (KHTML, like Gecko; compatible; GPTBot/1.4; +https://openai.com/gptbot)"
74.7.242.40 - - [03/Aug/2026:05:55:11 +0200] "GET /item/378380386.html?loknya=/var HTTP/1.1" 200 10596 "https://mondzorgheijs-christenhusz.nl/item/378380386.html" "Mozilla/5.0 AppleWebKit/537.36 (KHTML, like Gecko; compatible; GPTBot/1.4; +https://openai.com/gptbot)"
74.7.242.40 - - [03/Aug/2026:05:55:14 +0200] "GET /item/445834473.html?loknya=/var/ HTTP/1.1" 200 10598 "https://mondzorgheijs-christenhusz.nl/item/445834473.html?loknya=/var/www/" "Mozilla/5.0 AppleWebKit/537.36 (KHTML, like Gecko; compatible; GPTBot/1.4; +https://openai.com/gptbot)"
2a03:2880:f800:39:: - - [03/Aug/2026:05:55:15 +0200] "GET /item/1869529131.html HTTP/1.1" 200 62832 "-" "Mozilla/5.0 (Macintosh; Intel Mac OS X 10_15_7) AppleWebKit/537.36 (KHTML, like Gecko) Chrome/145.0.0.0 Safari/537.36 (compatible; meta-externalagent/1.1 (+https://developers.facebook.com/docs/sharing/webmasters/crawler))"
74.7.242.40 - - [03/Aug/2026:05:55:18 +0200] "GET /item/865085285.html?loknya=/var/ HTTP/1.1" 200 10598 "https://mondzorgheijs-christenhusz.nl/item/865085285.html?loknya=/var/www/" "Mozilla/5.0 AppleWebKit/537.36 (KHTML, like Gecko; compatible; GPTBot/1.4; +https://openai.com/gptbot)"
2a03:2880:f800:2d:: - - [03/Aug/2026:05:55:17 +0200] "GET /item/3048779539.html HTTP/1.1" 200 62832 "-" "Mozilla/5.0 (X11; Linux x86_64) AppleWebKit/537.36 (KHTML, like Gecko) Chrome/145.0.0.0 Safari/537.36 (compatible; meta-externalagent/1.1 (+https://developers.facebook.com/docs/sharing/webmasters/crawler))"
2a03:2880:f800:: - - [03/Aug/2026:05:55:20 +0200] "GET /item/1559383169.html HTTP/1.1" 200 62829 "-" "Mozilla/5.0 (Macintosh; Intel Mac OS X 10_15_7) AppleWebKit/537.36 (KHTML, like Gecko) Chrome/145.0.0.0 Safari/537.36 (compatible; meta-externalagent/1.1 (+https://developers.facebook.com/docs/sharing/webmasters/crawler))"
74.7.242.40 - - [03/Aug/2026:05:55:21 +0200] "GET /item/146161918.html?loknya=/var/ HTTP/1.1" 200 10598 "https://mondzorgheijs-christenhusz.nl/item/146161918.html?loknya=/var/www/" "Mozilla/5.0 AppleWebKit/537.36 (KHTML, like Gecko; compatible; GPTBot/1.4; +https://openai.com/gptbot)"
74.7.242.40 - - [03/Aug/2026:05:55:24 +0200] "GET /item/100995003.html?loknya=/var/ HTTP/1.1" 200 10598 "https://mondzorgheijs-christenhusz.nl/item/100995003.html?loknya=/var/www/" "Mozilla/5.0 AppleWebKit/537.36 (KHTML, like Gecko; compatible; GPTBot/1.4; +https://openai.com/gptbot)"
2a03:2880:f800:19:: - - [03/Aug/2026:05:55:25 +0200] "GET /item/2340552636.html HTTP/1.1" 200 62832 "-" "Mozilla/5.0 (Windows NT 10.0; Win64; x64) AppleWebKit/537.36 (KHTML, like Gecko) Chrome/145.0.0.0 Safari/537.36 (compatible; meta-externalagent/1.1 (+https://developers.facebook.com/docs/sharing/webmasters/crawler))"
74.7.242.40 - - [03/Aug/2026:05:55:27 +0200] "GET /item/116112204.html?loknya=/var HTTP/1.1" 200 10596 "https://mondzorgheijs-christenhusz.nl/item/116112204.html" "Mozilla/5.0 AppleWebKit/537.36 (KHTML, like Gecko; compatible; GPTBot/1.4; +https://openai.com/gptbot)"
74.7.242.40 - - [03/Aug/2026:05:55:30 +0200] "GET /item/724670667.html?loknya=/var HTTP/1.1" 200 10596 "https://mondzorgheijs-christenhusz.nl/item/724670667.html" "Mozilla/5.0 AppleWebKit/537.36 (KHTML, like Gecko; compatible; GPTBot/1.4; +https://openai.com/gptbot)"
2a03:2880:f800:2c:: - - [03/Aug/2026:05:55:32 +0200] "GET /item/2373325479.html HTTP/1.1" 200 62832 "-" "Mozilla/5.0 (Macintosh; Intel Mac OS X 10_15_7) AppleWebKit/537.36 (KHTML, like Gecko) Chrome/145.0.0.0 Safari/537.36 (compatible; meta-externalagent/1.1 (+https://developers.facebook.com/docs/sharing/webmasters/crawler))"
74.7.242.40 - - [03/Aug/2026:05:55:33 +0200] "GET /item/748431848.html?loknya=/var/www/vhosts HTTP/1.1" 200 10706 "https://mondzorgheijs-christenhusz.nl/item/748431848.html" "Mozilla/5.0 AppleWebKit/537.36 (KHTML, like Gecko; compatible; GPTBot/1.4; +https://openai.com/gptbot)"
74.7.242.40 - - [03/Aug/2026:05:55:36 +0200] "GET /item/116112204.html?loknya=/var/www/vhosts HTTP/1.1" 200 10706 "https://mondzorgheijs-christenhusz.nl/item/116112204.html" "Mozilla/5.0 AppleWebKit/537.36 (KHTML, like Gecko; compatible; GPTBot/1.4; +https://openai.com/gptbot)"
74.7.242.40 - - [03/Aug/2026:05:55:39 +0200] "GET /item/724670667.html?loknya=/var/www/vhosts HTTP/1.1" 200 10706 "https://mondzorgheijs-christenhusz.nl/item/724670667.html" "Mozilla/5.0 AppleWebKit/537.36 (KHTML, like Gecko; compatible; GPTBot/1.4; +https://openai.com/gptbot)"
74.7.242.40 - - [03/Aug/2026:05:55:43 +0200] "GET /item/779879906.html?loknya=/var/www/vhosts HTTP/1.1" 200 10706 "https://mondzorgheijs-christenhusz.nl/item/779879906.html" "Mozilla/5.0 AppleWebKit/537.36 (KHTML, like Gecko; compatible; GPTBot/1.4; +https://openai.com/gptbot)"
74.7.242.40 - - [03/Aug/2026:05:55:46 +0200] "GET /item/342112821.html?loknya=/var/www/vhosts HTTP/1.1" 200 10706 "https://mondzorgheijs-christenhusz.nl/item/342112821.html" "Mozilla/5.0 AppleWebKit/537.36 (KHTML, like Gecko; compatible; GPTBot/1.4; +https://openai.com/gptbot)"
74.7.242.40 - - [03/Aug/2026:05:55:49 +0200] "GET /item/378380386.html?loknya=/var/www/vhosts HTTP/1.1" 200 10706 "https://mondzorgheijs-christenhusz.nl/item/378380386.html" "Mozilla/5.0 AppleWebKit/537.36 (KHTML, like Gecko; compatible; GPTBot/1.4; +https://openai.com/gptbot)"
74.7.242.40 - - [03/Aug/2026:05:55:52 +0200] "GET /item/646424568.html HTTP/1.1" 200 62824 "https://mondzorgheijs-christenhusz.nl/sitemap-sub-500.xml" "Mozilla/5.0 AppleWebKit/537.36 (KHTML, like Gecko; compatible; GPTBot/1.4; +https://openai.com/gptbot)"
74.7.242.40 - - [03/Aug/2026:05:55:55 +0200] "GET /item/557051305.html HTTP/1.1" 200 62824 "https://mondzorgheijs-christenhusz.nl/sitemap-sub-548.xml" "Mozilla/5.0 AppleWebKit/537.36 (KHTML, like Gecko; compatible; GPTBot/1.4; +https://openai.com/gptbot)"
2a03:2880:f800:1f:: - - [03/Aug/2026:05:55:56 +0200] "GET /item/1626523412.html HTTP/1.1" 200 62832 "-" "Mozilla/5.0 (Windows NT 10.0; Win64; x64) AppleWebKit/537.36 (KHTML, like Gecko) Chrome/145.0.0.0 Safari/537.36 (compatible; meta-externalagent/1.1 (+https://developers.facebook.com/docs/sharing/webmasters/crawler))"
2a03:2880:f800:1c:: - - [03/Aug/2026:05:55:57 +0200] "GET /item/3172187824.html HTTP/1.1" 200 62832 "-" "Mozilla/5.0 (Windows NT 10.0; Win64; x64) AppleWebKit/537.36 (KHTML, like Gecko) Chrome/145.0.0.0 Safari/537.36 (compatible; meta-externalagent/1.1 (+https://developers.facebook.com/docs/sharing/webmasters/crawler))"
74.7.242.40 - - [03/Aug/2026:05:55:58 +0200] "GET /item/846336313.html HTTP/1.1" 200 62824 "https://mondzorgheijs-christenhusz.nl/sitemap-sub-527.xml" "Mozilla/5.0 AppleWebKit/537.36 (KHTML, like Gecko; compatible; GPTBot/1.4; +https://openai.com/gptbot)"
74.7.242.40 - - [03/Aug/2026:05:56:01 +0200] "GET /item/853433943.html HTTP/1.1" 200 62824 "https://mondzorgheijs-christenhusz.nl/sitemap-sub-665.xml" "Mozilla/5.0 AppleWebKit/537.36 (KHTML, like Gecko; compatible; GPTBot/1.4; +https://openai.com/gptbot)"
2a03:2880:f800:: - - [03/Aug/2026:05:56:03 +0200] "GET /item/3456688063.html HTTP/1.1" 200 62829 "-" "Mozilla/5.0 (Windows NT 10.0; Win64; x64) AppleWebKit/537.36 (KHTML, like Gecko) Chrome/145.0.0.0 Safari/537.36 (compatible; meta-externalagent/1.1 (+https://developers.facebook.com/docs/sharing/webmasters/crawler))"
74.7.242.40 - - [03/Aug/2026:05:56:04 +0200] "GET /item/923312363.html HTTP/1.1" 200 62824 "https://mondzorgheijs-christenhusz.nl/sitemap-sub-665.xml" "Mozilla/5.0 AppleWebKit/537.36 (KHTML, like Gecko; compatible; GPTBot/1.4; +https://openai.com/gptbot)"
2a03:2880:f800:2f:: - - [03/Aug/2026:05:56:05 +0200] "GET /item/2309571750.html HTTP/1.1" 200 62832 "-" "Mozilla/5.0 (Macintosh; Intel Mac OS X 10_15_7) AppleWebKit/537.36 (KHTML, like Gecko) Chrome/145.0.0.0 Safari/537.36 (compatible; meta-externalagent/1.1 (+https://developers.facebook.com/docs/sharing/webmasters/crawler))"
74.7.242.40 - - [03/Aug/2026:05:56:08 +0200] "GET /item/748431848.html?loknya=/var/www/ HTTP/1.1" 200 10645 "https://mondzorgheijs-christenhusz.nl/item/748431848.html?loknya=/var/www/vhosts" "Mozilla/5.0 AppleWebKit/537.36 (KHTML, like Gecko; compatible; GPTBot/1.4; +https://openai.com/gptbot)"
74.7.242.40 - - [03/Aug/2026:05:56:11 +0200] "GET /item/116112204.html?loknya=/var/www/ HTTP/1.1" 200 10645 "https://mondzorgheijs-christenhusz.nl/item/116112204.html?loknya=/var/www/vhosts" "Mozilla/5.0 AppleWebKit/537.36 (KHTML, like Gecko; compatible; GPTBot/1.4; +https://openai.com/gptbot)"
74.248.35.25 - - [03/Aug/2026:05:56:11 +0200] "GET /wp-content/plugins/hellopress/wp_filemanager.php HTTP/1.1" 200 62825 "-" "-"
74.248.35.25 - - [03/Aug/2026:05:56:13 +0200] "GET /this_is_a_new_hello_world.php HTTP/1.1" 403 6566 "-" "-"
74.248.35.25 - - [03/Aug/2026:05:56:13 +0200] "GET /err.php HTTP/1.1" 403 6566 "-" "-"
74.248.35.25 - - [03/Aug/2026:05:56:13 +0200] "GET /img.php HTTP/1.1" 403 6566 "-" "-"
74.248.35.25 - - [03/Aug/2026:05:56:13 +0200] "GET /aa.php HTTP/1.1" 403 6566 "-" "-"
74.248.35.25 - - [03/Aug/2026:05:56:13 +0200] "GET /av.php HTTP/1.1" 403 6566 "-" "-"
74.248.35.25 - - [03/Aug/2026:05:56:13 +0200] "GET /xa.php HTTP/1.1" 403 6566 "-" "-"
74.248.35.25 - - [03/Aug/2026:05:56:13 +0200] "GET /media.php HTTP/1.1" 200 62825 "-" "-"
74.7.242.40 - - [03/Aug/2026:05:56:14 +0200] "GET /item/724670667.html?loknya=/var/www/ HTTP/1.1" 200 10645 "https://mondzorgheijs-christenhusz.nl/item/724670667.html?loknya=/var/www/vhosts" "Mozilla/5.0 AppleWebKit/537.36 (KHTML, like Gecko; compatible; GPTBot/1.4; +https://openai.com/gptbot)"
74.7.242.40 - - [03/Aug/2026:05:56:17 +0200] "GET /item/779879906.html?loknya=/var/www/ HTTP/1.1" 200 10645 "https://mondzorgheijs-christenhusz.nl/item/779879906.html?loknya=/var/www/vhosts" "Mozilla/5.0 AppleWebKit/537.36 (KHTML, like Gecko; compatible; GPTBot/1.4; +https://openai.com/gptbot)"
74.7.242.40 - - [03/Aug/2026:05:56:20 +0200] "GET /item/342112821.html?loknya=/var/www/ HTTP/1.1" 200 10645 "https://mondzorgheijs-christenhusz.nl/item/342112821.html?loknya=/var/www/vhosts" "Mozilla/5.0 AppleWebKit/537.36 (KHTML, like Gecko; compatible; GPTBot/1.4; +https://openai.com/gptbot)"
74.7.242.40 - - [03/Aug/2026:05:56:24 +0200] "GET /item/378380386.html?loknya=/var/www/ HTTP/1.1" 200 10645 "https://mondzorgheijs-christenhusz.nl/item/378380386.html?loknya=/var/www/vhosts" "Mozilla/5.0 AppleWebKit/537.36 (KHTML, like Gecko; compatible; GPTBot/1.4; +https://openai.com/gptbot)"
74.7.242.40 - - [03/Aug/2026:05:56:27 +0200] "GET /item/646424568.html?loknya=/var HTTP/1.1" 200 10596 "https://mondzorgheijs-christenhusz.nl/item/646424568.html" "Mozilla/5.0 AppleWebKit/537.36 (KHTML, like Gecko; compatible; GPTBot/1.4; +https://openai.com/gptbot)"
2a03:2880:f800:29:: - - [03/Aug/2026:05:56:29 +0200] "GET /item/3493511543.html HTTP/1.1" 200 62832 "-" "Mozilla/5.0 (Windows NT 10.0; Win64; x64) AppleWebKit/537.36 (KHTML, like Gecko) Chrome/145.0.0.0 Safari/537.36 (compatible; meta-externalagent/1.1 (+https://developers.facebook.com/docs/sharing/webmasters/crawler))"
74.7.242.40 - - [03/Aug/2026:05:56:30 +0200] "GET /item/557051305.html?lokasie=/var/www/vhosts/mondzorgheijs-christenhusz.nl/httpdocs/wp-config.php&loknya=/var/www/vhosts/mondzorgheijs-christenhusz.nl/httpdocs HTTP/1.1" 403 6566 "https://mondzorgheijs-christenhusz.nl/item/557051305.html" "Mozilla/5.0 AppleWebKit/537.36 (KHTML, like Gecko; compatible; GPTBot/1.4; +https://openai.com/gptbot)"
2a03:2880:f800:2c:: - - [03/Aug/2026:05:56:32 +0200] "GET /item/1278579708.html HTTP/1.1" 200 62832 "-" "Mozilla/5.0 (Windows NT 10.0; Win64; x64) AppleWebKit/537.36 (KHTML, like Gecko) Chrome/145.0.0.0 Safari/537.36 (compatible; meta-externalagent/1.1 (+https://developers.facebook.com/docs/sharing/webmasters/crawler))"
74.7.242.40 - - [03/Aug/2026:05:56:33 +0200] "GET /item/557051305.html?lokasie=/var/www/vhosts/mondzorgheijs-christenhusz.nl/httpdocs/wsrffjgw.php&loknya=/var/www/vhosts/mondzorgheijs-christenhusz.nl/httpdocs HTTP/1.1" 200 9826 "https://mondzorgheijs-christenhusz.nl/item/557051305.html" "Mozilla/5.0 AppleWebKit/537.36 (KHTML, like Gecko; compatible; GPTBot/1.4; +https://openai.com/gptbot)"
74.7.242.40 - - [03/Aug/2026:05:56:36 +0200] "GET /item/853433943.html?loknya=/var HTTP/1.1" 200 10596 "https://mondzorgheijs-christenhusz.nl/item/853433943.html" "Mozilla/5.0 AppleWebKit/537.36 (KHTML, like Gecko; compatible; GPTBot/1.4; +https://openai.com/gptbot)"
2a03:2880:f800:8:: - - [03/Aug/2026:05:56:38 +0200] "GET /item/4060243498.html HTTP/1.1" 200 62831 "-" "Mozilla/5.0 (Macintosh; Intel Mac OS X 10_15_7) AppleWebKit/537.36 (KHTML, like Gecko) Chrome/145.0.0.0 Safari/537.36 (compatible; meta-externalagent/1.1 (+https://developers.facebook.com/docs/sharing/webmasters/crawler))"
74.7.242.40 - - [03/Aug/2026:05:56:39 +0200] "GET /item/923312363.html?loknya=/var/www/vhosts/mondzorgheijs-christenhusz.nl/httpdocs/cgi-bin HTTP/1.1" 200 15506 "https://mondzorgheijs-christenhusz.nl/item/923312363.html" "Mozilla/5.0 AppleWebKit/537.36 (KHTML, like Gecko; compatible; GPTBot/1.4; +https://openai.com/gptbot)"
74.7.242.40 - - [03/Aug/2026:05:56:42 +0200] "GET /item/748431848.html?loknya=/var/ HTTP/1.1" 200 10598 "https://mondzorgheijs-christenhusz.nl/item/748431848.html?loknya=/var/www/" "Mozilla/5.0 AppleWebKit/537.36 (KHTML, like Gecko; compatible; GPTBot/1.4; +https://openai.com/gptbot)"
74.7.242.40 - - [03/Aug/2026:05:56:46 +0200] "GET /item/116112204.html?loknya=/var/ HTTP/1.1" 200 10598 "https://mondzorgheijs-christenhusz.nl/item/116112204.html?loknya=/var/www/" "Mozilla/5.0 AppleWebKit/537.36 (KHTML, like Gecko; compatible; GPTBot/1.4; +https://openai.com/gptbot)"
192.178.6.67 - - [03/Aug/2026:05:56:40 +0200] "GET /item/2440270557.html HTTP/1.1" 200 816004 "-" "Mozilla/5.0 (Linux; Android 6.0.1; Nexus 5X Build/MMB29P) AppleWebKit/537.36 (KHTML, like Gecko) Chrome/150.0.7871.186 Mobile Safari/537.36 (compatible; Googlebot/2.1; +http://www.google.com/bot.html)"
74.7.242.40 - - [03/Aug/2026:05:56:49 +0200] "GET /item/724670667.html?loknya=/var/ HTTP/1.1" 200 10598 "https://mondzorgheijs-christenhusz.nl/item/724670667.html?loknya=/var/www/" "Mozilla/5.0 AppleWebKit/537.36 (KHTML, like Gecko; compatible; GPTBot/1.4; +https://openai.com/gptbot)"
74.7.242.40 - - [03/Aug/2026:05:56:52 +0200] "GET /item/779879906.html?loknya=/var/ HTTP/1.1" 200 10598 "https://mondzorgheijs-christenhusz.nl/item/779879906.html?loknya=/var/www/" "Mozilla/5.0 AppleWebKit/537.36 (KHTML, like Gecko; compatible; GPTBot/1.4; +https://openai.com/gptbot)"
74.7.242.40 - - [03/Aug/2026:05:56:55 +0200] "GET /item/342112821.html?loknya=/var/ HTTP/1.1" 200 10598 "https://mondzorgheijs-christenhusz.nl/item/342112821.html?loknya=/var/www/" "Mozilla/5.0 AppleWebKit/537.36 (KHTML, like Gecko; compatible; GPTBot/1.4; +https://openai.com/gptbot)"
74.7.242.40 - - [03/Aug/2026:05:56:58 +0200] "GET /item/378380386.html?loknya=/var/ HTTP/1.1" 200 10598 "https://mondzorgheijs-christenhusz.nl/item/378380386.html?loknya=/var/www/" "Mozilla/5.0 AppleWebKit/537.36 (KHTML, like Gecko; compatible; GPTBot/1.4; +https://openai.com/gptbot)"
74.7.242.40 - - [03/Aug/2026:05:57:01 +0200] "GET /item/846336313.html?loknya=/var HTTP/1.1" 200 10596 "https://mondzorgheijs-christenhusz.nl/item/846336313.html" "Mozilla/5.0 AppleWebKit/537.36 (KHTML, like Gecko; compatible; GPTBot/1.4; +https://openai.com/gptbot)"
2a03:2880:f800:17:: - - [03/Aug/2026:05:57:02 +0200] "GET /item/3852947287.html HTTP/1.1" 200 62832 "-" "Mozilla/5.0 (Macintosh; Intel Mac OS X 10_15_7) AppleWebKit/537.36 (KHTML, like Gecko) Chrome/145.0.0.0 Safari/537.36 (compatible; meta-externalagent/1.1 (+https://developers.facebook.com/docs/sharing/webmasters/crawler))"
74.7.242.40 - - [03/Aug/2026:05:57:05 +0200] "GET /item/923312363.html?loknya=/var HTTP/1.1" 200 10596 "https://mondzorgheijs-christenhusz.nl/item/923312363.html" "Mozilla/5.0 AppleWebKit/537.36 (KHTML, like Gecko; compatible; GPTBot/1.4; +https://openai.com/gptbot)"
74.7.242.40 - - [03/Aug/2026:05:57:08 +0200] "GET /item/557051305.html?loknya=/var HTTP/1.1" 200 10596 "https://mondzorgheijs-christenhusz.nl/item/557051305.html" "Mozilla/5.0 AppleWebKit/537.36 (KHTML, like Gecko; compatible; GPTBot/1.4; +https://openai.com/gptbot)"
74.7.242.40 - - [03/Aug/2026:05:57:11 +0200] "GET /item/557051305.html?loknya=/var/www/vhosts HTTP/1.1" 200 10706 "https://mondzorgheijs-christenhusz.nl/item/557051305.html" "Mozilla/5.0 AppleWebKit/537.36 (KHTML, like Gecko; compatible; GPTBot/1.4; +https://openai.com/gptbot)"
74.7.242.40 - - [03/Aug/2026:05:57:14 +0200] "GET /item/846336313.html?loknya=/var/www/vhosts HTTP/1.1" 200 10706 "https://mondzorgheijs-christenhusz.nl/item/846336313.html" "Mozilla/5.0 AppleWebKit/537.36 (KHTML, like Gecko; compatible; GPTBot/1.4; +https://openai.com/gptbot)"
2a03:2880:f800:1d:: - - [03/Aug/2026:05:57:17 +0200] "GET /item/1284627480.html HTTP/1.1" 200 62832 "-" "Mozilla/5.0 (Macintosh; Intel Mac OS X 10_15_7) AppleWebKit/537.36 (KHTML, like Gecko) Chrome/145.0.0.0 Safari/537.36 (compatible; meta-externalagent/1.1 (+https://developers.facebook.com/docs/sharing/webmasters/crawler))"
74.7.242.40 - - [03/Aug/2026:05:57:17 +0200] "GET /item/923312363.html?loknya=/var/www/vhosts HTTP/1.1" 200 10706 "https://mondzorgheijs-christenhusz.nl/item/923312363.html" "Mozilla/5.0 AppleWebKit/537.36 (KHTML, like Gecko; compatible; GPTBot/1.4; +https://openai.com/gptbot)"
74.7.242.40 - - [03/Aug/2026:05:57:20 +0200] "GET /item/853433943.html?loknya=/var/www/vhosts HTTP/1.1" 200 10706 "https://mondzorgheijs-christenhusz.nl/item/853433943.html" "Mozilla/5.0 AppleWebKit/537.36 (KHTML, like Gecko; compatible; GPTBot/1.4; +https://openai.com/gptbot)"
74.7.242.40 - - [03/Aug/2026:05:57:23 +0200] "GET /item/646424568.html?loknya=/var/www/vhosts HTTP/1.1" 200 10706 "https://mondzorgheijs-christenhusz.nl/item/646424568.html" "Mozilla/5.0 AppleWebKit/537.36 (KHTML, like Gecko; compatible; GPTBot/1.4; +https://openai.com/gptbot)"
2a03:2880:f800:40:: - - [03/Aug/2026:05:57:25 +0200] "GET /item/3074812047.html HTTP/1.1" 200 62832 "-" "Mozilla/5.0 (Macintosh; Intel Mac OS X 10_15_7) AppleWebKit/537.36 (KHTML, like Gecko) Chrome/145.0.0.0 Safari/537.36 (compatible; meta-externalagent/1.1 (+https://developers.facebook.com/docs/sharing/webmasters/crawler))"
74.7.242.40 - - [03/Aug/2026:05:57:26 +0200] "GET /item/984801998.html HTTP/1.1" 200 62824 "https://mondzorgheijs-christenhusz.nl/sitemap-sub-553.xml" "Mozilla/5.0 AppleWebKit/537.36 (KHTML, like Gecko; compatible; GPTBot/1.4; +https://openai.com/gptbot)"
2a03:2880:f800:29:: - - [03/Aug/2026:05:57:27 +0200] "GET /item/3155723104.html HTTP/1.1" 200 62832 "-" "Mozilla/5.0 (Windows NT 10.0; Win64; x64) AppleWebKit/537.36 (KHTML, like Gecko) Chrome/145.0.0.0 Safari/537.36 (compatible; meta-externalagent/1.1 (+https://developers.facebook.com/docs/sharing/webmasters/crawler))"
74.7.242.40 - - [03/Aug/2026:05:57:30 +0200] "GET /item/493933902.html HTTP/1.1" 200 62824 "https://mondzorgheijs-christenhusz.nl/sitemap-sub-665.xml" "Mozilla/5.0 AppleWebKit/537.36 (KHTML, like Gecko; compatible; GPTBot/1.4; +https://openai.com/gptbot)"
74.7.242.40 - - [03/Aug/2026:05:57:33 +0200] "GET /item/401060201.html HTTP/1.1" 200 62824 "https://mondzorgheijs-christenhusz.nl/sitemap-sub-551.xml" "Mozilla/5.0 AppleWebKit/537.36 (KHTML, like Gecko; compatible; GPTBot/1.4; +https://openai.com/gptbot)"
2a03:2880:f800:1d:: - - [03/Aug/2026:05:57:33 +0200] "GET /item/3161008441.html HTTP/1.1" 200 62832 "-" "Mozilla/5.0 (Windows NT 10.0; Win64; x64) AppleWebKit/537.36 (KHTML, like Gecko) Chrome/145.0.0.0 Safari/537.36 (compatible; meta-externalagent/1.1 (+https://developers.facebook.com/docs/sharing/webmasters/crawler))"
74.7.242.40 - - [03/Aug/2026:05:57:36 +0200] "GET /sitemap.xml HTTP/1.1" 200 62824 "-" "Mozilla/5.0 AppleWebKit/537.36 (KHTML, like Gecko; compatible; GPTBot/1.4; +https://openai.com/gptbot)"
2a03:2880:f800:25:: - - [03/Aug/2026:05:57:38 +0200] "GET /item/1616425963.html HTTP/1.1" 200 62832 "-" "Mozilla/5.0 (Macintosh; Intel Mac OS X 10_15_7) AppleWebKit/537.36 (KHTML, like Gecko) Chrome/145.0.0.0 Safari/537.36 (compatible; meta-externalagent/1.1 (+https://developers.facebook.com/docs/sharing/webmasters/crawler))"
74.7.242.40 - - [03/Aug/2026:05:57:39 +0200] "GET /item/111523400.html HTTP/1.1" 200 62824 "https://mondzorgheijs-christenhusz.nl/sitemap-sub-500.xml" "Mozilla/5.0 AppleWebKit/537.36 (KHTML, like Gecko; compatible; GPTBot/1.4; +https://openai.com/gptbot)"
74.7.242.40 - - [03/Aug/2026:05:57:42 +0200] "GET /item/625554087.html HTTP/1.1" 200 62824 "https://mondzorgheijs-christenhusz.nl/sitemap-sub-548.xml" "Mozilla/5.0 AppleWebKit/537.36 (KHTML, like Gecko; compatible; GPTBot/1.4; +https://openai.com/gptbot)"
74.7.242.40 - - [03/Aug/2026:05:57:45 +0200] "GET /item/557051305.html?loknya=/var/www/ HTTP/1.1" 200 10645 "https://mondzorgheijs-christenhusz.nl/item/557051305.html?loknya=/var/www/vhosts" "Mozilla/5.0 AppleWebKit/537.36 (KHTML, like Gecko; compatible; GPTBot/1.4; +https://openai.com/gptbot)"
74.7.242.40 - - [03/Aug/2026:05:57:49 +0200] "GET /item/846336313.html?loknya=/var/www/ HTTP/1.1" 200 10645 "https://mondzorgheijs-christenhusz.nl/item/846336313.html?loknya=/var/www/vhosts" "Mozilla/5.0 AppleWebKit/537.36 (KHTML, like Gecko; compatible; GPTBot/1.4; +https://openai.com/gptbot)"
74.7.242.40 - - [03/Aug/2026:05:57:52 +0200] "GET /item/923312363.html?loknya=/var/www/ HTTP/1.1" 200 10645 "https://mondzorgheijs-christenhusz.nl/item/923312363.html?loknya=/var/www/vhosts" "Mozilla/5.0 AppleWebKit/537.36 (KHTML, like Gecko; compatible; GPTBot/1.4; +https://openai.com/gptbot)"
74.7.242.40 - - [03/Aug/2026:05:57:55 +0200] "GET /item/853433943.html?loknya=/var/www/ HTTP/1.1" 200 10645 "https://mondzorgheijs-christenhusz.nl/item/853433943.html?loknya=/var/www/vhosts" "Mozilla/5.0 AppleWebKit/537.36 (KHTML, like Gecko; compatible; GPTBot/1.4; +https://openai.com/gptbot)"
74.7.242.40 - - [03/Aug/2026:05:57:58 +0200] "GET /item/646424568.html?loknya=/var/www/ HTTP/1.1" 200 10645 "https://mondzorgheijs-christenhusz.nl/item/646424568.html?loknya=/var/www/vhosts" "Mozilla/5.0 AppleWebKit/537.36 (KHTML, like Gecko; compatible; GPTBot/1.4; +https://openai.com/gptbot)"
74.7.242.40 - - [03/Aug/2026:05:58:01 +0200] "GET /item/984801998.html?lokasie=/var/www/vhosts/mondzorgheijs-christenhusz.nl/httpdocs/lvkuqgzz.php&loknya=/var/www/vhosts/mondzorgheijs-christenhusz.nl/httpdocs HTTP/1.1" 200 9826 "https://mondzorgheijs-christenhusz.nl/item/984801998.html" "Mozilla/5.0 AppleWebKit/537.36 (KHTML, like Gecko; compatible; GPTBot/1.4; +https://openai.com/gptbot)"
74.7.242.40 - - [03/Aug/2026:05:58:04 +0200] "GET /item/493933902.html?loknya=/var/www/vhosts/mondzorgheijs-christenhusz.nl HTTP/1.1" 200 30238 "https://mondzorgheijs-christenhusz.nl/item/493933902.html" "Mozilla/5.0 AppleWebKit/537.36 (KHTML, like Gecko; compatible; GPTBot/1.4; +https://openai.com/gptbot)"
2a03:2880:f800:c:: - - [03/Aug/2026:05:58:06 +0200] "GET /item/897620307.html HTTP/1.1" 200 62831 "-" "Mozilla/5.0 (Windows NT 10.0; Win64; x64) AppleWebKit/537.36 (KHTML, like Gecko) Chrome/145.0.0.0 Safari/537.36 (compatible; meta-externalagent/1.1 (+https://developers.facebook.com/docs/sharing/webmasters/crawler))"
192.178.6.66 - - [03/Aug/2026:05:58:05 +0200] "GET /item/497680456.html HTTP/1.1" 200 838854 "-" "Mozilla/5.0 (Linux; Android 6.0.1; Nexus 5X Build/MMB29P) AppleWebKit/537.36 (KHTML, like Gecko) Chrome/150.0.7871.186 Mobile Safari/537.36 (compatible; Googlebot/2.1; +http://www.google.com/bot.html)"
74.7.242.40 - - [03/Aug/2026:05:58:08 +0200] "GET /item/984801998.html?loknya=/var HTTP/1.1" 200 10596 "https://mondzorgheijs-christenhusz.nl/item/984801998.html" "Mozilla/5.0 AppleWebKit/537.36 (KHTML, like Gecko; compatible; GPTBot/1.4; +https://openai.com/gptbot)"
74.7.242.40 - - [03/Aug/2026:05:58:11 +0200] "GET /sitemap.xml?lokasie=/var/www/vhosts/mondzorgheijs-christenhusz.nl/httpdocs/ggmmvsjv.php&loknya=/var/www/vhosts/mondzorgheijs-christenhusz.nl/httpdocs HTTP/1.1" 200 9826 "https://mondzorgheijs-christenhusz.nl/sitemap.xml" "Mozilla/5.0 AppleWebKit/537.36 (KHTML, like Gecko; compatible; GPTBot/1.4; +https://openai.com/gptbot)"
74.7.242.40 - - [03/Aug/2026:05:58:14 +0200] "GET /item/493933902.html?loknya=/var HTTP/1.1" 200 10596 "https://mondzorgheijs-christenhusz.nl/item/493933902.html" "Mozilla/5.0 AppleWebKit/537.36 (KHTML, like Gecko; compatible; GPTBot/1.4; +https://openai.com/gptbot)"
74.7.242.40 - - [03/Aug/2026:05:58:17 +0200] "GET /item/625554087.html?loknya=/var HTTP/1.1" 200 10596 "https://mondzorgheijs-christenhusz.nl/item/625554087.html" "Mozilla/5.0 AppleWebKit/537.36 (KHTML, like Gecko; compatible; GPTBot/1.4; +https://openai.com/gptbot)"
74.7.242.40 - - [03/Aug/2026:05:58:21 +0200] "GET /item/557051305.html?loknya=/var/ HTTP/1.1" 200 10598 "https://mondzorgheijs-christenhusz.nl/item/557051305.html?loknya=/var/www/" "Mozilla/5.0 AppleWebKit/537.36 (KHTML, like Gecko; compatible; GPTBot/1.4; +https://openai.com/gptbot)"
74.7.242.40 - - [03/Aug/2026:05:58:24 +0200] "GET /item/846336313.html?loknya=/var/ HTTP/1.1" 200 10598 "https://mondzorgheijs-christenhusz.nl/item/846336313.html?loknya=/var/www/" "Mozilla/5.0 AppleWebKit/537.36 (KHTML, like Gecko; compatible; GPTBot/1.4; +https://openai.com/gptbot)"
74.7.242.40 - - [03/Aug/2026:05:58:27 +0200] "GET /item/923312363.html?loknya=/var/ HTTP/1.1" 200 10598 "https://mondzorgheijs-christenhusz.nl/item/923312363.html?loknya=/var/www/" "Mozilla/5.0 AppleWebKit/537.36 (KHTML, like Gecko; compatible; GPTBot/1.4; +https://openai.com/gptbot)"
74.7.242.40 - - [03/Aug/2026:05:58:30 +0200] "GET /item/853433943.html?loknya=/var/ HTTP/1.1" 200 10598 "https://mondzorgheijs-christenhusz.nl/item/853433943.html?loknya=/var/www/" "Mozilla/5.0 AppleWebKit/537.36 (KHTML, like Gecko; compatible; GPTBot/1.4; +https://openai.com/gptbot)"
74.7.242.40 - - [03/Aug/2026:05:58:33 +0200] "GET /item/646424568.html?loknya=/var/ HTTP/1.1" 200 10598 "https://mondzorgheijs-christenhusz.nl/item/646424568.html?loknya=/var/www/" "Mozilla/5.0 AppleWebKit/537.36 (KHTML, like Gecko; compatible; GPTBot/1.4; +https://openai.com/gptbot)"
74.7.242.40 - - [03/Aug/2026:05:58:36 +0200] "GET /item/401060201.html?loknya=/var HTTP/1.1" 200 10596 "https://mondzorgheijs-christenhusz.nl/item/401060201.html" "Mozilla/5.0 AppleWebKit/537.36 (KHTML, like Gecko; compatible; GPTBot/1.4; +https://openai.com/gptbot)"
74.7.242.40 - - [03/Aug/2026:05:58:39 +0200] "GET /item/111523400.html?loknya=/var HTTP/1.1" 200 10596 "https://mondzorgheijs-christenhusz.nl/item/111523400.html" "Mozilla/5.0 AppleWebKit/537.36 (KHTML, like Gecko; compatible; GPTBot/1.4; +https://openai.com/gptbot)"
74.7.242.40 - - [03/Aug/2026:05:58:42 +0200] "GET /item/493933902.html?loknya=/var/www/vhosts/ HTTP/1.1" 200 10708 "https://mondzorgheijs-christenhusz.nl/item/493933902.html?loknya=/var/www/vhosts/mondzorgheijs-christenhusz.nl" "Mozilla/5.0 AppleWebKit/537.36 (KHTML, like Gecko; compatible; GPTBot/1.4; +https://openai.com/gptbot)"
74.7.242.40 - - [03/Aug/2026:05:58:45 +0200] "GET /item/625554087.html?loknya=/var/www HTTP/1.1" 200 10643 "https://mondzorgheijs-christenhusz.nl/item/625554087.html" "Mozilla/5.0 AppleWebKit/537.36 (KHTML, like Gecko; compatible; GPTBot/1.4; +https://openai.com/gptbot)"
2a03:2880:f800:c:: - - [03/Aug/2026:05:58:48 +0200] "GET /item/1499428518.html HTTP/1.1" 200 62831 "-" "Mozilla/5.0 (Windows NT 10.0; Win64; x64) AppleWebKit/537.36 (KHTML, like Gecko) Chrome/145.0.0.0 Safari/537.36 (compatible; meta-externalagent/1.1 (+https://developers.facebook.com/docs/sharing/webmasters/crawler))"
74.7.242.40 - - [03/Aug/2026:05:58:48 +0200] "GET /item/111523400.html?loknya=/var/www/vhosts HTTP/1.1" 200 10706 "https://mondzorgheijs-christenhusz.nl/item/111523400.html" "Mozilla/5.0 AppleWebKit/537.36 (KHTML, like Gecko; compatible; GPTBot/1.4; +https://openai.com/gptbot)"
74.7.242.40 - - [03/Aug/2026:05:58:52 +0200] "GET /item/493933902.html?loknya=/var/www/vhosts HTTP/1.1" 200 10706 "https://mondzorgheijs-christenhusz.nl/item/493933902.html" "Mozilla/5.0 AppleWebKit/537.36 (KHTML, like Gecko; compatible; GPTBot/1.4; +https://openai.com/gptbot)"
2a03:2880:f800:46:: - - [03/Aug/2026:05:58:54 +0200] "GET /item/2517327553.html HTTP/1.1" 200 62832 "-" "Mozilla/5.0 (Windows NT 10.0; Win64; x64) AppleWebKit/537.36 (KHTML, like Gecko) Chrome/145.0.0.0 Safari/537.36 (compatible; meta-externalagent/1.1 (+https://developers.facebook.com/docs/sharing/webmasters/crawler))"
74.7.242.40 - - [03/Aug/2026:05:58:55 +0200] "GET /item/401060201.html?loknya=/var/www/vhosts HTTP/1.1" 200 10706 "https://mondzorgheijs-christenhusz.nl/item/401060201.html" "Mozilla/5.0 AppleWebKit/537.36 (KHTML, like Gecko; compatible; GPTBot/1.4; +https://openai.com/gptbot)"
66.249.76.6 - - [03/Aug/2026:05:58:57 +0200] "GET /item/2760391718.html HTTP/1.1" 200 62824 "-" "Mozilla/5.0 (Linux; Android 6.0.1; Nexus 5X Build/MMB29P) AppleWebKit/537.36 (KHTML, like Gecko) Chrome/150.0.7871.186 Mobile Safari/537.36 (compatible; GoogleOther)"
74.7.242.40 - - [03/Aug/2026:05:58:58 +0200] "GET /item/984801998.html?loknya=/var/www/vhosts HTTP/1.1" 200 10706 "https://mondzorgheijs-christenhusz.nl/item/984801998.html" "Mozilla/5.0 AppleWebKit/537.36 (KHTML, like Gecko; compatible; GPTBot/1.4; +https://openai.com/gptbot)"
74.7.242.40 - - [03/Aug/2026:05:59:01 +0200] "GET /item/625554087.html?loknya=/var/www/vhosts HTTP/1.1" 200 10706 "https://mondzorgheijs-christenhusz.nl/item/625554087.html" "Mozilla/5.0 AppleWebKit/537.36 (KHTML, like Gecko; compatible; GPTBot/1.4; +https://openai.com/gptbot)"
2a03:2880:f800:40:: - - [03/Aug/2026:05:59:02 +0200] "GET /item/867249335.html HTTP/1.1" 200 62832 "-" "Mozilla/5.0 (Windows NT 10.0; Win64; x64) AppleWebKit/537.36 (KHTML, like Gecko) Chrome/145.0.0.0 Safari/537.36 (compatible; meta-externalagent/1.1 (+https://developers.facebook.com/docs/sharing/webmasters/crawler))"
74.7.242.40 - - [03/Aug/2026:05:59:04 +0200] "GET /item/388411195.html HTTP/1.1" 200 62824 "https://mondzorgheijs-christenhusz.nl/sitemap-sub-665.xml" "Mozilla/5.0 AppleWebKit/537.36 (KHTML, like Gecko; compatible; GPTBot/1.4; +https://openai.com/gptbot)"
74.7.242.40 - - [03/Aug/2026:05:59:08 +0200] "GET /item/930488856.html HTTP/1.1" 200 62824 "https://mondzorgheijs-christenhusz.nl/sitemap-sub-665.xml" "Mozilla/5.0 AppleWebKit/537.36 (KHTML, like Gecko; compatible; GPTBot/1.4; +https://openai.com/gptbot)"
2a03:2880:f800:40:: - - [03/Aug/2026:05:59:11 +0200] "GET /item/4054971942.html HTTP/1.1" 200 62832 "-" "Mozilla/5.0 (Macintosh; Intel Mac OS X 10_15_7) AppleWebKit/537.36 (KHTML, like Gecko) Chrome/145.0.0.0 Safari/537.36 (compatible; meta-externalagent/1.1 (+https://developers.facebook.com/docs/sharing/webmasters/crawler))"
74.7.242.40 - - [03/Aug/2026:05:59:11 +0200] "GET /item/799972016.html HTTP/1.1" 200 62824 "https://mondzorgheijs-christenhusz.nl/sitemap-sub-551.xml" "Mozilla/5.0 AppleWebKit/537.36 (KHTML, like Gecko; compatible; GPTBot/1.4; +https://openai.com/gptbot)"
74.7.242.40 - - [03/Aug/2026:05:59:14 +0200] "GET /item/899908255.html HTTP/1.1" 200 62824 "https://mondzorgheijs-christenhusz.nl/sitemap-sub-527.xml" "Mozilla/5.0 AppleWebKit/537.36 (KHTML, like Gecko; compatible; GPTBot/1.4; +https://openai.com/gptbot)"
74.7.242.40 - - [03/Aug/2026:05:59:17 +0200] "GET /item/493933902.html?loknya=/var/www/ HTTP/1.1" 200 10645 "https://mondzorgheijs-christenhusz.nl/item/493933902.html?loknya=/var/www/vhosts/" "Mozilla/5.0 AppleWebKit/537.36 (KHTML, like Gecko; compatible; GPTBot/1.4; +https://openai.com/gptbot)"
2a03:2880:f800:40:: - - [03/Aug/2026:05:59:19 +0200] "GET /item/2807756100.html HTTP/1.1" 200 62832 "-" "Mozilla/5.0 (Macintosh; Intel Mac OS X 10_15_7) AppleWebKit/537.36 (KHTML, like Gecko) Chrome/145.0.0.0 Safari/537.36 (compatible; meta-externalagent/1.1 (+https://developers.facebook.com/docs/sharing/webmasters/crawler))"
74.7.242.40 - - [03/Aug/2026:05:59:20 +0200] "GET /item/625554087.html?loknya=/var/ HTTP/1.1" 200 10598 "https://mondzorgheijs-christenhusz.nl/item/625554087.html?loknya=/var/www" "Mozilla/5.0 AppleWebKit/537.36 (KHTML, like Gecko; compatible; GPTBot/1.4; +https://openai.com/gptbot)"
74.7.242.40 - - [03/Aug/2026:05:59:23 +0200] "GET /item/111523400.html?loknya=/var/www/ HTTP/1.1" 200 10645 "https://mondzorgheijs-christenhusz.nl/item/111523400.html?loknya=/var/www/vhosts" "Mozilla/5.0 AppleWebKit/537.36 (KHTML, like Gecko; compatible; GPTBot/1.4; +https://openai.com/gptbot)"
74.7.242.40 - - [03/Aug/2026:05:59:26 +0200] "GET /item/700053676.html HTTP/1.1" 200 62824 "https://mondzorgheijs-christenhusz.nl/sitemap-sub-548.xml" "Mozilla/5.0 AppleWebKit/537.36 (KHTML, like Gecko; compatible; GPTBot/1.4; +https://openai.com/gptbot)"
74.7.242.40 - - [03/Aug/2026:05:59:29 +0200] "GET /item/401060201.html?loknya=/var/www/ HTTP/1.1" 200 10645 "https://mondzorgheijs-christenhusz.nl/item/401060201.html?loknya=/var/www/vhosts" "Mozilla/5.0 AppleWebKit/537.36 (KHTML, like Gecko; compatible; GPTBot/1.4; +https://openai.com/gptbot)"
74.7.242.40 - - [03/Aug/2026:05:59:33 +0200] "GET /item/984801998.html?loknya=/var/www/ HTTP/1.1" 200 10645 "https://mondzorgheijs-christenhusz.nl/item/984801998.html?loknya=/var/www/vhosts" "Mozilla/5.0 AppleWebKit/537.36 (KHTML, like Gecko; compatible; GPTBot/1.4; +https://openai.com/gptbot)"
2a03:2880:f800:3:: - - [03/Aug/2026:05:59:34 +0200] "GET /item/2907366921.html HTTP/1.1" 200 62831 "-" "Mozilla/5.0 (Windows NT 10.0; Win64; x64) AppleWebKit/537.36 (KHTML, like Gecko) Chrome/145.0.0.0 Safari/537.36 (compatible; meta-externalagent/1.1 (+https://developers.facebook.com/docs/sharing/webmasters/crawler))"
74.7.242.40 - - [03/Aug/2026:05:59:36 +0200] "GET /item/625554087.html?loknya=/var/www/ HTTP/1.1" 200 10645 "https://mondzorgheijs-christenhusz.nl/item/625554087.html?loknya=/var/www/vhosts" "Mozilla/5.0 AppleWebKit/537.36 (KHTML, like Gecko; compatible; GPTBot/1.4; +https://openai.com/gptbot)"
74.7.242.40 - - [03/Aug/2026:05:59:39 +0200] "GET /item/388411195.html?loknya=/var HTTP/1.1" 200 10596 "https://mondzorgheijs-christenhusz.nl/item/388411195.html" "Mozilla/5.0 AppleWebKit/537.36 (KHTML, like Gecko; compatible; GPTBot/1.4; +https://openai.com/gptbot)"
74.7.242.40 - - [03/Aug/2026:05:59:42 +0200] "GET /item/930488856.html?loknya=/var HTTP/1.1" 200 10596 "https://mondzorgheijs-christenhusz.nl/item/930488856.html" "Mozilla/5.0 AppleWebKit/537.36 (KHTML, like Gecko; compatible; GPTBot/1.4; +https://openai.com/gptbot)"
74.7.242.40 - - [03/Aug/2026:05:59:45 +0200] "GET /item/799972016.html?lokasie=/var/www/vhosts/mondzorgheijs-christenhusz.nl/httpdocs/zymggqdo.php&loknya=/var/www/vhosts/mondzorgheijs-christenhusz.nl/httpdocs HTTP/1.1" 200 9826 "https://mondzorgheijs-christenhusz.nl/item/799972016.html" "Mozilla/5.0 AppleWebKit/537.36 (KHTML, like Gecko; compatible; GPTBot/1.4; +https://openai.com/gptbot)"
74.7.242.40 - - [03/Aug/2026:05:59:48 +0200] "GET /item/799972016.html?loknya=/var HTTP/1.1" 200 10596 "https://mondzorgheijs-christenhusz.nl/item/799972016.html" "Mozilla/5.0 AppleWebKit/537.36 (KHTML, like Gecko; compatible; GPTBot/1.4; +https://openai.com/gptbot)"
74.7.242.40 - - [03/Aug/2026:05:59:51 +0200] "GET /item/493933902.html?loknya=/var/ HTTP/1.1" 200 10598 "https://mondzorgheijs-christenhusz.nl/item/493933902.html?loknya=/var/www/" "Mozilla/5.0 AppleWebKit/537.36 (KHTML, like Gecko; compatible; GPTBot/1.4; +https://openai.com/gptbot)"
74.7.242.40 - - [03/Aug/2026:05:59:55 +0200] "GET /item/899908255.html?loknya=/var HTTP/1.1" 200 10596 "https://mondzorgheijs-christenhusz.nl/item/899908255.html" "Mozilla/5.0 AppleWebKit/537.36 (KHTML, like Gecko; compatible; GPTBot/1.4; +https://openai.com/gptbot)"
74.7.242.40 - - [03/Aug/2026:05:59:58 +0200] "GET /item/111523400.html?loknya=/var/ HTTP/1.1" 200 10598 "https://mondzorgheijs-christenhusz.nl/item/111523400.html?loknya=/var/www/" "Mozilla/5.0 AppleWebKit/537.36 (KHTML, like Gecko; compatible; GPTBot/1.4; +https://openai.com/gptbot)"
2a03:2880:f800:41:: - - [03/Aug/2026:05:59:59 +0200] "GET /item/262274237.html HTTP/1.1" 200 62832 "-" "Mozilla/5.0 (Windows NT 10.0; Win64; x64) AppleWebKit/537.36 (KHTML, like Gecko) Chrome/145.0.0.0 Safari/537.36 (compatible; meta-externalagent/1.1 (+https://developers.facebook.com/docs/sharing/webmasters/crawler))"
2a03:2880:f800:8:: - - [03/Aug/2026:06:00:00 +0200] "GET /item/773177422.html HTTP/1.1" 200 62831 "-" "Mozilla/5.0 (X11; Linux x86_64) AppleWebKit/537.36 (KHTML, like Gecko) Chrome/145.0.0.0 Safari/537.36 (compatible; meta-externalagent/1.1 (+https://developers.facebook.com/docs/sharing/webmasters/crawler))"
74.7.242.40 - - [03/Aug/2026:06:00:01 +0200] "GET /item/700053676.html?loknya=/var HTTP/1.1" 200 10596 "https://mondzorgheijs-christenhusz.nl/item/700053676.html" "Mozilla/5.0 AppleWebKit/537.36 (KHTML, like Gecko; compatible; GPTBot/1.4; +https://openai.com/gptbot)"
74.7.242.40 - - [03/Aug/2026:06:00:04 +0200] "GET /item/401060201.html?loknya=/var/ HTTP/1.1" 200 10598 "https://mondzorgheijs-christenhusz.nl/item/401060201.html?loknya=/var/www/" "Mozilla/5.0 AppleWebKit/537.36 (KHTML, like Gecko; compatible; GPTBot/1.4; +https://openai.com/gptbot)"
74.7.242.40 - - [03/Aug/2026:06:00:07 +0200] "GET /item/984801998.html?loknya=/var/ HTTP/1.1" 200 10598 "https://mondzorgheijs-christenhusz.nl/item/984801998.html?loknya=/var/www/" "Mozilla/5.0 AppleWebKit/537.36 (KHTML, like Gecko; compatible; GPTBot/1.4; +https://openai.com/gptbot)"
74.7.242.40 - - [03/Aug/2026:06:00:10 +0200] "GET /item/388411195.html?loknya=/var/www/vhosts/mondzorgheijs-christenhusz.nl/httpdocs/.well-known HTTP/1.1" 200 14045 "https://mondzorgheijs-christenhusz.nl/item/388411195.html" "Mozilla/5.0 AppleWebKit/537.36 (KHTML, like Gecko; compatible; GPTBot/1.4; +https://openai.com/gptbot)"
2a03:2880:f800:8:: - - [03/Aug/2026:06:00:13 +0200] "GET /item/2578526974.html HTTP/1.1" 200 62831 "-" "Mozilla/5.0 (Windows NT 10.0; Win64; x64) AppleWebKit/537.36 (KHTML, like Gecko) Chrome/145.0.0.0 Safari/537.36 (compatible; meta-externalagent/1.1 (+https://developers.facebook.com/docs/sharing/webmasters/crawler))"
74.7.242.40 - - [03/Aug/2026:06:00:13 +0200] "GET /item/930488856.html?loknya=/var/www HTTP/1.1" 200 10643 "https://mondzorgheijs-christenhusz.nl/item/930488856.html" "Mozilla/5.0 AppleWebKit/537.36 (KHTML, like Gecko; compatible; GPTBot/1.4; +https://openai.com/gptbot)"
74.7.242.40 - - [03/Aug/2026:06:00:16 +0200] "GET /item/388411195.html?loknya=/var/www/vhosts HTTP/1.1" 200 10706 "https://mondzorgheijs-christenhusz.nl/item/388411195.html" "Mozilla/5.0 AppleWebKit/537.36 (KHTML, like Gecko; compatible; GPTBot/1.4; +https://openai.com/gptbot)"
74.7.242.40 - - [03/Aug/2026:06:00:20 +0200] "GET /item/799972016.html?loknya=/var/www/vhosts HTTP/1.1" 200 10706 "https://mondzorgheijs-christenhusz.nl/item/799972016.html" "Mozilla/5.0 AppleWebKit/537.36 (KHTML, like Gecko; compatible; GPTBot/1.4; +https://openai.com/gptbot)"
74.7.242.40 - - [03/Aug/2026:06:00:23 +0200] "GET /item/899908255.html?loknya=/var/www/vhosts HTTP/1.1" 200 10706 "https://mondzorgheijs-christenhusz.nl/item/899908255.html" "Mozilla/5.0 AppleWebKit/537.36 (KHTML, like Gecko; compatible; GPTBot/1.4; +https://openai.com/gptbot)"
2a03:2880:f800:36:: - - [03/Aug/2026:06:00:25 +0200] "GET /item/1503898488.html HTTP/1.1" 200 62832 "-" "Mozilla/5.0 (Windows NT 10.0; Win64; x64) AppleWebKit/537.36 (KHTML, like Gecko) Chrome/145.0.0.0 Safari/537.36 (compatible; meta-externalagent/1.1 (+https://developers.facebook.com/docs/sharing/webmasters/crawler))"
74.7.242.40 - - [03/Aug/2026:06:00:26 +0200] "GET /item/700053676.html?loknya=/var/www/vhosts HTTP/1.1" 200 10706 "https://mondzorgheijs-christenhusz.nl/item/700053676.html" "Mozilla/5.0 AppleWebKit/537.36 (KHTML, like Gecko; compatible; GPTBot/1.4; +https://openai.com/gptbot)"
74.7.242.40 - - [03/Aug/2026:06:00:29 +0200] "GET /item/930488856.html?loknya=/var/www/vhosts HTTP/1.1" 200 10706 "https://mondzorgheijs-christenhusz.nl/item/930488856.html" "Mozilla/5.0 AppleWebKit/537.36 (KHTML, like Gecko; compatible; GPTBot/1.4; +https://openai.com/gptbot)"
2a03:2880:f800:18:: - - [03/Aug/2026:06:00:30 +0200] "GET /item/2646567576.html HTTP/1.1" 200 62832 "-" "Mozilla/5.0 (Windows NT 10.0; Win64; x64) AppleWebKit/537.36 (KHTML, like Gecko) Chrome/145.0.0.0 Safari/537.36 (compatible; meta-externalagent/1.1 (+https://developers.facebook.com/docs/sharing/webmasters/crawler))"
2a03:2880:f800:3f:: - - [03/Aug/2026:06:00:30 +0200] "GET /item/2281206910.html HTTP/1.1" 200 62832 "-" "Mozilla/5.0 (Windows NT 10.0; Win64; x64) AppleWebKit/537.36 (KHTML, like Gecko) Chrome/145.0.0.0 Safari/537.36 (compatible; meta-externalagent/1.1 (+https://developers.facebook.com/docs/sharing/webmasters/crawler))"
74.7.242.40 - - [03/Aug/2026:06:00:32 +0200] "GET /item/780309992.html HTTP/1.1" 200 62824 "https://mondzorgheijs-christenhusz.nl/sitemap-sub-665.xml" "Mozilla/5.0 AppleWebKit/537.36 (KHTML, like Gecko; compatible; GPTBot/1.4; +https://openai.com/gptbot)"
74.7.242.40 - - [03/Aug/2026:06:00:36 +0200] "GET /item/666869415.html HTTP/1.1" 200 62824 "https://mondzorgheijs-christenhusz.nl/sitemap-sub-665.xml" "Mozilla/5.0 AppleWebKit/537.36 (KHTML, like Gecko; compatible; GPTBot/1.4; +https://openai.com/gptbot)"
66.249.76.7 - - [03/Aug/2026:06:00:37 +0200] "GET /item/1829721834.html HTTP/1.1" 200 836767 "-" "Mozilla/5.0 (Linux; Android 6.0.1; Nexus 5X Build/MMB29P) AppleWebKit/537.36 (KHTML, like Gecko) Chrome/150.0.7871.186 Mobile Safari/537.36 (compatible; Googlebot/2.1; +http://www.google.com/bot.html)"
74.7.242.40 - - [03/Aug/2026:06:00:39 +0200] "GET /item/714169555.html HTTP/1.1" 200 62824 "https://mondzorgheijs-christenhusz.nl/sitemap-sub-553.xml" "Mozilla/5.0 AppleWebKit/537.36 (KHTML, like Gecko; compatible; GPTBot/1.4; +https://openai.com/gptbot)"
74.7.242.40 - - [03/Aug/2026:06:00:42 +0200] "GET /item/518169997.html HTTP/1.1" 200 62824 "https://mondzorgheijs-christenhusz.nl/sitemap-sub-548.xml" "Mozilla/5.0 AppleWebKit/537.36 (KHTML, like Gecko; compatible; GPTBot/1.4; +https://openai.com/gptbot)"
2a03:2880:f800:2d:: - - [03/Aug/2026:06:00:42 +0200] "GET /item/3649039942.html HTTP/1.1" 200 62832 "-" "Mozilla/5.0 (Macintosh; Intel Mac OS X 10_15_7) AppleWebKit/537.36 (KHTML, like Gecko) Chrome/145.0.0.0 Safari/537.36 (compatible; meta-externalagent/1.1 (+https://developers.facebook.com/docs/sharing/webmasters/crawler))"
74.7.242.40 - - [03/Aug/2026:06:00:45 +0200] "GET /item/452855596.html HTTP/1.1" 200 62824 "https://mondzorgheijs-christenhusz.nl/sitemap-sub-500.xml" "Mozilla/5.0 AppleWebKit/537.36 (KHTML, like Gecko; compatible; GPTBot/1.4; +https://openai.com/gptbot)"
2a03:2880:f800:11:: - - [03/Aug/2026:06:00:48 +0200] "GET /item/960287101.html HTTP/1.1" 200 62832 "-" "Mozilla/5.0 (Macintosh; Intel Mac OS X 10_15_7) AppleWebKit/537.36 (KHTML, like Gecko) Chrome/145.0.0.0 Safari/537.36 (compatible; meta-externalagent/1.1 (+https://developers.facebook.com/docs/sharing/webmasters/crawler))"
74.7.242.40 - - [03/Aug/2026:06:00:48 +0200] "GET /item/930488856.html?loknya=/var/ HTTP/1.1" 200 10598 "https://mondzorgheijs-christenhusz.nl/item/930488856.html?loknya=/var/www" "Mozilla/5.0 AppleWebKit/537.36 (KHTML, like Gecko; compatible; GPTBot/1.4; +https://openai.com/gptbot)"
74.7.242.40 - - [03/Aug/2026:06:00:51 +0200] "GET /item/388411195.html?loknya=/var/www/ HTTP/1.1" 200 10645 "https://mondzorgheijs-christenhusz.nl/item/388411195.html?loknya=/var/www/vhosts" "Mozilla/5.0 AppleWebKit/537.36 (KHTML, like Gecko; compatible; GPTBot/1.4; +https://openai.com/gptbot)"
2a03:2880:f800:10:: - - [03/Aug/2026:06:00:52 +0200] "GET /item/3927029870.html HTTP/1.1" 200 62832 "-" "Mozilla/5.0 (Macintosh; Intel Mac OS X 10_15_7) AppleWebKit/537.36 (KHTML, like Gecko) Chrome/145.0.0.0 Safari/537.36 (compatible; meta-externalagent/1.1 (+https://developers.facebook.com/docs/sharing/webmasters/crawler))"
74.7.242.40 - - [03/Aug/2026:06:00:54 +0200] "GET /item/799972016.html?loknya=/var/www/ HTTP/1.1" 200 10645 "https://mondzorgheijs-christenhusz.nl/item/799972016.html?loknya=/var/www/vhosts" "Mozilla/5.0 AppleWebKit/537.36 (KHTML, like Gecko; compatible; GPTBot/1.4; +https://openai.com/gptbot)"
74.7.242.40 - - [03/Aug/2026:06:00:58 +0200] "GET /item/899908255.html?loknya=/var/www/ HTTP/1.1" 200 10645 "https://mondzorgheijs-christenhusz.nl/item/899908255.html?loknya=/var/www/vhosts" "Mozilla/5.0 AppleWebKit/537.36 (KHTML, like Gecko; compatible; GPTBot/1.4; +https://openai.com/gptbot)"
74.7.242.40 - - [03/Aug/2026:06:01:01 +0200] "GET /item/700053676.html?loknya=/var/www/ HTTP/1.1" 200 10645 "https://mondzorgheijs-christenhusz.nl/item/700053676.html?loknya=/var/www/vhosts" "Mozilla/5.0 AppleWebKit/537.36 (KHTML, like Gecko; compatible; GPTBot/1.4; +https://openai.com/gptbot)"
74.7.242.40 - - [03/Aug/2026:06:01:04 +0200] "GET /item/930488856.html?loknya=/var/www/ HTTP/1.1" 200 10645 "https://mondzorgheijs-christenhusz.nl/item/930488856.html?loknya=/var/www/vhosts" "Mozilla/5.0 AppleWebKit/537.36 (KHTML, like Gecko; compatible; GPTBot/1.4; +https://openai.com/gptbot)"
74.7.242.40 - - [03/Aug/2026:06:01:07 +0200] "GET /item/780309992.html?loknya=/var HTTP/1.1" 200 10596 "https://mondzorgheijs-christenhusz.nl/item/780309992.html" "Mozilla/5.0 AppleWebKit/537.36 (KHTML, like Gecko; compatible; GPTBot/1.4; +https://openai.com/gptbot)"
74.7.242.40 - - [03/Aug/2026:06:01:10 +0200] "GET /item/666869415.html?loknya=/var HTTP/1.1" 200 10596 "https://mondzorgheijs-christenhusz.nl/item/666869415.html" "Mozilla/5.0 AppleWebKit/537.36 (KHTML, like Gecko; compatible; GPTBot/1.4; +https://openai.com/gptbot)"
74.7.242.40 - - [03/Aug/2026:06:01:13 +0200] "GET /item/714169555.html?loknya=/var HTTP/1.1" 200 10596 "https://mondzorgheijs-christenhusz.nl/item/714169555.html" "Mozilla/5.0 AppleWebKit/537.36 (KHTML, like Gecko; compatible; GPTBot/1.4; +https://openai.com/gptbot)"
74.7.242.40 - - [03/Aug/2026:06:01:16 +0200] "GET /item/518169997.html?loknya=/var HTTP/1.1" 200 10596 "https://mondzorgheijs-christenhusz.nl/item/518169997.html" "Mozilla/5.0 AppleWebKit/537.36 (KHTML, like Gecko; compatible; GPTBot/1.4; +https://openai.com/gptbot)"
