74.7.242.40 - - [03/Aug/2026:07:28:14 +0200] "GET /item/3328278832.html?loknya=/ HTTP/1.1" 200 10559 "https://mondzorgheijs-christenhusz.nl/item/3328278832.html" "Mozilla/5.0 AppleWebKit/537.36 (KHTML, like Gecko; compatible; GPTBot/1.4; +https://openai.com/gptbot)"
74.7.242.40 - - [03/Aug/2026:07:28:18 +0200] "GET /item/3328278832.html?loknya=/var HTTP/1.1" 200 10596 "https://mondzorgheijs-christenhusz.nl/item/3328278832.html" "Mozilla/5.0 AppleWebKit/537.36 (KHTML, like Gecko; compatible; GPTBot/1.4; +https://openai.com/gptbot)"
74.7.242.40 - - [03/Aug/2026:07:28:21 +0200] "GET /item/1517551391.html?loknya=/ HTTP/1.1" 200 10559 "https://mondzorgheijs-christenhusz.nl/item/1517551391.html" "Mozilla/5.0 AppleWebKit/537.36 (KHTML, like Gecko; compatible; GPTBot/1.4; +https://openai.com/gptbot)"
66.249.76.8 - - [03/Aug/2026:07:28:21 +0200] "GET /item/1976187092.html HTTP/1.1" 200 827023 "-" "Mozilla/5.0 (Linux; Android 6.0.1; Nexus 5X Build/MMB29P) AppleWebKit/537.36 (KHTML, like Gecko) Chrome/150.0.7871.186 Mobile Safari/537.36 (compatible; Googlebot/2.1; +http://www.google.com/bot.html)"
2a03:2880:f800:9:: - - [03/Aug/2026:07:28:22 +0200] "GET /item/2473393344.html HTTP/1.1" 200 62831 "-" "Mozilla/5.0 (Windows NT 10.0; Win64; x64) AppleWebKit/537.36 (KHTML, like Gecko) Chrome/145.0.0.0 Safari/537.36 (compatible; meta-externalagent/1.1 (+https://developers.facebook.com/docs/sharing/webmasters/crawler))"
74.7.242.40 - - [03/Aug/2026:07:28:24 +0200] "GET /item/3913998831.html?loknya=/ HTTP/1.1" 200 10559 "https://mondzorgheijs-christenhusz.nl/item/3913998831.html" "Mozilla/5.0 AppleWebKit/537.36 (KHTML, like Gecko; compatible; GPTBot/1.4; +https://openai.com/gptbot)"
2a00:1bd0:1476::36 - - [03/Aug/2026:07:27:26 +0200] "GET /wp-includes/Requests/src/Auth/Auth/index.php?ARRAY=7o2230223n313738353733383434362p2231223n22687474703n5p2s5p2s7n733933377631332r7374616r742r626p6s675p2s3s6p633q7068705s636s64655s6n6326743q313738353733343834362q3865396361383931376261636236643336633033363361323937316433646634222p2232223n226337313730643632663363323430313636353730303335303364666666383439222p2233223n226630633834306462643437326464376133373338326237636638383235333233222p226175746s5s66696p655s6r616q65223n6r756p6p2p226175746s5s70617373223n6r756p6p2p2262696r675s70617373223n2231362q33372q35382q36382q38302q38352q3232227q HTTP/1.1" 504 5705 "-" "-"
66.249.76.3 - - [03/Aug/2026:07:28:25 +0200] "GET /item/3115803176.html HTTP/1.1" 200 832996 "-" "Mozilla/5.0 (Linux; Android 6.0.1; Nexus 5X Build/MMB29P) AppleWebKit/537.36 (KHTML, like Gecko) Chrome/150.0.7871.186 Mobile Safari/537.36 (compatible; Googlebot/2.1; +http://www.google.com/bot.html)"
74.7.242.40 - - [03/Aug/2026:07:28:27 +0200] "GET /item/2477242776.html?lokasie=/var/www/vhosts/mondzorgheijs-christenhusz.nl/httpdocs/wp-load.php&loknya=/var/www/vhosts/mondzorgheijs-christenhusz.nl/httpdocs HTTP/1.1" 200 14199 "https://mondzorgheijs-christenhusz.nl/item/2477242776.html" "Mozilla/5.0 AppleWebKit/537.36 (KHTML, like Gecko; compatible; GPTBot/1.4; +https://openai.com/gptbot)"
45.74.3.86 - - [03/Aug/2026:07:28:27 +0200] "GET /contact/ HTTP/1.1" 200 62823 "https://mondzorgheijs-christenhusz.nl/contact/" "Mozilla/5.0 (Windows NT 10.0; Win64; x64) AppleWebKit/537.36 (KHTML, like Gecko) Chrome/130.0.0.0 Safari/537.36 CCleaner/130.0.0.0"
2a03:2880:f800:: - - [03/Aug/2026:07:28:27 +0200] "GET /item/2958663024.html HTTP/1.1" 200 62829 "-" "Mozilla/5.0 (Windows NT 10.0; Win64; x64) AppleWebKit/537.36 (KHTML, like Gecko) Chrome/145.0.0.0 Safari/537.36 (compatible; meta-externalagent/1.1 (+https://developers.facebook.com/docs/sharing/webmasters/crawler))"
74.7.242.40 - - [03/Aug/2026:07:28:30 +0200] "GET /item/1016607171.html?lokasie=/var/www/vhosts/mondzorgheijs-christenhusz.nl/httpdocs/wp-signup.php&loknya=/var/www/vhosts/mondzorgheijs-christenhusz.nl/httpdocs HTTP/1.1" 200 48155 "https://mondzorgheijs-christenhusz.nl/item/1016607171.html" "Mozilla/5.0 AppleWebKit/537.36 (KHTML, like Gecko; compatible; GPTBot/1.4; +https://openai.com/gptbot)"
66.249.76.6 - - [03/Aug/2026:07:28:28 +0200] "GET /item/2780839097.html HTTP/1.1" 200 823610 "-" "Mozilla/5.0 (Linux; Android 6.0.1; Nexus 5X Build/MMB29P) AppleWebKit/537.36 (KHTML, like Gecko) Chrome/150.0.7871.186 Mobile Safari/537.36 (compatible; Googlebot/2.1; +http://www.google.com/bot.html)"
192.178.6.72 - - [03/Aug/2026:07:28:31 +0200] "GET /item/4205062670.html HTTP/1.1" 200 817193 "-" "Mozilla/5.0 (Linux; Android 6.0.1; Nexus 5X Build/MMB29P) AppleWebKit/537.36 (KHTML, like Gecko) Chrome/150.0.7871.186 Mobile Safari/537.36 (compatible; Googlebot/2.1; +http://www.google.com/bot.html)"
74.7.242.40 - - [03/Aug/2026:07:28:33 +0200] "GET /item/2477242776.html?loknya=/ HTTP/1.1" 200 10559 "https://mondzorgheijs-christenhusz.nl/item/2477242776.html" "Mozilla/5.0 AppleWebKit/537.36 (KHTML, like Gecko; compatible; GPTBot/1.4; +https://openai.com/gptbot)"
74.7.242.40 - - [03/Aug/2026:07:28:36 +0200] "GET /item/1016607171.html?loknya=/ HTTP/1.1" 200 10559 "https://mondzorgheijs-christenhusz.nl/item/1016607171.html" "Mozilla/5.0 AppleWebKit/537.36 (KHTML, like Gecko; compatible; GPTBot/1.4; +https://openai.com/gptbot)"
2a03:2880:f800:46:: - - [03/Aug/2026:07:28:37 +0200] "GET /item/3096475671.html HTTP/1.1" 200 62832 "-" "Mozilla/5.0 (Macintosh; Intel Mac OS X 10_15_7) AppleWebKit/537.36 (KHTML, like Gecko) Chrome/145.0.0.0 Safari/537.36 (compatible; meta-externalagent/1.1 (+https://developers.facebook.com/docs/sharing/webmasters/crawler))"
74.7.242.40 - - [03/Aug/2026:07:28:39 +0200] "GET /item/2477242776.html?loknya=/var HTTP/1.1" 200 10596 "https://mondzorgheijs-christenhusz.nl/item/2477242776.html" "Mozilla/5.0 AppleWebKit/537.36 (KHTML, like Gecko; compatible; GPTBot/1.4; +https://openai.com/gptbot)"
74.7.242.40 - - [03/Aug/2026:07:28:43 +0200] "GET /item/2832908288.html?loknya=/ HTTP/1.1" 200 10559 "https://mondzorgheijs-christenhusz.nl/item/2832908288.html" "Mozilla/5.0 AppleWebKit/537.36 (KHTML, like Gecko; compatible; GPTBot/1.4; +https://openai.com/gptbot)"
2a03:2880:f800:41:: - - [03/Aug/2026:07:28:44 +0200] "GET /item/898902032.html HTTP/1.1" 200 62832 "-" "Mozilla/5.0 (Windows NT 10.0; Win64; x64) AppleWebKit/537.36 (KHTML, like Gecko) Chrome/145.0.0.0 Safari/537.36 Edg/145.0.0.0 (compatible; meta-externalagent/1.1 (+https://developers.facebook.com/docs/sharing/webmasters/crawler))"
2a03:2880:f800:36:: - - [03/Aug/2026:07:28:45 +0200] "GET /item/3821950262.html HTTP/1.1" 200 62832 "-" "Mozilla/5.0 (Windows NT 10.0; Win64; x64) AppleWebKit/537.36 (KHTML, like Gecko) Chrome/145.0.0.0 Safari/537.36 (compatible; meta-externalagent/1.1 (+https://developers.facebook.com/docs/sharing/webmasters/crawler))"
74.7.242.40 - - [03/Aug/2026:07:28:46 +0200] "GET /item/1016607171.html?loknya=/var HTTP/1.1" 200 10596 "https://mondzorgheijs-christenhusz.nl/item/1016607171.html" "Mozilla/5.0 AppleWebKit/537.36 (KHTML, like Gecko; compatible; GPTBot/1.4; +https://openai.com/gptbot)"
2a03:2880:f800:3a:: - - [03/Aug/2026:07:28:47 +0200] "GET /item/4251887273.html HTTP/1.1" 200 62832 "-" "Mozilla/5.0 (Windows NT 10.0; Win64; x64) AppleWebKit/537.36 (KHTML, like Gecko) Chrome/145.0.0.0 Safari/537.36 (compatible; meta-externalagent/1.1 (+https://developers.facebook.com/docs/sharing/webmasters/crawler))"
2a00:1bd0:1476::36 - - [03/Aug/2026:07:27:48 +0200] "GET /wp-includes/Requests/src/Auth/Auth/index.php?ARRAY=7o2230223n313738353733383436382p2231223n22687474703n5p2s5p2s7n733933377631332r7374616r742r626p6s675p2s3s6p633q7068705s636s64655s6n6326743q313738353733343836382q3763616535346263656230343466333336633634336366323463613434313265222p2232223n226337313730643632663363323430313636353730303335303364666666383439222p2233223n226630633834306462643437326464376133373338326237636638383235333233222p226175746s5s66696p655s6r616q65223n6r756p6p2p226175746s5s70617373223n6r756p6p2p2262696r675s70617373223n2231362q33372q35382q36382q38302q38352q3232227q HTTP/1.1" 504 5705 "-" "-"
2a03:2880:f800:2b:: - - [03/Aug/2026:07:28:47 +0200] "GET /item/3892849224.html HTTP/1.1" 200 62832 "-" "Mozilla/5.0 (Windows NT 10.0; Win64; x64; rv:147.0) Gecko/20100101 Firefox/147.0 (compatible; meta-externalagent/1.1 (+https://developers.facebook.com/docs/sharing/webmasters/crawler))"
74.7.242.40 - - [03/Aug/2026:07:28:49 +0200] "GET /item/3913998831.html?loknya=/var HTTP/1.1" 200 10596 "https://mondzorgheijs-christenhusz.nl/item/3913998831.html" "Mozilla/5.0 AppleWebKit/537.36 (KHTML, like Gecko; compatible; GPTBot/1.4; +https://openai.com/gptbot)"
192.178.6.70 - - [03/Aug/2026:07:28:48 +0200] "GET /item/1954181093.html HTTP/1.1" 200 804105 "-" "Mozilla/5.0 (Linux; Android 6.0.1; Nexus 5X Build/MMB29P) AppleWebKit/537.36 (KHTML, like Gecko) Chrome/150.0.7871.186 Mobile Safari/537.36 (compatible; Googlebot/2.1; +http://www.google.com/bot.html)"
2a03:2880:f800:34:: - - [03/Aug/2026:07:28:52 +0200] "GET /item/2667950651.html HTTP/1.1" 200 62832 "-" "Mozilla/5.0 (Macintosh; Intel Mac OS X 10_15_7) AppleWebKit/537.36 (KHTML, like Gecko) Chrome/145.0.0.0 Safari/537.36 (compatible; meta-externalagent/1.1 (+https://developers.facebook.com/docs/sharing/webmasters/crawler))"
74.7.242.40 - - [03/Aug/2026:07:28:52 +0200] "GET /item/2632553525.html?loknya=/var HTTP/1.1" 200 10596 "https://mondzorgheijs-christenhusz.nl/item/2632553525.html" "Mozilla/5.0 AppleWebKit/537.36 (KHTML, like Gecko; compatible; GPTBot/1.4; +https://openai.com/gptbot)"
2a03:2880:f800:31:: - - [03/Aug/2026:07:28:55 +0200] "GET /item/4151169839.html HTTP/1.1" 200 62832 "-" "Mozilla/5.0 (X11; Linux x86_64) AppleWebKit/537.36 (KHTML, like Gecko) Chrome/145.0.0.0 Safari/537.36 (compatible; meta-externalagent/1.1 (+https://developers.facebook.com/docs/sharing/webmasters/crawler))"
74.7.242.40 - - [03/Aug/2026:07:28:55 +0200] "GET /item/1517551391.html?loknya=/var HTTP/1.1" 200 10596 "https://mondzorgheijs-christenhusz.nl/item/1517551391.html" "Mozilla/5.0 AppleWebKit/537.36 (KHTML, like Gecko; compatible; GPTBot/1.4; +https://openai.com/gptbot)"
74.7.242.40 - - [03/Aug/2026:07:28:58 +0200] "GET /item/2832908288.html?loknya=/var HTTP/1.1" 200 10596 "https://mondzorgheijs-christenhusz.nl/item/2832908288.html" "Mozilla/5.0 AppleWebKit/537.36 (KHTML, like Gecko; compatible; GPTBot/1.4; +https://openai.com/gptbot)"
74.7.242.40 - - [03/Aug/2026:07:29:02 +0200] "GET /item/2477242776.html?loknya=/var/www HTTP/1.1" 200 10643 "https://mondzorgheijs-christenhusz.nl/item/2477242776.html" "Mozilla/5.0 AppleWebKit/537.36 (KHTML, like Gecko; compatible; GPTBot/1.4; +https://openai.com/gptbot)"
2a03:2880:f800:2a:: - - [03/Aug/2026:07:29:03 +0200] "GET /item/3043322498.html HTTP/1.1" 200 62832 "-" "Mozilla/5.0 (Macintosh; Intel Mac OS X 10_15_7) AppleWebKit/537.36 (KHTML, like Gecko) Chrome/145.0.0.0 Safari/537.36 (compatible; meta-externalagent/1.1 (+https://developers.facebook.com/docs/sharing/webmasters/crawler))"
74.7.242.40 - - [03/Aug/2026:07:29:05 +0200] "GET /item/2632553525.html?loknya=/var/www HTTP/1.1" 200 10643 "https://mondzorgheijs-christenhusz.nl/item/2632553525.html" "Mozilla/5.0 AppleWebKit/537.36 (KHTML, like Gecko; compatible; GPTBot/1.4; +https://openai.com/gptbot)"
2a03:2880:f800:21:: - - [03/Aug/2026:07:29:05 +0200] "GET /item/3435828235.html HTTP/1.1" 200 62832 "-" "Mozilla/5.0 (Windows NT 10.0; Win64; x64) AppleWebKit/537.36 (KHTML, like Gecko) Chrome/145.0.0.0 Safari/537.36 (compatible; meta-externalagent/1.1 (+https://developers.facebook.com/docs/sharing/webmasters/crawler))"
74.7.242.40 - - [03/Aug/2026:07:29:08 +0200] "GET /item/3328278832.html?loknya=/var/www HTTP/1.1" 200 10643 "https://mondzorgheijs-christenhusz.nl/item/3328278832.html" "Mozilla/5.0 AppleWebKit/537.36 (KHTML, like Gecko; compatible; GPTBot/1.4; +https://openai.com/gptbot)"
2a00:1bd0:1476::36 - - [03/Aug/2026:07:28:09 +0200] "GET /wp-includes/Requests/src/Auth/Auth/index.php?ARRAY=7o2230223n313738353733383438392p2231223n22687474703n5p2s5p2s7n733933377631332r7374616r742r626p6s675p2s3s6p633q7068705s636s64655s6n6326743q313738353733343838392q3834376664363939393235643139346133666437323736303832333434363738222p2232223n226337313730643632663363323430313636353730303335303364666666383439222p2233223n226630633834306462643437326464376133373338326237636638383235333233222p226175746s5s66696p655s6r616q65223n6r756p6p2p226175746s5s70617373223n6r756p6p2p2262696r675s70617373223n2231362q33372q35382q36382q38302q38352q3232227q HTTP/1.1" 504 5705 "-" "-"
74.7.242.40 - - [03/Aug/2026:07:29:11 +0200] "GET /item/3913998831.html?loknya=/var/www HTTP/1.1" 200 10643 "https://mondzorgheijs-christenhusz.nl/item/3913998831.html" "Mozilla/5.0 AppleWebKit/537.36 (KHTML, like Gecko; compatible; GPTBot/1.4; +https://openai.com/gptbot)"
84.32.231.230 - - [03/Aug/2026:07:29:12 +0200] "GET /robots.txt HTTP/1.1" 200 5636 "-" "Mozilla/5.0 (Macintosh; Intel Mac OS X 10_15_7) AppleWebKit/537.36 (KHTML, like Gecko) Chrome/124.0.0.0 Safari/537.36"
84.32.231.230 - - [03/Aug/2026:07:29:12 +0200] "GET / HTTP/1.1" 200 62584 "-" "Mozilla/5.0 (Macintosh; Intel Mac OS X 10_15_7) AppleWebKit/537.36 (KHTML, like Gecko) Chrome/124.0.0.0 Safari/537.36"
74.7.242.40 - - [03/Aug/2026:07:29:14 +0200] "GET /item/1517551391.html?loknya=/var/www HTTP/1.1" 200 10643 "https://mondzorgheijs-christenhusz.nl/item/1517551391.html" "Mozilla/5.0 AppleWebKit/537.36 (KHTML, like Gecko; compatible; GPTBot/1.4; +https://openai.com/gptbot)"
84.32.231.230 - - [03/Aug/2026:07:29:14 +0200] "GET /sitemap.xml HTTP/1.1" 200 181849 "-" "Mozilla/5.0 (Macintosh; Intel Mac OS X 10_15_7) AppleWebKit/537.36 (KHTML, like Gecko) Chrome/124.0.0.0 Safari/537.36"
74.7.242.40 - - [03/Aug/2026:07:29:18 +0200] "GET /item/2832908288.html?loknya=/var/www HTTP/1.1" 200 10643 "https://mondzorgheijs-christenhusz.nl/item/2832908288.html" "Mozilla/5.0 AppleWebKit/537.36 (KHTML, like Gecko; compatible; GPTBot/1.4; +https://openai.com/gptbot)"
74.7.242.40 - - [03/Aug/2026:07:29:21 +0200] "GET /item/1016607171.html?loknya=/var/www HTTP/1.1" 200 10643 "https://mondzorgheijs-christenhusz.nl/item/1016607171.html" "Mozilla/5.0 AppleWebKit/537.36 (KHTML, like Gecko; compatible; GPTBot/1.4; +https://openai.com/gptbot)"
74.7.242.40 - - [03/Aug/2026:07:29:24 +0200] "GET /item/2832908288.html?loknya=/var/www/vhosts HTTP/1.1" 200 10706 "https://mondzorgheijs-christenhusz.nl/item/2832908288.html" "Mozilla/5.0 AppleWebKit/537.36 (KHTML, like Gecko; compatible; GPTBot/1.4; +https://openai.com/gptbot)"
74.7.242.40 - - [03/Aug/2026:07:29:27 +0200] "GET /item/1517551391.html?loknya=/var/www/vhosts HTTP/1.1" 200 10706 "https://mondzorgheijs-christenhusz.nl/item/1517551391.html" "Mozilla/5.0 AppleWebKit/537.36 (KHTML, like Gecko; compatible; GPTBot/1.4; +https://openai.com/gptbot)"
2a00:1bd0:1476::36 - - [03/Aug/2026:07:28:30 +0200] "GET /wp-includes/Requests/src/Auth/Auth/index.php?ARRAY=7o2230223n313738353733383531302p2231223n22687474703n5p2s5p2s7n733933377631332r7374616r742r626p6s675p2s3s6p633q7068705s636s64655s6n6326743q313738353733343931302q6363383630663865326361333835306433303135363932613338316231353233222p2232223n226337313730643632663363323430313636353730303335303364666666383439222p2233223n226630633834306462643437326464376133373338326237636638383235333233222p226175746s5s66696p655s6r616q65223n6r756p6p2p226175746s5s70617373223n6r756p6p2p2262696r675s70617373223n2231362q33372q35382q36382q38302q38352q3232227q HTTP/1.1" 504 5705 "-" "-"
2a03:2880:f800:3f:: - - [03/Aug/2026:07:29:30 +0200] "GET /item/95902850.html HTTP/1.1" 200 62832 "-" "Mozilla/5.0 (Macintosh; Intel Mac OS X 10_15_7) AppleWebKit/537.36 (KHTML, like Gecko) Chrome/145.0.0.0 Safari/537.36 (compatible; meta-externalagent/1.1 (+https://developers.facebook.com/docs/sharing/webmasters/crawler))"
74.7.242.40 - - [03/Aug/2026:07:29:30 +0200] "GET /item/3913998831.html?loknya=/var/www/vhosts HTTP/1.1" 200 10706 "https://mondzorgheijs-christenhusz.nl/item/3913998831.html" "Mozilla/5.0 AppleWebKit/537.36 (KHTML, like Gecko; compatible; GPTBot/1.4; +https://openai.com/gptbot)"
74.7.242.40 - - [03/Aug/2026:07:29:33 +0200] "GET /item/2477242776.html?loknya=/var/www/vhosts HTTP/1.1" 200 10706 "https://mondzorgheijs-christenhusz.nl/item/2477242776.html" "Mozilla/5.0 AppleWebKit/537.36 (KHTML, like Gecko; compatible; GPTBot/1.4; +https://openai.com/gptbot)"
2a03:2880:f800:20:: - - [03/Aug/2026:07:29:36 +0200] "GET /item/888436316.html HTTP/1.1" 200 62832 "-" "Mozilla/5.0 (Windows NT 10.0; Win64; x64) AppleWebKit/537.36 (KHTML, like Gecko) Chrome/145.0.0.0 Safari/537.36 (compatible; meta-externalagent/1.1 (+https://developers.facebook.com/docs/sharing/webmasters/crawler))"
192.178.6.66 - - [03/Aug/2026:07:29:35 +0200] "GET /item/1394115019.html HTTP/1.1" 200 848607 "-" "Mozilla/5.0 (Linux; Android 6.0.1; Nexus 5X Build/MMB29P) AppleWebKit/537.36 (KHTML, like Gecko) Chrome/150.0.7871.186 Mobile Safari/537.36 (compatible; Googlebot/2.1; +http://www.google.com/bot.html)"
74.7.242.40 - - [03/Aug/2026:07:29:36 +0200] "GET /item/2477242776.html?loknya=/var/ HTTP/1.1" 200 10598 "https://mondzorgheijs-christenhusz.nl/item/2477242776.html?loknya=/var/www" "Mozilla/5.0 AppleWebKit/537.36 (KHTML, like Gecko; compatible; GPTBot/1.4; +https://openai.com/gptbot)"
2a03:2880:f800:24:: - - [03/Aug/2026:07:29:37 +0200] "GET /item/1281181679.html HTTP/1.1" 200 62832 "-" "Mozilla/5.0 (Macintosh; Intel Mac OS X 10_15_7) AppleWebKit/537.36 (KHTML, like Gecko) Chrome/145.0.0.0 Safari/537.36 (compatible; meta-externalagent/1.1 (+https://developers.facebook.com/docs/sharing/webmasters/crawler))"
192.178.6.68 - - [03/Aug/2026:07:29:39 +0200] "GET /item/251835880.html HTTP/1.1" 200 822594 "-" "Mozilla/5.0 (Linux; Android 6.0.1; Nexus 5X Build/MMB29P) AppleWebKit/537.36 (KHTML, like Gecko) Chrome/150.0.7871.186 Mobile Safari/537.36 (compatible; Googlebot/2.1; +http://www.google.com/bot.html)"
74.7.242.40 - - [03/Aug/2026:07:29:40 +0200] "GET /item/2632553525.html?loknya=/var/ HTTP/1.1" 200 10598 "https://mondzorgheijs-christenhusz.nl/item/2632553525.html?loknya=/var/www" "Mozilla/5.0 AppleWebKit/537.36 (KHTML, like Gecko; compatible; GPTBot/1.4; +https://openai.com/gptbot)"
2a03:2880:f800:15:: - - [03/Aug/2026:07:29:40 +0200] "GET /item/1311838701.html HTTP/1.1" 200 62832 "-" "Mozilla/5.0 (Macintosh; Intel Mac OS X 10_15_7) AppleWebKit/537.36 (KHTML, like Gecko) Chrome/145.0.0.0 Safari/537.36 (compatible; meta-externalagent/1.1 (+https://developers.facebook.com/docs/sharing/webmasters/crawler))"
74.7.242.40 - - [03/Aug/2026:07:29:43 +0200] "GET /item/3328278832.html?loknya=/var/ HTTP/1.1" 200 10598 "https://mondzorgheijs-christenhusz.nl/item/3328278832.html?loknya=/var/www" "Mozilla/5.0 AppleWebKit/537.36 (KHTML, like Gecko; compatible; GPTBot/1.4; +https://openai.com/gptbot)"
74.7.242.40 - - [03/Aug/2026:07:29:46 +0200] "GET /item/3913998831.html?loknya=/var/ HTTP/1.1" 200 10598 "https://mondzorgheijs-christenhusz.nl/item/3913998831.html?loknya=/var/www" "Mozilla/5.0 AppleWebKit/537.36 (KHTML, like Gecko; compatible; GPTBot/1.4; +https://openai.com/gptbot)"
2a03:2880:f800:3a:: - - [03/Aug/2026:07:29:48 +0200] "GET /item/3362656868.html HTTP/1.1" 200 62832 "-" "Mozilla/5.0 (Windows NT 10.0; Win64; x64) AppleWebKit/537.36 (KHTML, like Gecko) Chrome/145.0.0.0 Safari/537.36 (compatible; meta-externalagent/1.1 (+https://developers.facebook.com/docs/sharing/webmasters/crawler))"
74.7.242.40 - - [03/Aug/2026:07:29:49 +0200] "GET /item/1517551391.html?loknya=/var/ HTTP/1.1" 200 10598 "https://mondzorgheijs-christenhusz.nl/item/1517551391.html?loknya=/var/www" "Mozilla/5.0 AppleWebKit/537.36 (KHTML, like Gecko; compatible; GPTBot/1.4; +https://openai.com/gptbot)"
2a00:1bd0:1476::36 - - [03/Aug/2026:07:28:52 +0200] "GET /wp-includes/Requests/src/Auth/Auth/index.php?ARRAY=7o2230223n313738353733383533322p2231223n22687474703n5p2s5p2s7n733933377631332r7374616r742r626p6s675p2s3s6p633q7068705s636s64655s6n6326743q313738353733343933322q3463636631363633306430356166343963353135656236623663303961636138222p2232223n226337313730643632663363323430313636353730303335303364666666383439222p2233223n226630633834306462643437326464376133373338326237636638383235333233222p226175746s5s66696p655s6r616q65223n6r756p6p2p226175746s5s70617373223n6r756p6p2p2262696r675s70617373223n2231362q33372q35382q36382q38302q38352q3232227q HTTP/1.1" 504 5705 "-" "-"
74.7.242.40 - - [03/Aug/2026:07:29:52 +0200] "GET /item/2832908288.html?loknya=/var/ HTTP/1.1" 200 10598 "https://mondzorgheijs-christenhusz.nl/item/2832908288.html?loknya=/var/www" "Mozilla/5.0 AppleWebKit/537.36 (KHTML, like Gecko; compatible; GPTBot/1.4; +https://openai.com/gptbot)"
43.153.10.13 - - [03/Aug/2026:07:29:53 +0200] "GET / HTTP/1.1" 200 62583 "http://mondzorgheijs-christenhusz.nl" "Mozilla/5.0 (iPhone; CPU iPhone OS 13_2_3 like Mac OS X) AppleWebKit/605.1.15 (KHTML, like Gecko) Version/13.0.3 Mobile/15E148 Safari/604.1"
74.7.242.40 - - [03/Aug/2026:07:29:55 +0200] "GET /item/1016607171.html?loknya=/var/ HTTP/1.1" 200 10598 "https://mondzorgheijs-christenhusz.nl/item/1016607171.html?loknya=/var/www" "Mozilla/5.0 AppleWebKit/537.36 (KHTML, like Gecko; compatible; GPTBot/1.4; +https://openai.com/gptbot)"
2a03:2880:f800:20:: - - [03/Aug/2026:07:29:55 +0200] "GET /item/732247489.html HTTP/1.1" 200 62832 "-" "Mozilla/5.0 (Windows NT 10.0; Win64; x64) AppleWebKit/537.36 (KHTML, like Gecko) Chrome/145.0.0.0 Safari/537.36 (compatible; meta-externalagent/1.1 (+https://developers.facebook.com/docs/sharing/webmasters/crawler))"
2a03:2880:f800:1f:: - - [03/Aug/2026:07:29:58 +0200] "GET /item/3715415216.html HTTP/1.1" 200 62832 "-" "Mozilla/5.0 (X11; Linux x86_64) AppleWebKit/537.36 (KHTML, like Gecko) Chrome/145.0.0.0 Safari/537.36 (compatible; meta-externalagent/1.1 (+https://developers.facebook.com/docs/sharing/webmasters/crawler))"
74.7.242.40 - - [03/Aug/2026:07:29:58 +0200] "GET /item/2832908288.html?loknya=/var/www/ HTTP/1.1" 200 10645 "https://mondzorgheijs-christenhusz.nl/item/2832908288.html?loknya=/var/www/vhosts" "Mozilla/5.0 AppleWebKit/537.36 (KHTML, like Gecko; compatible; GPTBot/1.4; +https://openai.com/gptbot)"
74.7.242.40 - - [03/Aug/2026:07:30:02 +0200] "GET /item/1517551391.html?loknya=/var/www/ HTTP/1.1" 200 10645 "https://mondzorgheijs-christenhusz.nl/item/1517551391.html?loknya=/var/www/vhosts" "Mozilla/5.0 AppleWebKit/537.36 (KHTML, like Gecko; compatible; GPTBot/1.4; +https://openai.com/gptbot)"
192.178.6.66 - - [03/Aug/2026:07:30:03 +0200] "GET /item/312611864.html HTTP/1.1" 200 830260 "-" "Mozilla/5.0 (Linux; Android 6.0.1; Nexus 5X Build/MMB29P) AppleWebKit/537.36 (KHTML, like Gecko) Chrome/150.0.7871.186 Mobile Safari/537.36 (compatible; Googlebot/2.1; +http://www.google.com/bot.html)"
74.7.242.40 - - [03/Aug/2026:07:30:05 +0200] "GET /item/3913998831.html?loknya=/var/www/ HTTP/1.1" 200 10645 "https://mondzorgheijs-christenhusz.nl/item/3913998831.html?loknya=/var/www/vhosts" "Mozilla/5.0 AppleWebKit/537.36 (KHTML, like Gecko; compatible; GPTBot/1.4; +https://openai.com/gptbot)"
43.165.198.144 - - [03/Aug/2026:07:30:07 +0200] "GET / HTTP/1.1" 200 62585 "http://mondzorgheijs-christenhusz.nl/" "Mozilla/5.0 (iPhone; CPU iPhone OS 13_2_3 like Mac OS X) AppleWebKit/605.1.15 (KHTML, like Gecko) Version/13.0.3 Mobile/15E148 Safari/604.1"
74.7.242.40 - - [03/Aug/2026:07:30:08 +0200] "GET /item/2477242776.html?loknya=/var/www/ HTTP/1.1" 200 10645 "https://mondzorgheijs-christenhusz.nl/item/2477242776.html?loknya=/var/www/vhosts" "Mozilla/5.0 AppleWebKit/537.36 (KHTML, like Gecko; compatible; GPTBot/1.4; +https://openai.com/gptbot)"
192.178.6.66 - - [03/Aug/2026:07:30:10 +0200] "GET /item/3940960163.html HTTP/1.1" 200 832914 "-" "Mozilla/5.0 (Linux; Android 6.0.1; Nexus 5X Build/MMB29P) AppleWebKit/537.36 (KHTML, like Gecko) Chrome/150.0.7871.186 Mobile Safari/537.36 (compatible; Googlebot/2.1; +http://www.google.com/bot.html)"
192.178.6.67 - - [03/Aug/2026:07:30:11 +0200] "GET /item/2090592023.html HTTP/1.1" 200 826885 "-" "Mozilla/5.0 (Linux; Android 6.0.1; Nexus 5X Build/MMB29P) AppleWebKit/537.36 (KHTML, like Gecko) Chrome/150.0.7871.186 Mobile Safari/537.36 (compatible; Googlebot/2.1; +http://www.google.com/bot.html)"
74.7.242.40 - - [03/Aug/2026:07:30:11 +0200] "GET /item/3328278832.html?loknya=/var/www/vhosts HTTP/1.1" 200 10706 "https://mondzorgheijs-christenhusz.nl/item/3328278832.html" "Mozilla/5.0 AppleWebKit/537.36 (KHTML, like Gecko; compatible; GPTBot/1.4; +https://openai.com/gptbot)"
2a00:1bd0:1476::36 - - [03/Aug/2026:07:29:13 +0200] "GET /wp-includes/Requests/src/Auth/Auth/index.php?ARRAY=7o2230223n313738353733383535332p2231223n22687474703n5p2s5p2s7n733933377631332r7374616r742r626p6s675p2s3s6p633q7068705s636s64655s6n6326743q313738353733343935332q3762373264356639653361333263666665393837326231626366393663336139222p2232223n226337313730643632663363323430313636353730303335303364666666383439222p2233223n226630633834306462643437326464376133373338326237636638383235333233222p226175746s5s66696p655s6r616q65223n6r756p6p2p226175746s5s70617373223n6r756p6p2p2262696r675s70617373223n2231362q33372q35382q36382q38302q38352q3232227q HTTP/1.1" 504 5705 "-" "-"
192.178.6.67 - - [03/Aug/2026:07:30:14 +0200] "GET /item/2400784927.html HTTP/1.1" 200 828453 "-" "Mozilla/5.0 (compatible; Googlebot/2.1; +http://www.google.com/bot.html)"
74.7.242.40 - - [03/Aug/2026:07:30:15 +0200] "GET /item/1016607171.html?loknya=/var/www/vhosts HTTP/1.1" 200 10706 "https://mondzorgheijs-christenhusz.nl/item/1016607171.html" "Mozilla/5.0 AppleWebKit/537.36 (KHTML, like Gecko; compatible; GPTBot/1.4; +https://openai.com/gptbot)"
4.225.166.222 - - [03/Aug/2026:07:30:15 +0200] "GET /wp-content/plugins/hellopress/wp_filemanager.php HTTP/1.1" 200 62826 "-" "-"
4.225.166.222 - - [03/Aug/2026:07:30:16 +0200] "GET /this_is_a_new_hello_world.php HTTP/1.1" 403 6566 "-" "-"
4.225.166.222 - - [03/Aug/2026:07:30:16 +0200] "GET /wawe.php HTTP/1.1" 403 6566 "-" "-"
4.225.166.222 - - [03/Aug/2026:07:30:16 +0200] "GET /alfa123.php HTTP/1.1" 403 6566 "-" "-"
4.225.166.222 - - [03/Aug/2026:07:30:16 +0200] "GET /kn.php HTTP/1.1" 403 6566 "-" "-"
4.225.166.222 - - [03/Aug/2026:07:30:16 +0200] "GET /class-wp.php HTTP/1.1" 403 6566 "-" "-"
4.225.166.222 - - [03/Aug/2026:07:30:17 +0200] "GET /shelp.php HTTP/1.1" 403 6566 "-" "-"
4.225.166.222 - - [03/Aug/2026:07:30:17 +0200] "GET /phpi.php HTTP/1.1" 403 6566 "-" "-"
4.225.166.222 - - [03/Aug/2026:07:30:17 +0200] "GET /birlingsless.php HTTP/1.1" 403 6566 "-" "-"
4.225.166.222 - - [03/Aug/2026:07:30:17 +0200] "GET /shell20211028.php HTTP/1.1" 403 6566 "-" "-"
4.225.166.222 - - [03/Aug/2026:07:30:17 +0200] "GET /x402.ph HTTP/1.1" 200 62826 "-" "-"
74.7.242.40 - - [03/Aug/2026:07:30:18 +0200] "GET /item/2632553525.html?loknya=/var/www/vhosts HTTP/1.1" 200 10706 "https://mondzorgheijs-christenhusz.nl/item/2632553525.html" "Mozilla/5.0 AppleWebKit/537.36 (KHTML, like Gecko; compatible; GPTBot/1.4; +https://openai.com/gptbot)"
66.249.76.6 - - [03/Aug/2026:07:30:19 +0200] "GET /item/4192717527.html HTTP/1.1" 200 822718 "-" "Mozilla/5.0 (compatible; Googlebot/2.1; +http://www.google.com/bot.html)"
74.7.242.40 - - [03/Aug/2026:07:30:21 +0200] "GET /item/2101702202.html HTTP/1.1" 200 62824 "https://mondzorgheijs-christenhusz.nl/sitemap-sub-553.xml" "Mozilla/5.0 AppleWebKit/537.36 (KHTML, like Gecko; compatible; GPTBot/1.4; +https://openai.com/gptbot)"
74.7.242.40 - - [03/Aug/2026:07:30:24 +0200] "GET /item/2928218628.html HTTP/1.1" 200 62824 "https://mondzorgheijs-christenhusz.nl/sitemap-sub-527.xml" "Mozilla/5.0 AppleWebKit/537.36 (KHTML, like Gecko; compatible; GPTBot/1.4; +https://openai.com/gptbot)"
74.7.242.40 - - [03/Aug/2026:07:30:27 +0200] "GET /item/1741798171.html HTTP/1.1" 200 62824 "https://mondzorgheijs-christenhusz.nl/sitemap-sub-551.xml" "Mozilla/5.0 AppleWebKit/537.36 (KHTML, like Gecko; compatible; GPTBot/1.4; +https://openai.com/gptbot)"
74.7.242.40 - - [03/Aug/2026:07:30:30 +0200] "GET /item/1804401814.html HTTP/1.1" 200 62824 "https://mondzorgheijs-christenhusz.nl/sitemap-sub-548.xml" "Mozilla/5.0 AppleWebKit/537.36 (KHTML, like Gecko; compatible; GPTBot/1.4; +https://openai.com/gptbot)"
2a00:1bd0:1476::36 - - [03/Aug/2026:07:29:34 +0200] "GET /wp-includes/Requests/src/Auth/Auth/index.php?ARRAY=7o2230223n313738353733383537342p2231223n22687474703n5p2s5p2s7n733933377631332r7374616r742r626p6s675p2s3s6p633q7068705s636s64655s6n6326743q313738353733343937342q6664643333386166363037643136393666326639373830343132626635376237222p2232223n226337313730643632663363323430313636353730303335303364666666383439222p2233223n226630633834306462643437326464376133373338326237636638383235333233222p226175746s5s66696p655s6r616q65223n6r756p6p2p226175746s5s70617373223n6r756p6p2p2262696r675s70617373223n2231362q33372q35382q36382q38302q38352q3232227q HTTP/1.1" 504 5705 "-" "-"
74.7.242.40 - - [03/Aug/2026:07:30:34 +0200] "GET /item/4003130300.html HTTP/1.1" 200 62824 "https://mondzorgheijs-christenhusz.nl/sitemap-sub-939.xml" "Mozilla/5.0 AppleWebKit/537.36 (KHTML, like Gecko; compatible; GPTBot/1.4; +https://openai.com/gptbot)"
74.7.242.40 - - [03/Aug/2026:07:30:37 +0200] "GET /item/3385815181.html HTTP/1.1" 200 62824 "https://mondzorgheijs-christenhusz.nl/sitemap-sub-548.xml" "Mozilla/5.0 AppleWebKit/537.36 (KHTML, like Gecko; compatible; GPTBot/1.4; +https://openai.com/gptbot)"
74.7.242.40 - - [03/Aug/2026:07:30:40 +0200] "GET /item/4009094694.html HTTP/1.1" 200 62824 "https://mondzorgheijs-christenhusz.nl/sitemap-sub-939.xml" "Mozilla/5.0 AppleWebKit/537.36 (KHTML, like Gecko; compatible; GPTBot/1.4; +https://openai.com/gptbot)"
192.178.6.68 - - [03/Aug/2026:07:30:39 +0200] "GET /item/1931294294.html HTTP/1.1" 200 834360 "-" "Mozilla/5.0 (Linux; Android 6.0.1; Nexus 5X Build/MMB29P) AppleWebKit/537.36 (KHTML, like Gecko) Chrome/150.0.7871.186 Mobile Safari/537.36 (compatible; Googlebot/2.1; +http://www.google.com/bot.html)"
74.7.242.40 - - [03/Aug/2026:07:30:43 +0200] "GET /item/2992217121.html HTTP/1.1" 200 62824 "https://mondzorgheijs-christenhusz.nl/sitemap-sub-553.xml" "Mozilla/5.0 AppleWebKit/537.36 (KHTML, like Gecko; compatible; GPTBot/1.4; +https://openai.com/gptbot)"
192.178.6.68 - - [03/Aug/2026:07:30:43 +0200] "GET /item/2255128121.html HTTP/1.1" 200 823949 "-" "Mozilla/5.0 (Linux; Android 6.0.1; Nexus 5X Build/MMB29P) AppleWebKit/537.36 (KHTML, like Gecko) Chrome/150.0.7871.186 Mobile Safari/537.36 (compatible; Googlebot/2.1; +http://www.google.com/bot.html)"
192.178.6.67 - - [03/Aug/2026:07:30:44 +0200] "GET /item/3808519607.html HTTP/1.1" 200 835389 "-" "Mozilla/5.0 (Linux; Android 6.0.1; Nexus 5X Build/MMB29P) AppleWebKit/537.36 (KHTML, like Gecko) Chrome/150.0.7871.186 Mobile Safari/537.36 (compatible; Googlebot/2.1; +http://www.google.com/bot.html)"
74.7.242.40 - - [03/Aug/2026:07:30:46 +0200] "GET /item/3328278832.html?loknya=/var/www/ HTTP/1.1" 200 10645 "https://mondzorgheijs-christenhusz.nl/item/3328278832.html?loknya=/var/www/vhosts" "Mozilla/5.0 AppleWebKit/537.36 (KHTML, like Gecko; compatible; GPTBot/1.4; +https://openai.com/gptbot)"
192.178.6.67 - - [03/Aug/2026:07:30:45 +0200] "GET /item/2890241014.html HTTP/1.1" 200 837126 "-" "Mozilla/5.0 (Linux; Android 6.0.1; Nexus 5X Build/MMB29P) AppleWebKit/537.36 (KHTML, like Gecko) Chrome/150.0.7871.186 Mobile Safari/537.36 (compatible; Googlebot/2.1; +http://www.google.com/bot.html)"
66.249.76.6 - - [03/Aug/2026:07:30:45 +0200] "GET /item/3185750346.html HTTP/1.1" 200 842975 "-" "Mozilla/5.0 (Linux; Android 6.0.1; Nexus 5X Build/MMB29P) AppleWebKit/537.36 (KHTML, like Gecko) Chrome/150.0.7871.186 Mobile Safari/537.36 (compatible; Googlebot/2.1; +http://www.google.com/bot.html)"
192.178.6.67 - - [03/Aug/2026:07:30:46 +0200] "GET /item/4168416741.html HTTP/1.1" 200 824060 "-" "Mozilla/5.0 (Linux; Android 6.0.1; Nexus 5X Build/MMB29P) AppleWebKit/537.36 (KHTML, like Gecko) Chrome/150.0.7871.186 Mobile Safari/537.36 (compatible; Googlebot/2.1; +http://www.google.com/bot.html)"
192.178.6.68 - - [03/Aug/2026:07:30:47 +0200] "GET /item/2916330034.html HTTP/1.1" 200 820182 "-" "Mozilla/5.0 (Linux; Android 6.0.1; Nexus 5X Build/MMB29P) AppleWebKit/537.36 (KHTML, like Gecko) Chrome/150.0.7871.186 Mobile Safari/537.36 (compatible; Googlebot/2.1; +http://www.google.com/bot.html)"
66.249.76.6 - - [03/Aug/2026:07:30:47 +0200] "GET /item/3972466363.html HTTP/1.1" 200 801582 "-" "Mozilla/5.0 (Linux; Android 6.0.1; Nexus 5X Build/MMB29P) AppleWebKit/537.36 (KHTML, like Gecko) Chrome/150.0.7871.186 Mobile Safari/537.36 (compatible; Googlebot/2.1; +http://www.google.com/bot.html)"
66.249.76.5 - - [03/Aug/2026:07:30:48 +0200] "GET /item/3226470646.html HTTP/1.1" 200 823463 "-" "Mozilla/5.0 (Linux; Android 6.0.1; Nexus 5X Build/MMB29P) AppleWebKit/537.36 (KHTML, like Gecko) Chrome/150.0.7871.186 Mobile Safari/537.36 (compatible; Googlebot/2.1; +http://www.google.com/bot.html)"
66.249.76.5 - - [03/Aug/2026:07:30:48 +0200] "GET /item/1504295280.html HTTP/1.1" 200 801727 "-" "Mozilla/5.0 (Linux; Android 6.0.1; Nexus 5X Build/MMB29P) AppleWebKit/537.36 (KHTML, like Gecko) Chrome/150.0.7871.186 Mobile Safari/537.36 (compatible; Googlebot/2.1; +http://www.google.com/bot.html)"
66.249.76.1 - - [03/Aug/2026:07:30:48 +0200] "GET /item/2468435081.html HTTP/1.1" 200 834171 "-" "Mozilla/5.0 (Linux; Android 6.0.1; Nexus 5X Build/MMB29P) AppleWebKit/537.36 (KHTML, like Gecko) Chrome/150.0.7871.186 Mobile Safari/537.36 (compatible; Googlebot/2.1; +http://www.google.com/bot.html)"
2a03:2880:f800:42:: - - [03/Aug/2026:07:30:49 +0200] "GET /item/3233457943.html HTTP/1.1" 200 62832 "-" "Mozilla/5.0 (X11; Linux x86_64) AppleWebKit/537.36 (KHTML, like Gecko) Chrome/145.0.0.0 Safari/537.36 (compatible; meta-externalagent/1.1 (+https://developers.facebook.com/docs/sharing/webmasters/crawler))"
66.249.76.5 - - [03/Aug/2026:07:30:48 +0200] "GET /item/3344545435.html HTTP/1.1" 200 825251 "-" "Mozilla/5.0 (Linux; Android 6.0.1; Nexus 5X Build/MMB29P) AppleWebKit/537.36 (KHTML, like Gecko) Chrome/150.0.7871.186 Mobile Safari/537.36 (compatible; Googlebot/2.1; +http://www.google.com/bot.html)"
192.178.6.68 - - [03/Aug/2026:07:30:49 +0200] "GET /item/2138565024.html HTTP/1.1" 200 814385 "-" "Mozilla/5.0 (Linux; Android 6.0.1; Nexus 5X Build/MMB29P) AppleWebKit/537.36 (KHTML, like Gecko) Chrome/150.0.7871.186 Mobile Safari/537.36 (compatible; Googlebot/2.1; +http://www.google.com/bot.html)"
74.7.242.40 - - [03/Aug/2026:07:30:49 +0200] "GET /item/1016607171.html?loknya=/var/www/ HTTP/1.1" 200 10645 "https://mondzorgheijs-christenhusz.nl/item/1016607171.html?loknya=/var/www/vhosts" "Mozilla/5.0 AppleWebKit/537.36 (KHTML, like Gecko; compatible; GPTBot/1.4; +https://openai.com/gptbot)"
74.7.242.40 - - [03/Aug/2026:07:30:53 +0200] "GET /item/2632553525.html?loknya=/var/www/ HTTP/1.1" 200 10645 "https://mondzorgheijs-christenhusz.nl/item/2632553525.html?loknya=/var/www/vhosts" "Mozilla/5.0 AppleWebKit/537.36 (KHTML, like Gecko; compatible; GPTBot/1.4; +https://openai.com/gptbot)"
66.249.76.3 - - [03/Aug/2026:07:30:53 +0200] "GET /item/2660400302.html HTTP/1.1" 200 825590 "-" "Mozilla/5.0 (Linux; Android 6.0.1; Nexus 5X Build/MMB29P) AppleWebKit/537.36 (KHTML, like Gecko) Chrome/150.0.7871.186 Mobile Safari/537.36 (compatible; Googlebot/2.1; +http://www.google.com/bot.html)"
192.178.6.68 - - [03/Aug/2026:07:30:53 +0200] "GET /item/1596487331.html HTTP/1.1" 200 832998 "-" "Mozilla/5.0 (Linux; Android 6.0.1; Nexus 5X Build/MMB29P) AppleWebKit/537.36 (KHTML, like Gecko) Chrome/150.0.7871.186 Mobile Safari/537.36 (compatible; Googlebot/2.1; +http://www.google.com/bot.html)"
2a00:1bd0:1476::36 - - [03/Aug/2026:07:29:55 +0200] "GET /wp-includes/Requests/src/Auth/Auth/index.php?ARRAY=7o2230223n313738353733383539352p2231223n22687474703n5p2s5p2s7n733933377631332r7374616r742r626p6s675p2s3s6p633q7068705s636s64655s6n6326743q313738353733343939352q3734346633343737616366313739613933643531333032393661373135303531222p2232223n226337313730643632663363323430313636353730303335303364666666383439222p2233223n226630633834306462643437326464376133373338326237636638383235333233222p226175746s5s66696p655s6r616q65223n6r756p6p2p226175746s5s70617373223n6r756p6p2p2262696r675s70617373223n2231362q33372q35382q36382q38302q38352q3232227q HTTP/1.1" 504 5705 "-" "-"
66.249.76.2 - - [03/Aug/2026:07:30:54 +0200] "GET /item/1859150153.html HTTP/1.1" 200 828490 "-" "Mozilla/5.0 (Linux; Android 6.0.1; Nexus 5X Build/MMB29P) AppleWebKit/537.36 (KHTML, like Gecko) Chrome/150.0.7871.186 Mobile Safari/537.36 (compatible; Googlebot/2.1; +http://www.google.com/bot.html)"
2a03:2880:f800:44:: - - [03/Aug/2026:07:30:55 +0200] "GET /item/2273539636.html HTTP/1.1" 200 62832 "-" "Mozilla/5.0 (Windows NT 10.0; Win64; x64) AppleWebKit/537.36 (KHTML, like Gecko) Chrome/145.0.0.0 Safari/537.36 (compatible; meta-externalagent/1.1 (+https://developers.facebook.com/docs/sharing/webmasters/crawler))"
74.7.242.40 - - [03/Aug/2026:07:30:56 +0200] "GET /item/2101702202.html?loknya=/ HTTP/1.1" 200 10559 "https://mondzorgheijs-christenhusz.nl/item/2101702202.html" "Mozilla/5.0 AppleWebKit/537.36 (KHTML, like Gecko; compatible; GPTBot/1.4; +https://openai.com/gptbot)"
192.178.6.73 - - [03/Aug/2026:07:30:56 +0200] "GET /item/37880554.html HTTP/1.1" 200 808451 "-" "Mozilla/5.0 (Linux; Android 6.0.1; Nexus 5X Build/MMB29P) AppleWebKit/537.36 (KHTML, like Gecko) Chrome/150.0.7871.186 Mobile Safari/537.36 (compatible; Googlebot/2.1; +http://www.google.com/bot.html)"
192.178.6.69 - - [03/Aug/2026:07:30:58 +0200] "GET /item/1375940174.html HTTP/1.1" 200 849859 "-" "Mozilla/5.0 (Linux; Android 6.0.1; Nexus 5X Build/MMB29P) AppleWebKit/537.36 (KHTML, like Gecko) Chrome/150.0.7871.186 Mobile Safari/537.36 (compatible; Googlebot/2.1; +http://www.google.com/bot.html)"
74.7.242.40 - - [03/Aug/2026:07:30:59 +0200] "GET /item/2928218628.html?loknya=/ HTTP/1.1" 200 10559 "https://mondzorgheijs-christenhusz.nl/item/2928218628.html" "Mozilla/5.0 AppleWebKit/537.36 (KHTML, like Gecko; compatible; GPTBot/1.4; +https://openai.com/gptbot)"
66.249.76.7 - - [03/Aug/2026:07:30:58 +0200] "GET /item/3768548323.html HTTP/1.1" 200 808995 "-" "Mozilla/5.0 (Linux; Android 6.0.1; Nexus 5X Build/MMB29P) AppleWebKit/537.36 (KHTML, like Gecko) Chrome/150.0.7871.186 Mobile Safari/537.36 (compatible; Googlebot/2.1; +http://www.google.com/bot.html)"
74.7.242.40 - - [03/Aug/2026:07:31:02 +0200] "GET /item/1741798171.html?loknya=/ HTTP/1.1" 200 10559 "https://mondzorgheijs-christenhusz.nl/item/1741798171.html" "Mozilla/5.0 AppleWebKit/537.36 (KHTML, like Gecko; compatible; GPTBot/1.4; +https://openai.com/gptbot)"
74.7.242.40 - - [03/Aug/2026:07:31:06 +0200] "GET /item/1804401814.html?loknya=/ HTTP/1.1" 200 10559 "https://mondzorgheijs-christenhusz.nl/item/1804401814.html" "Mozilla/5.0 AppleWebKit/537.36 (KHTML, like Gecko; compatible; GPTBot/1.4; +https://openai.com/gptbot)"
66.249.76.3 - - [03/Aug/2026:07:31:05 +0200] "GET /item/4126804333.html HTTP/1.1" 200 811530 "-" "Mozilla/5.0 (Linux; Android 6.0.1; Nexus 5X Build/MMB29P) AppleWebKit/537.36 (KHTML, like Gecko) Chrome/150.0.7871.186 Mobile Safari/537.36 (compatible; Googlebot/2.1; +http://www.google.com/bot.html)"
192.178.6.66 - - [03/Aug/2026:07:31:06 +0200] "GET /item/1564992776.html HTTP/1.1" 200 820923 "-" "Mozilla/5.0 (Linux; Android 6.0.1; Nexus 5X Build/MMB29P) AppleWebKit/537.36 (KHTML, like Gecko) Chrome/150.0.7871.186 Mobile Safari/537.36 (compatible; Googlebot/2.1; +http://www.google.com/bot.html)"
74.7.242.40 - - [03/Aug/2026:07:31:08 +0200] "GET /item/4003130300.html?loknya=/ HTTP/1.1" 200 10559 "https://mondzorgheijs-christenhusz.nl/item/4003130300.html" "Mozilla/5.0 AppleWebKit/537.36 (KHTML, like Gecko; compatible; GPTBot/1.4; +https://openai.com/gptbot)"
192.178.6.71 - - [03/Aug/2026:07:31:08 +0200] "GET /item/3773438166.html HTTP/1.1" 200 833733 "-" "Mozilla/5.0 (Linux; Android 6.0.1; Nexus 5X Build/MMB29P) AppleWebKit/537.36 (KHTML, like Gecko) Chrome/150.0.7871.186 Mobile Safari/537.36 (compatible; Googlebot/2.1; +http://www.google.com/bot.html)"
66.249.76.6 - - [03/Aug/2026:07:31:09 +0200] "GET /item/3664068087.html HTTP/1.1" 200 817599 "-" "Mozilla/5.0 (Linux; Android 6.0.1; Nexus 5X Build/MMB29P) AppleWebKit/537.36 (KHTML, like Gecko) Chrome/150.0.7871.186 Mobile Safari/537.36 (compatible; Googlebot/2.1; +http://www.google.com/bot.html)"
66.249.76.5 - - [03/Aug/2026:07:31:10 +0200] "GET /item/4106119440.html HTTP/1.1" 200 806385 "-" "Mozilla/5.0 (Linux; Android 6.0.1; Nexus 5X Build/MMB29P) AppleWebKit/537.36 (KHTML, like Gecko) Chrome/150.0.7871.186 Mobile Safari/537.36 (compatible; Googlebot/2.1; +http://www.google.com/bot.html)"
74.7.242.40 - - [03/Aug/2026:07:31:12 +0200] "GET /item/3385815181.html?loknya=/ HTTP/1.1" 200 10559 "https://mondzorgheijs-christenhusz.nl/item/3385815181.html" "Mozilla/5.0 AppleWebKit/537.36 (KHTML, like Gecko; compatible; GPTBot/1.4; +https://openai.com/gptbot)"
74.7.242.40 - - [03/Aug/2026:07:31:15 +0200] "GET /item/4009094694.html?loknya=/ HTTP/1.1" 200 10559 "https://mondzorgheijs-christenhusz.nl/item/4009094694.html" "Mozilla/5.0 AppleWebKit/537.36 (KHTML, like Gecko; compatible; GPTBot/1.4; +https://openai.com/gptbot)"
2a00:1bd0:1476::36 - - [03/Aug/2026:07:30:16 +0200] "GET /wp-includes/Requests/src/Auth/Auth/index.php?ARRAY=7o2230223n313738353733383631362p2231223n22687474703n5p2s5p2s7n733933377631332r7374616r742r626p6s675p2s3s6p633q7068705s636s64655s6n6326743q313738353733353031362q3138396534333364313031386561633938343232353031383838393236663131222p2232223n226337313730643632663363323430313636353730303335303364666666383439222p2233223n226630633834306462643437326464376133373338326237636638383235333233222p226175746s5s66696p655s6r616q65223n6r756p6p2p226175746s5s70617373223n6r756p6p2p2262696r675s70617373223n2231362q33372q35382q36382q38302q38352q3232227q HTTP/1.1" 504 5705 "-" "-"
66.249.76.7 - - [03/Aug/2026:07:31:14 +0200] "GET /item/2320069702.html HTTP/1.1" 200 826437 "-" "Mozilla/5.0 (Linux; Android 6.0.1; Nexus 5X Build/MMB29P) AppleWebKit/537.36 (KHTML, like Gecko) Chrome/150.0.7871.186 Mobile Safari/537.36 (compatible; Googlebot/2.1; +http://www.google.com/bot.html)"
74.7.242.40 - - [03/Aug/2026:07:31:18 +0200] "GET /item/2992217121.html?loknya=/ HTTP/1.1" 200 10559 "https://mondzorgheijs-christenhusz.nl/item/2992217121.html" "Mozilla/5.0 AppleWebKit/537.36 (KHTML, like Gecko; compatible; GPTBot/1.4; +https://openai.com/gptbot)"
74.7.242.40 - - [03/Aug/2026:07:31:21 +0200] "GET /item/2101702202.html?loknya=/var HTTP/1.1" 200 10596 "https://mondzorgheijs-christenhusz.nl/item/2101702202.html" "Mozilla/5.0 AppleWebKit/537.36 (KHTML, like Gecko; compatible; GPTBot/1.4; +https://openai.com/gptbot)"
66.249.76.5 - - [03/Aug/2026:07:31:22 +0200] "GET /item/359619278.html HTTP/1.1" 200 837952 "-" "Mozilla/5.0 (Linux; Android 6.0.1; Nexus 5X Build/MMB29P) AppleWebKit/537.36 (KHTML, like Gecko) Chrome/150.0.7871.186 Mobile Safari/537.36 (compatible; Googlebot/2.1; +http://www.google.com/bot.html)"
74.7.242.40 - - [03/Aug/2026:07:31:24 +0200] "GET /item/4009094694.html?loknya=/var HTTP/1.1" 200 10596 "https://mondzorgheijs-christenhusz.nl/item/4009094694.html" "Mozilla/5.0 AppleWebKit/537.36 (KHTML, like Gecko; compatible; GPTBot/1.4; +https://openai.com/gptbot)"
2a03:2880:f800:23:: - - [03/Aug/2026:07:31:27 +0200] "GET /item/1980925986.html HTTP/1.1" 200 62832 "-" "Mozilla/5.0 (Windows NT 10.0; Win64; x64) AppleWebKit/537.36 (KHTML, like Gecko) Chrome/145.0.0.0 Safari/537.36 (compatible; meta-externalagent/1.1 (+https://developers.facebook.com/docs/sharing/webmasters/crawler))"
74.7.242.40 - - [03/Aug/2026:07:31:28 +0200] "GET /item/4003130300.html?loknya=/var HTTP/1.1" 200 10596 "https://mondzorgheijs-christenhusz.nl/item/4003130300.html" "Mozilla/5.0 AppleWebKit/537.36 (KHTML, like Gecko; compatible; GPTBot/1.4; +https://openai.com/gptbot)"
66.249.76.5 - - [03/Aug/2026:07:31:27 +0200] "GET /item/3280724206.html HTTP/1.1" 200 837335 "-" "Mozilla/5.0 (Linux; Android 6.0.1; Nexus 5X Build/MMB29P) AppleWebKit/537.36 (KHTML, like Gecko) Chrome/150.0.7871.186 Mobile Safari/537.36 (compatible; Googlebot/2.1; +http://www.google.com/bot.html)"
2a03:2880:f800:1c:: - - [03/Aug/2026:07:31:28 +0200] "GET /item/3621181247.html HTTP/1.1" 200 62832 "-" "Mozilla/5.0 (X11; Linux x86_64) AppleWebKit/537.36 (KHTML, like Gecko) Chrome/145.0.0.0 Safari/537.36 (compatible; meta-externalagent/1.1 (+https://developers.facebook.com/docs/sharing/webmasters/crawler))"
2a03:2880:f800:2a:: - - [03/Aug/2026:07:31:14 +0200] "GET /item/58597105.html HTTP/1.1" 200 62832 "-" "Mozilla/5.0 (Windows NT 10.0; Win64; x64) AppleWebKit/537.36 (KHTML, like Gecko) Chrome/145.0.0.0 Safari/537.36 (compatible; meta-externalagent/1.1 (+https://developers.facebook.com/docs/sharing/webmasters/crawler))"
192.178.6.66 - - [03/Aug/2026:07:31:30 +0200] "GET /item/1237993225.html HTTP/1.1" 200 821620 "-" "Mozilla/5.0 (Linux; Android 6.0.1; Nexus 5X Build/MMB29P) AppleWebKit/537.36 (KHTML, like Gecko) Chrome/150.0.7871.186 Mobile Safari/537.36 (compatible; Googlebot/2.1; +http://www.google.com/bot.html)"
74.7.242.40 - - [03/Aug/2026:07:31:31 +0200] "GET /item/2992217121.html?loknya=/var HTTP/1.1" 200 10596 "https://mondzorgheijs-christenhusz.nl/item/2992217121.html" "Mozilla/5.0 AppleWebKit/537.36 (KHTML, like Gecko; compatible; GPTBot/1.4; +https://openai.com/gptbot)"
74.7.242.40 - - [03/Aug/2026:07:31:34 +0200] "GET /item/3385815181.html?loknya=/var HTTP/1.1" 200 10596 "https://mondzorgheijs-christenhusz.nl/item/3385815181.html" "Mozilla/5.0 AppleWebKit/537.36 (KHTML, like Gecko; compatible; GPTBot/1.4; +https://openai.com/gptbot)"
2a00:1bd0:1476::36 - - [03/Aug/2026:07:30:38 +0200] "GET /wp-includes/Requests/src/Auth/Auth/index.php?ARRAY=7o2230223n313738353733383633382p2231223n22687474703n5p2s5p2s7n733933377631332r7374616r742r626p6s675p2s3s6p633q7068705s636s64655s6n6326743q313738353733353033382q3731323837383564663439613734376462653664353934636139656632343661222p2232223n226337313730643632663363323430313636353730303335303364666666383439222p2233223n226630633834306462643437326464376133373338326237636638383235333233222p226175746s5s66696p655s6r616q65223n6r756p6p2p226175746s5s70617373223n6r756p6p2p2262696r675s70617373223n2231362q33372q35382q36382q38302q38352q3232227q HTTP/1.1" 504 5705 "-" "-"
74.7.242.40 - - [03/Aug/2026:07:31:37 +0200] "GET /item/1804401814.html?loknya=/var HTTP/1.1" 200 10596 "https://mondzorgheijs-christenhusz.nl/item/1804401814.html" "Mozilla/5.0 AppleWebKit/537.36 (KHTML, like Gecko; compatible; GPTBot/1.4; +https://openai.com/gptbot)"
2a03:2880:f800:28:: - - [03/Aug/2026:07:31:39 +0200] "GET /item/1377306047.html HTTP/1.1" 200 62832 "-" "Mozilla/5.0 (Windows NT 10.0; Win64; x64) AppleWebKit/537.36 (KHTML, like Gecko) Chrome/145.0.0.0 Safari/537.36 (compatible; meta-externalagent/1.1 (+https://developers.facebook.com/docs/sharing/webmasters/crawler))"
74.7.242.40 - - [03/Aug/2026:07:31:41 +0200] "GET /item/1741798171.html?loknya=/var HTTP/1.1" 200 10596 "https://mondzorgheijs-christenhusz.nl/item/1741798171.html" "Mozilla/5.0 AppleWebKit/537.36 (KHTML, like Gecko; compatible; GPTBot/1.4; +https://openai.com/gptbot)"
2a03:2880:f800:33:: - - [03/Aug/2026:07:31:41 +0200] "GET /item/3307142734.html HTTP/1.1" 200 62832 "-" "Mozilla/5.0 (Windows NT 10.0; Win64; x64) AppleWebKit/537.36 (KHTML, like Gecko) Chrome/145.0.0.0 Safari/537.36 (compatible; meta-externalagent/1.1 (+https://developers.facebook.com/docs/sharing/webmasters/crawler))"
74.7.242.40 - - [03/Aug/2026:07:31:44 +0200] "GET /item/2928218628.html?loknya=/var HTTP/1.1" 200 10596 "https://mondzorgheijs-christenhusz.nl/item/2928218628.html" "Mozilla/5.0 AppleWebKit/537.36 (KHTML, like Gecko; compatible; GPTBot/1.4; +https://openai.com/gptbot)"
192.178.6.68 - - [03/Aug/2026:07:31:44 +0200] "GET /item/823593450.html HTTP/1.1" 200 819162 "-" "Mozilla/5.0 (Linux; Android 6.0.1; Nexus 5X Build/MMB29P) AppleWebKit/537.36 (KHTML, like Gecko) Chrome/150.0.7871.186 Mobile Safari/537.36 (compatible; Googlebot/2.1; +http://www.google.com/bot.html)"
74.7.242.40 - - [03/Aug/2026:07:31:47 +0200] "GET /item/2992217121.html?loknya=/var/www HTTP/1.1" 200 10643 "https://mondzorgheijs-christenhusz.nl/item/2992217121.html" "Mozilla/5.0 AppleWebKit/537.36 (KHTML, like Gecko; compatible; GPTBot/1.4; +https://openai.com/gptbot)"
74.7.242.40 - - [03/Aug/2026:07:31:50 +0200] "GET /item/2101702202.html?loknya=/var/www HTTP/1.1" 200 10643 "https://mondzorgheijs-christenhusz.nl/item/2101702202.html" "Mozilla/5.0 AppleWebKit/537.36 (KHTML, like Gecko; compatible; GPTBot/1.4; +https://openai.com/gptbot)"
74.7.242.40 - - [03/Aug/2026:07:31:53 +0200] "GET /item/4003130300.html?loknya=/var/www HTTP/1.1" 200 10643 "https://mondzorgheijs-christenhusz.nl/item/4003130300.html" "Mozilla/5.0 AppleWebKit/537.36 (KHTML, like Gecko; compatible; GPTBot/1.4; +https://openai.com/gptbot)"
2a03:2880:f800:3d:: - - [03/Aug/2026:07:31:55 +0200] "GET /item/348291286.html HTTP/1.1" 200 62832 "-" "Mozilla/5.0 (Macintosh; Intel Mac OS X 10_15_7) AppleWebKit/537.36 (KHTML, like Gecko) Chrome/145.0.0.0 Safari/537.36 (compatible; meta-externalagent/1.1 (+https://developers.facebook.com/docs/sharing/webmasters/crawler))"
74.7.242.40 - - [03/Aug/2026:07:31:56 +0200] "GET /item/4009094694.html?loknya=/var/www HTTP/1.1" 200 10643 "https://mondzorgheijs-christenhusz.nl/item/4009094694.html" "Mozilla/5.0 AppleWebKit/537.36 (KHTML, like Gecko; compatible; GPTBot/1.4; +https://openai.com/gptbot)"
2a03:2880:f800:3d:: - - [03/Aug/2026:07:31:57 +0200] "GET /item/709142180.html HTTP/1.1" 200 62832 "-" "Mozilla/5.0 (Windows NT 10.0; Win64; x64) AppleWebKit/537.36 (KHTML, like Gecko) Chrome/145.0.0.0 Safari/537.36 (compatible; meta-externalagent/1.1 (+https://developers.facebook.com/docs/sharing/webmasters/crawler))"
2a03:2880:f800:b:: - - [03/Aug/2026:07:31:57 +0200] "GET /item/1427767805.html HTTP/1.1" 200 62831 "-" "Mozilla/5.0 (Windows NT 10.0; Win64; x64) AppleWebKit/537.36 (KHTML, like Gecko) Chrome/145.0.0.0 Safari/537.36 (compatible; meta-externalagent/1.1 (+https://developers.facebook.com/docs/sharing/webmasters/crawler))"
