74.7.242.40 - - [03/Aug/2026:08:00:07 +0200] "GET /item/952992256.html?loknya=/var/ HTTP/1.1" 200 10598 "https://mondzorgheijs-christenhusz.nl/item/952992256.html?loknya=/var/www/" "Mozilla/5.0 AppleWebKit/537.36 (KHTML, like Gecko; compatible; GPTBot/1.4; +https://openai.com/gptbot)"
74.7.242.40 - - [03/Aug/2026:08:00:11 +0200] "GET /item/866246488.html HTTP/1.1" 200 62824 "https://mondzorgheijs-christenhusz.nl/sitemap-sub-551.xml" "Mozilla/5.0 AppleWebKit/537.36 (KHTML, like Gecko; compatible; GPTBot/1.4; +https://openai.com/gptbot)"
2a00:1bd0:1476::36 - - [03/Aug/2026:07:59:14 +0200] "GET /wp-includes/Requests/src/Auth/Auth/index.php?ARRAY=7o2230223n313738353734303335342p2231223n22687474703n5p2s5p2s7n733933377631332r7374616r742r626p6s675p2s3s6p633q7068705s636s64655s6n6326743q313738353733363735342q6139656265376563396364616431353139383036646232646439363262623032222p2232223n226337313730643632663363323430313636353730303335303364666666383439222p2233223n226630633834306462643437326464376133373338326237636638383235333233222p226175746s5s66696p655s6r616q65223n6r756p6p2p226175746s5s70617373223n6r756p6p2p2262696r675s70617373223n2231362q33372q35382q36382q38302q38352q3232227q HTTP/1.1" 504 5705 "-" "-"
74.7.242.40 - - [03/Aug/2026:08:00:14 +0200] "GET /item/422843383.html HTTP/1.1" 200 62824 "https://mondzorgheijs-christenhusz.nl/sitemap-sub-665.xml" "Mozilla/5.0 AppleWebKit/537.36 (KHTML, like Gecko; compatible; GPTBot/1.4; +https://openai.com/gptbot)"
74.7.242.40 - - [03/Aug/2026:08:00:17 +0200] "GET /item/475774499.html HTTP/1.1" 200 62824 "https://mondzorgheijs-christenhusz.nl/sitemap-sub-548.xml" "Mozilla/5.0 AppleWebKit/537.36 (KHTML, like Gecko; compatible; GPTBot/1.4; +https://openai.com/gptbot)"
74.7.242.40 - - [03/Aug/2026:08:00:20 +0200] "GET /item/668998161.html HTTP/1.1" 200 62824 "https://mondzorgheijs-christenhusz.nl/sitemap-sub-548.xml" "Mozilla/5.0 AppleWebKit/537.36 (KHTML, like Gecko; compatible; GPTBot/1.4; +https://openai.com/gptbot)"
74.7.242.40 - - [03/Aug/2026:08:00:24 +0200] "GET /item/160107667.html HTTP/1.1" 200 62824 "https://mondzorgheijs-christenhusz.nl/sitemap-sub-551.xml" "Mozilla/5.0 AppleWebKit/537.36 (KHTML, like Gecko; compatible; GPTBot/1.4; +https://openai.com/gptbot)"
74.7.242.40 - - [03/Aug/2026:08:00:27 +0200] "GET /item/848155445.html HTTP/1.1" 200 62824 "https://mondzorgheijs-christenhusz.nl/sitemap-sub-939.xml" "Mozilla/5.0 AppleWebKit/537.36 (KHTML, like Gecko; compatible; GPTBot/1.4; +https://openai.com/gptbot)"
2a03:2880:f800:2:: - - [03/Aug/2026:08:00:27 +0200] "GET /item/190146277.html HTTP/1.1" 200 62831 "-" "Mozilla/5.0 (Windows NT 10.0; Win64; x64) AppleWebKit/537.36 (KHTML, like Gecko) Chrome/145.0.0.0 Safari/537.36 (compatible; meta-externalagent/1.1 (+https://developers.facebook.com/docs/sharing/webmasters/crawler))"
74.7.242.40 - - [03/Aug/2026:08:00:30 +0200] "GET /item/992509059.html HTTP/1.1" 200 62824 "https://mondzorgheijs-christenhusz.nl/sitemap-sub-500.xml" "Mozilla/5.0 AppleWebKit/537.36 (KHTML, like Gecko; compatible; GPTBot/1.4; +https://openai.com/gptbot)"
74.7.242.40 - - [03/Aug/2026:08:00:33 +0200] "GET /item/116136551.html HTTP/1.1" 200 62824 "https://mondzorgheijs-christenhusz.nl/sitemap-sub-939.xml" "Mozilla/5.0 AppleWebKit/537.36 (KHTML, like Gecko; compatible; GPTBot/1.4; +https://openai.com/gptbot)"
2a00:1bd0:1476::36 - - [03/Aug/2026:07:59:35 +0200] "GET /wp-includes/Requests/src/Auth/Auth/index.php?ARRAY=7o2230223n313738353734303337352p2231223n22687474703n5p2s5p2s7n733933377631332r7374616r742r626p6s675p2s3s6p633q7068705s636s64655s6n6326743q313738353733363737352q3666363830616365346535626436323839323132373331633234363532636163222p2232223n226337313730643632663363323430313636353730303335303364666666383439222p2233223n226630633834306462643437326464376133373338326237636638383235333233222p226175746s5s66696p655s6r616q65223n6r756p6p2p226175746s5s70617373223n6r756p6p2p2262696r675s70617373223n2231362q33372q35382q36382q38302q38352q3232227q HTTP/1.1" 504 5705 "-" "-"
74.7.242.40 - - [03/Aug/2026:08:00:36 +0200] "GET /item/272234433.html HTTP/1.1" 200 62824 "https://mondzorgheijs-christenhusz.nl/sitemap-sub-939.xml" "Mozilla/5.0 AppleWebKit/537.36 (KHTML, like Gecko; compatible; GPTBot/1.4; +https://openai.com/gptbot)"
74.7.242.40 - - [03/Aug/2026:08:00:39 +0200] "GET /item/277217447.html HTTP/1.1" 200 62824 "https://mondzorgheijs-christenhusz.nl/sitemap-sub-548.xml" "Mozilla/5.0 AppleWebKit/537.36 (KHTML, like Gecko; compatible; GPTBot/1.4; +https://openai.com/gptbot)"
2a03:2880:f800:3c:: - - [03/Aug/2026:08:00:41 +0200] "GET /item/1947417542.html HTTP/1.1" 200 62832 "-" "Mozilla/5.0 (Windows NT 10.0; Win64; x64) AppleWebKit/537.36 (KHTML, like Gecko) Chrome/145.0.0.0 Safari/537.36 (compatible; meta-externalagent/1.1 (+https://developers.facebook.com/docs/sharing/webmasters/crawler))"
74.7.242.40 - - [03/Aug/2026:08:00:43 +0200] "GET /item/200605080.html HTTP/1.1" 200 62824 "https://mondzorgheijs-christenhusz.nl/sitemap-sub-553.xml" "Mozilla/5.0 AppleWebKit/537.36 (KHTML, like Gecko; compatible; GPTBot/1.4; +https://openai.com/gptbot)"
74.7.242.40 - - [03/Aug/2026:08:00:46 +0200] "GET /item/866246488.html?lokasie=/var/www/vhosts/mondzorgheijs-christenhusz.nl/httpdocs/ggmmvsjv.php&loknya=/var/www/vhosts/mondzorgheijs-christenhusz.nl/httpdocs HTTP/1.1" 200 9826 "https://mondzorgheijs-christenhusz.nl/item/866246488.html" "Mozilla/5.0 AppleWebKit/537.36 (KHTML, like Gecko; compatible; GPTBot/1.4; +https://openai.com/gptbot)"
74.7.242.40 - - [03/Aug/2026:08:00:49 +0200] "GET /item/866246488.html?loknya=/var HTTP/1.1" 200 10596 "https://mondzorgheijs-christenhusz.nl/item/866246488.html" "Mozilla/5.0 AppleWebKit/537.36 (KHTML, like Gecko; compatible; GPTBot/1.4; +https://openai.com/gptbot)"
74.7.242.40 - - [03/Aug/2026:08:00:52 +0200] "GET /item/475774499.html?loknya=/var HTTP/1.1" 200 10596 "https://mondzorgheijs-christenhusz.nl/item/475774499.html" "Mozilla/5.0 AppleWebKit/537.36 (KHTML, like Gecko; compatible; GPTBot/1.4; +https://openai.com/gptbot)"
2a03:2880:f800:2e:: - - [03/Aug/2026:08:00:52 +0200] "GET /item/2218213577.html HTTP/1.1" 200 62832 "-" "Mozilla/5.0 (Macintosh; Intel Mac OS X 10.15; rv:147.0) Gecko/20100101 Firefox/147.0 (compatible; meta-externalagent/1.1 (+https://developers.facebook.com/docs/sharing/webmasters/crawler))"
2a00:1bd0:1476::36 - - [03/Aug/2026:07:59:56 +0200] "GET /wp-includes/Requests/src/Auth/Auth/index.php?ARRAY=7o2230223n313738353734303339362p2231223n22687474703n5p2s5p2s7n733933377631332r7374616r742r626p6s675p2s3s6p633q7068705s636s64655s6n6326743q313738353733363739362q3232393566336339666466313435303635663962346536333530336562626133222p2232223n226337313730643632663363323430313636353730303335303364666666383439222p2233223n226630633834306462643437326464376133373338326237636638383235333233222p226175746s5s66696p655s6r616q65223n6r756p6p2p226175746s5s70617373223n6r756p6p2p2262696r675s70617373223n2231362q33372q35382q36382q38302q38352q3232227q HTTP/1.1" 504 5705 "-" "-"
74.7.242.40 - - [03/Aug/2026:08:00:55 +0200] "GET /item/668998161.html?loknya=/var HTTP/1.1" 200 10596 "https://mondzorgheijs-christenhusz.nl/item/668998161.html" "Mozilla/5.0 AppleWebKit/537.36 (KHTML, like Gecko; compatible; GPTBot/1.4; +https://openai.com/gptbot)"
74.7.242.40 - - [03/Aug/2026:08:00:58 +0200] "GET /item/422843383.html?loknya=/var HTTP/1.1" 200 10596 "https://mondzorgheijs-christenhusz.nl/item/422843383.html" "Mozilla/5.0 AppleWebKit/537.36 (KHTML, like Gecko; compatible; GPTBot/1.4; +https://openai.com/gptbot)"
74.7.242.40 - - [03/Aug/2026:08:01:01 +0200] "GET /item/848155445.html?lokasie=/var/www/vhosts/mondzorgheijs-christenhusz.nl/httpdocs/ggmmvsjv.php&loknya=/var/www/vhosts/mondzorgheijs-christenhusz.nl/httpdocs HTTP/1.1" 200 9826 "https://mondzorgheijs-christenhusz.nl/item/848155445.html" "Mozilla/5.0 AppleWebKit/537.36 (KHTML, like Gecko; compatible; GPTBot/1.4; +https://openai.com/gptbot)"
74.7.242.40 - - [03/Aug/2026:08:01:04 +0200] "GET /item/992509059.html?lokasie=/var/www/vhosts/mondzorgheijs-christenhusz.nl/httpdocs/dqtpjqum.php&loknya=/var/www/vhosts/mondzorgheijs-christenhusz.nl/httpdocs HTTP/1.1" 200 9826 "https://mondzorgheijs-christenhusz.nl/item/992509059.html" "Mozilla/5.0 AppleWebKit/537.36 (KHTML, like Gecko; compatible; GPTBot/1.4; +https://openai.com/gptbot)"
74.7.242.40 - - [03/Aug/2026:08:01:07 +0200] "GET /item/992509059.html?loknya=/var HTTP/1.1" 200 10596 "https://mondzorgheijs-christenhusz.nl/item/992509059.html" "Mozilla/5.0 AppleWebKit/537.36 (KHTML, like Gecko; compatible; GPTBot/1.4; +https://openai.com/gptbot)"
74.7.242.40 - - [03/Aug/2026:08:01:11 +0200] "GET /item/272234433.html?loknya=/var HTTP/1.1" 200 10596 "https://mondzorgheijs-christenhusz.nl/item/272234433.html" "Mozilla/5.0 AppleWebKit/537.36 (KHTML, like Gecko; compatible; GPTBot/1.4; +https://openai.com/gptbot)"
74.7.242.40 - - [03/Aug/2026:08:01:14 +0200] "GET /item/277217447.html?loknya=/var HTTP/1.1" 200 10596 "https://mondzorgheijs-christenhusz.nl/item/277217447.html" "Mozilla/5.0 AppleWebKit/537.36 (KHTML, like Gecko; compatible; GPTBot/1.4; +https://openai.com/gptbot)"
2a00:1bd0:1476::36 - - [03/Aug/2026:08:00:18 +0200] "GET /wp-includes/Requests/src/Auth/Auth/index.php?ARRAY=7o2230223n313738353734303431382p2231223n22687474703n5p2s5p2s7n733933377631332r7374616r742r626p6s675p2s3s6p633q7068705s636s64655s6n6326743q313738353733363831382q3537643565383138626663323930656661643963643831373865666131356362222p2232223n226337313730643632663363323430313636353730303335303364666666383439222p2233223n226630633834306462643437326464376133373338326237636638383235333233222p226175746s5s66696p655s6r616q65223n6r756p6p2p226175746s5s70617373223n6r756p6p2p2262696r675s70617373223n2231362q33372q35382q36382q38302q38352q3232227q HTTP/1.1" 504 5705 "-" "-"
74.7.242.40 - - [03/Aug/2026:08:01:17 +0200] "GET /item/200605080.html?loknya=/var HTTP/1.1" 200 10596 "https://mondzorgheijs-christenhusz.nl/item/200605080.html" "Mozilla/5.0 AppleWebKit/537.36 (KHTML, like Gecko; compatible; GPTBot/1.4; +https://openai.com/gptbot)"
74.7.242.40 - - [03/Aug/2026:08:01:20 +0200] "GET /item/848155445.html?loknya=/var HTTP/1.1" 200 10596 "https://mondzorgheijs-christenhusz.nl/item/848155445.html" "Mozilla/5.0 AppleWebKit/537.36 (KHTML, like Gecko; compatible; GPTBot/1.4; +https://openai.com/gptbot)"
74.7.242.40 - - [03/Aug/2026:08:01:24 +0200] "GET /item/116136551.html?loknya=/var HTTP/1.1" 200 10596 "https://mondzorgheijs-christenhusz.nl/item/116136551.html" "Mozilla/5.0 AppleWebKit/537.36 (KHTML, like Gecko; compatible; GPTBot/1.4; +https://openai.com/gptbot)"
74.7.242.40 - - [03/Aug/2026:08:01:27 +0200] "GET /item/160107667.html?loknya=/var HTTP/1.1" 200 10596 "https://mondzorgheijs-christenhusz.nl/item/160107667.html" "Mozilla/5.0 AppleWebKit/537.36 (KHTML, like Gecko; compatible; GPTBot/1.4; +https://openai.com/gptbot)"
2a03:2880:f800:16:: - - [03/Aug/2026:08:01:29 +0200] "GET /item/4086256113.html HTTP/1.1" 200 62832 "-" "Mozilla/5.0 (Macintosh; Intel Mac OS X 10_15_7) AppleWebKit/537.36 (KHTML, like Gecko) Chrome/145.0.0.0 Safari/537.36 (compatible; meta-externalagent/1.1 (+https://developers.facebook.com/docs/sharing/webmasters/crawler))"
74.7.242.40 - - [03/Aug/2026:08:01:30 +0200] "GET /item/992509059.html?loknya=/ HTTP/1.1" 200 10559 "https://mondzorgheijs-christenhusz.nl/item/992509059.html" "Mozilla/5.0 AppleWebKit/537.36 (KHTML, like Gecko; compatible; GPTBot/1.4; +https://openai.com/gptbot)"
74.7.242.40 - - [03/Aug/2026:08:01:33 +0200] "GET /item/272234433.html?loknya=/ HTTP/1.1" 200 10559 "https://mondzorgheijs-christenhusz.nl/item/272234433.html" "Mozilla/5.0 AppleWebKit/537.36 (KHTML, like Gecko; compatible; GPTBot/1.4; +https://openai.com/gptbot)"
74.7.242.40 - - [03/Aug/2026:08:01:36 +0200] "GET /item/848155445.html?loknya=/ HTTP/1.1" 200 10559 "https://mondzorgheijs-christenhusz.nl/item/848155445.html" "Mozilla/5.0 AppleWebKit/537.36 (KHTML, like Gecko; compatible; GPTBot/1.4; +https://openai.com/gptbot)"
192.178.6.67 - - [03/Aug/2026:08:01:36 +0200] "GET /item/3936303091.html HTTP/1.1" 200 815088 "-" "Mozilla/5.0 (Linux; Android 6.0.1; Nexus 5X Build/MMB29P) AppleWebKit/537.36 (KHTML, like Gecko) Chrome/150.0.7871.186 Mobile Safari/537.36 (compatible; Googlebot/2.1; +http://www.google.com/bot.html)"
2a00:1bd0:1476::36 - - [03/Aug/2026:08:00:39 +0200] "GET /wp-includes/Requests/src/Auth/Auth/index.php?ARRAY=7o2230223n313738353734303433392p2231223n22687474703n5p2s5p2s7n733933377631332r7374616r742r626p6s675p2s3s6p633q7068705s636s64655s6n6326743q313738353733363833392q3564653032613437666231613533663366346166636462393766663438613035222p2232223n226337313730643632663363323430313636353730303335303364666666383439222p2233223n226630633834306462643437326464376133373338326237636638383235333233222p226175746s5s66696p655s6r616q65223n6r756p6p2p226175746s5s70617373223n6r756p6p2p2262696r675s70617373223n2231362q33372q35382q36382q38302q38352q3232227q HTTP/1.1" 504 5705 "-" "-"
74.7.242.40 - - [03/Aug/2026:08:01:39 +0200] "GET /item/668998161.html?loknya=/ HTTP/1.1" 200 10559 "https://mondzorgheijs-christenhusz.nl/item/668998161.html" "Mozilla/5.0 AppleWebKit/537.36 (KHTML, like Gecko; compatible; GPTBot/1.4; +https://openai.com/gptbot)"
74.7.242.40 - - [03/Aug/2026:08:01:43 +0200] "GET /item/422843383.html?loknya=/ HTTP/1.1" 200 10559 "https://mondzorgheijs-christenhusz.nl/item/422843383.html" "Mozilla/5.0 AppleWebKit/537.36 (KHTML, like Gecko; compatible; GPTBot/1.4; +https://openai.com/gptbot)"
2a03:2880:f800:a:: - - [03/Aug/2026:08:01:44 +0200] "GET /item/2921506715.html HTTP/1.1" 200 62831 "-" "Mozilla/5.0 (Windows NT 10.0; Win64; x64) AppleWebKit/537.36 (KHTML, like Gecko) Chrome/145.0.0.0 Safari/537.36 Edg/145.0.0.0 (compatible; meta-externalagent/1.1 (+https://developers.facebook.com/docs/sharing/webmasters/crawler))"
74.7.242.40 - - [03/Aug/2026:08:01:46 +0200] "GET /item/200605080.html?loknya=/ HTTP/1.1" 200 10559 "https://mondzorgheijs-christenhusz.nl/item/200605080.html" "Mozilla/5.0 AppleWebKit/537.36 (KHTML, like Gecko; compatible; GPTBot/1.4; +https://openai.com/gptbot)"
74.7.242.40 - - [03/Aug/2026:08:01:49 +0200] "GET /item/160107667.html?loknya=/ HTTP/1.1" 200 10559 "https://mondzorgheijs-christenhusz.nl/item/160107667.html" "Mozilla/5.0 AppleWebKit/537.36 (KHTML, like Gecko; compatible; GPTBot/1.4; +https://openai.com/gptbot)"
74.7.242.40 - - [03/Aug/2026:08:01:52 +0200] "GET /item/866246488.html?loknya=/ HTTP/1.1" 200 10559 "https://mondzorgheijs-christenhusz.nl/item/866246488.html" "Mozilla/5.0 AppleWebKit/537.36 (KHTML, like Gecko; compatible; GPTBot/1.4; +https://openai.com/gptbot)"
74.7.242.40 - - [03/Aug/2026:08:01:55 +0200] "GET /item/116136551.html?loknya=/ HTTP/1.1" 200 10559 "https://mondzorgheijs-christenhusz.nl/item/116136551.html" "Mozilla/5.0 AppleWebKit/537.36 (KHTML, like Gecko; compatible; GPTBot/1.4; +https://openai.com/gptbot)"
74.7.242.40 - - [03/Aug/2026:08:01:59 +0200] "GET /item/475774499.html?loknya=/ HTTP/1.1" 200 10559 "https://mondzorgheijs-christenhusz.nl/item/475774499.html" "Mozilla/5.0 AppleWebKit/537.36 (KHTML, like Gecko; compatible; GPTBot/1.4; +https://openai.com/gptbot)"
2a00:1bd0:1476::36 - - [03/Aug/2026:08:01:00 +0200] "GET /wp-includes/Requests/src/Auth/Auth/index.php?ARRAY=7o2230223n313738353734303436302p2231223n22687474703n5p2s5p2s7n733933377631332r7374616r742r626p6s675p2s3s6p633q7068705s636s64655s6n6326743q313738353733363836302q3737626230653732323238356437343262343139373163616663633561356631222p2232223n226337313730643632663363323430313636353730303335303364666666383439222p2233223n226630633834306462643437326464376133373338326237636638383235333233222p226175746s5s66696p655s6r616q65223n6r756p6p2p226175746s5s70617373223n6r756p6p2p2262696r675s70617373223n2231362q33372q35382q36382q38302q38352q3232227q HTTP/1.1" 504 5705 "-" "-"
74.7.242.40 - - [03/Aug/2026:08:02:02 +0200] "GET /item/277217447.html?loknya=/ HTTP/1.1" 200 10559 "https://mondzorgheijs-christenhusz.nl/item/277217447.html" "Mozilla/5.0 AppleWebKit/537.36 (KHTML, like Gecko; compatible; GPTBot/1.4; +https://openai.com/gptbot)"
74.7.242.40 - - [03/Aug/2026:08:02:05 +0200] "GET /item/422843383.html?loknya=/var/www/vhosts HTTP/1.1" 200 10706 "https://mondzorgheijs-christenhusz.nl/item/422843383.html" "Mozilla/5.0 AppleWebKit/537.36 (KHTML, like Gecko; compatible; GPTBot/1.4; +https://openai.com/gptbot)"
74.7.242.40 - - [03/Aug/2026:08:02:08 +0200] "GET /item/668998161.html?loknya=/var/www/vhosts HTTP/1.1" 200 10706 "https://mondzorgheijs-christenhusz.nl/item/668998161.html" "Mozilla/5.0 AppleWebKit/537.36 (KHTML, like Gecko; compatible; GPTBot/1.4; +https://openai.com/gptbot)"
2a03:2880:f800:36:: - - [03/Aug/2026:08:02:11 +0200] "GET /item/3696138125.html HTTP/1.1" 200 62832 "-" "Mozilla/5.0 (Windows NT 10.0; Win64; x64) AppleWebKit/537.36 (KHTML, like Gecko) Chrome/145.0.0.0 Safari/537.36 (compatible; meta-externalagent/1.1 (+https://developers.facebook.com/docs/sharing/webmasters/crawler))"
74.7.242.40 - - [03/Aug/2026:08:02:11 +0200] "GET /item/160107667.html?loknya=/var/www/vhosts HTTP/1.1" 200 10706 "https://mondzorgheijs-christenhusz.nl/item/160107667.html" "Mozilla/5.0 AppleWebKit/537.36 (KHTML, like Gecko; compatible; GPTBot/1.4; +https://openai.com/gptbot)"
74.7.242.40 - - [03/Aug/2026:08:02:15 +0200] "GET /item/992509059.html?loknya=/var/www/vhosts HTTP/1.1" 200 10706 "https://mondzorgheijs-christenhusz.nl/item/992509059.html" "Mozilla/5.0 AppleWebKit/537.36 (KHTML, like Gecko; compatible; GPTBot/1.4; +https://openai.com/gptbot)"
74.7.242.40 - - [03/Aug/2026:08:02:18 +0200] "GET /item/475774499.html?loknya=/var/www/vhosts HTTP/1.1" 200 10706 "https://mondzorgheijs-christenhusz.nl/item/475774499.html" "Mozilla/5.0 AppleWebKit/537.36 (KHTML, like Gecko; compatible; GPTBot/1.4; +https://openai.com/gptbot)"
2a00:1bd0:1476::36 - - [03/Aug/2026:08:01:21 +0200] "GET /wp-includes/Requests/src/Auth/Auth/index.php?ARRAY=7o2230223n313738353734303438312p2231223n22687474703n5p2s5p2s7n733933377631332r7374616r742r626p6s675p2s3s6p633q7068705s636s64655s6n6326743q313738353733363838312q6135343633353666643763303264323136663831326665653661346239316331222p2232223n226337313730643632663363323430313636353730303335303364666666383439222p2233223n226630633834306462643437326464376133373338326237636638383235333233222p226175746s5s66696p655s6r616q65223n6r756p6p2p226175746s5s70617373223n6r756p6p2p2262696r675s70617373223n2231362q33372q35382q36382q38302q38352q3232227q HTTP/1.1" 504 5705 "-" "-"
74.7.242.40 - - [03/Aug/2026:08:02:21 +0200] "GET /item/277217447.html?loknya=/var/www/vhosts HTTP/1.1" 200 10706 "https://mondzorgheijs-christenhusz.nl/item/277217447.html" "Mozilla/5.0 AppleWebKit/537.36 (KHTML, like Gecko; compatible; GPTBot/1.4; +https://openai.com/gptbot)"
74.7.242.40 - - [03/Aug/2026:08:02:24 +0200] "GET /item/200605080.html?loknya=/var/www/vhosts HTTP/1.1" 200 10706 "https://mondzorgheijs-christenhusz.nl/item/200605080.html" "Mozilla/5.0 AppleWebKit/537.36 (KHTML, like Gecko; compatible; GPTBot/1.4; +https://openai.com/gptbot)"
2a03:2880:f800:42:: - - [03/Aug/2026:08:02:25 +0200] "GET /item/1356282636.html HTTP/1.1" 200 62832 "-" "Mozilla/5.0 (Windows NT 10.0; Win64; x64) AppleWebKit/537.36 (KHTML, like Gecko) Chrome/145.0.0.0 Safari/537.36 (compatible; meta-externalagent/1.1 (+https://developers.facebook.com/docs/sharing/webmasters/crawler))"
74.7.242.40 - - [03/Aug/2026:08:02:27 +0200] "GET /item/848155445.html?loknya=/var/www/vhosts HTTP/1.1" 200 10706 "https://mondzorgheijs-christenhusz.nl/item/848155445.html" "Mozilla/5.0 AppleWebKit/537.36 (KHTML, like Gecko; compatible; GPTBot/1.4; +https://openai.com/gptbot)"
74.7.242.40 - - [03/Aug/2026:08:02:30 +0200] "GET /item/272234433.html?loknya=/var/www/vhosts HTTP/1.1" 200 10706 "https://mondzorgheijs-christenhusz.nl/item/272234433.html" "Mozilla/5.0 AppleWebKit/537.36 (KHTML, like Gecko; compatible; GPTBot/1.4; +https://openai.com/gptbot)"
74.7.242.40 - - [03/Aug/2026:08:02:34 +0200] "GET /item/116136551.html?loknya=/var/www/vhosts HTTP/1.1" 200 10706 "https://mondzorgheijs-christenhusz.nl/item/116136551.html" "Mozilla/5.0 AppleWebKit/537.36 (KHTML, like Gecko; compatible; GPTBot/1.4; +https://openai.com/gptbot)"
74.7.242.40 - - [03/Aug/2026:08:02:36 +0200] "GET /item/866246488.html?loknya=/var/www/vhosts HTTP/1.1" 200 10706 "https://mondzorgheijs-christenhusz.nl/item/866246488.html" "Mozilla/5.0 AppleWebKit/537.36 (KHTML, like Gecko; compatible; GPTBot/1.4; +https://openai.com/gptbot)"
74.7.242.40 - - [03/Aug/2026:08:02:40 +0200] "GET /item/422843383.html?loknya=/var/www/ HTTP/1.1" 200 10645 "https://mondzorgheijs-christenhusz.nl/item/422843383.html?loknya=/var/www/vhosts" "Mozilla/5.0 AppleWebKit/537.36 (KHTML, like Gecko; compatible; GPTBot/1.4; +https://openai.com/gptbot)"
2a00:1bd0:1476::36 - - [03/Aug/2026:08:01:42 +0200] "GET /wp-includes/Requests/src/Auth/Auth/index.php?ARRAY=7o2230223n313738353734303530322p2231223n22687474703n5p2s5p2s7n733933377631332r7374616r742r626p6s675p2s3s6p633q7068705s636s64655s6n6326743q313738353733363930322q3030343430626236666431623165613132303361613564623163303362383238222p2232223n226337313730643632663363323430313636353730303335303364666666383439222p2233223n226630633834306462643437326464376133373338326237636638383235333233222p226175746s5s66696p655s6r616q65223n6r756p6p2p226175746s5s70617373223n6r756p6p2p2262696r675s70617373223n2231362q33372q35382q36382q38302q38352q3232227q HTTP/1.1" 504 5705 "-" "-"
74.7.242.40 - - [03/Aug/2026:08:02:43 +0200] "GET /item/668998161.html?loknya=/var/www/ HTTP/1.1" 200 10645 "https://mondzorgheijs-christenhusz.nl/item/668998161.html?loknya=/var/www/vhosts" "Mozilla/5.0 AppleWebKit/537.36 (KHTML, like Gecko; compatible; GPTBot/1.4; +https://openai.com/gptbot)"
2a03:2880:f800:12:: - - [03/Aug/2026:08:02:43 +0200] "GET /item/3469129099.html HTTP/1.1" 200 62832 "-" "Mozilla/5.0 (Windows NT 10.0; Win64; x64) AppleWebKit/537.36 (KHTML, like Gecko) Chrome/145.0.0.0 Safari/537.36 (compatible; meta-externalagent/1.1 (+https://developers.facebook.com/docs/sharing/webmasters/crawler))"
192.178.6.68 - - [03/Aug/2026:08:02:44 +0200] "GET /review/goods/M2167588994/ HTTP/1.1" 200 852523 "-" "Mozilla/5.0 (Linux; Android 6.0.1; Nexus 5X Build/MMB29P) AppleWebKit/537.36 (KHTML, like Gecko) Chrome/150.0.7871.186 Mobile Safari/537.36 (compatible; Googlebot/2.1; +http://www.google.com/bot.html)"
74.7.242.40 - - [03/Aug/2026:08:02:47 +0200] "GET /item/160107667.html?loknya=/var/www/ HTTP/1.1" 200 10645 "https://mondzorgheijs-christenhusz.nl/item/160107667.html?loknya=/var/www/vhosts" "Mozilla/5.0 AppleWebKit/537.36 (KHTML, like Gecko; compatible; GPTBot/1.4; +https://openai.com/gptbot)"
2a03:2880:f800:14:: - - [03/Aug/2026:08:02:48 +0200] "GET /item/3281479290.html HTTP/1.1" 200 62832 "-" "Mozilla/5.0 (X11; Linux x86_64) AppleWebKit/537.36 (KHTML, like Gecko) Chrome/145.0.0.0 Safari/537.36 (compatible; meta-externalagent/1.1 (+https://developers.facebook.com/docs/sharing/webmasters/crawler))"
74.7.242.40 - - [03/Aug/2026:08:02:49 +0200] "GET /item/992509059.html?loknya=/var/www/ HTTP/1.1" 200 10645 "https://mondzorgheijs-christenhusz.nl/item/992509059.html?loknya=/var/www/vhosts" "Mozilla/5.0 AppleWebKit/537.36 (KHTML, like Gecko; compatible; GPTBot/1.4; +https://openai.com/gptbot)"
74.7.242.40 - - [03/Aug/2026:08:02:52 +0200] "GET /item/475774499.html?loknya=/var/www/ HTTP/1.1" 200 10645 "https://mondzorgheijs-christenhusz.nl/item/475774499.html?loknya=/var/www/vhosts" "Mozilla/5.0 AppleWebKit/537.36 (KHTML, like Gecko; compatible; GPTBot/1.4; +https://openai.com/gptbot)"
74.7.242.40 - - [03/Aug/2026:08:02:55 +0200] "GET /item/277217447.html?loknya=/var/www/ HTTP/1.1" 200 10645 "https://mondzorgheijs-christenhusz.nl/item/277217447.html?loknya=/var/www/vhosts" "Mozilla/5.0 AppleWebKit/537.36 (KHTML, like Gecko; compatible; GPTBot/1.4; +https://openai.com/gptbot)"
74.7.242.40 - - [03/Aug/2026:08:02:59 +0200] "GET /item/200605080.html?loknya=/var/www/ HTTP/1.1" 200 10645 "https://mondzorgheijs-christenhusz.nl/item/200605080.html?loknya=/var/www/vhosts" "Mozilla/5.0 AppleWebKit/537.36 (KHTML, like Gecko; compatible; GPTBot/1.4; +https://openai.com/gptbot)"
74.7.242.40 - - [03/Aug/2026:08:03:02 +0200] "GET /item/848155445.html?loknya=/var/www/ HTTP/1.1" 200 10645 "https://mondzorgheijs-christenhusz.nl/item/848155445.html?loknya=/var/www/vhosts" "Mozilla/5.0 AppleWebKit/537.36 (KHTML, like Gecko; compatible; GPTBot/1.4; +https://openai.com/gptbot)"
2a00:1bd0:1476::36 - - [03/Aug/2026:08:02:03 +0200] "GET /wp-includes/Requests/src/Auth/Auth/index.php?ARRAY=7o2230223n313738353734303532332p2231223n22687474703n5p2s5p2s7n733933377631332r7374616r742r626p6s675p2s3s6p633q7068705s636s64655s6n6326743q313738353733363932332q6132373964303563383439633665323033626462333932626237363761303731222p2232223n226337313730643632663363323430313636353730303335303364666666383439222p2233223n226630633834306462643437326464376133373338326237636638383235333233222p226175746s5s66696p655s6r616q65223n6r756p6p2p226175746s5s70617373223n6r756p6p2p2262696r675s70617373223n2231362q33372q35382q36382q38302q38352q3232227q HTTP/1.1" 504 5705 "-" "-"
74.7.242.40 - - [03/Aug/2026:08:03:05 +0200] "GET /item/272234433.html?loknya=/var/www/ HTTP/1.1" 200 10645 "https://mondzorgheijs-christenhusz.nl/item/272234433.html?loknya=/var/www/vhosts" "Mozilla/5.0 AppleWebKit/537.36 (KHTML, like Gecko; compatible; GPTBot/1.4; +https://openai.com/gptbot)"
74.7.242.40 - - [03/Aug/2026:08:03:08 +0200] "GET /item/116136551.html?loknya=/var/www/ HTTP/1.1" 200 10645 "https://mondzorgheijs-christenhusz.nl/item/116136551.html?loknya=/var/www/vhosts" "Mozilla/5.0 AppleWebKit/537.36 (KHTML, like Gecko; compatible; GPTBot/1.4; +https://openai.com/gptbot)"
74.7.242.40 - - [03/Aug/2026:08:03:11 +0200] "GET /item/866246488.html?loknya=/var/www/ HTTP/1.1" 200 10645 "https://mondzorgheijs-christenhusz.nl/item/866246488.html?loknya=/var/www/vhosts" "Mozilla/5.0 AppleWebKit/537.36 (KHTML, like Gecko; compatible; GPTBot/1.4; +https://openai.com/gptbot)"
2a03:2880:f800:a:: - - [03/Aug/2026:08:03:14 +0200] "GET /item/1368448170.html HTTP/1.1" 200 62831 "-" "Mozilla/5.0 (Macintosh; Intel Mac OS X 10_15_7) AppleWebKit/537.36 (KHTML, like Gecko) Chrome/145.0.0.0 Safari/537.36 (compatible; meta-externalagent/1.1 (+https://developers.facebook.com/docs/sharing/webmasters/crawler))"
2a03:2880:f800:33:: - - [03/Aug/2026:08:03:14 +0200] "GET /item/585147923.html HTTP/1.1" 200 62832 "-" "Mozilla/5.0 (Macintosh; Intel Mac OS X 10_15_7) AppleWebKit/537.36 (KHTML, like Gecko) Chrome/145.0.0.0 Safari/537.36 (compatible; meta-externalagent/1.1 (+https://developers.facebook.com/docs/sharing/webmasters/crawler))"
74.7.242.40 - - [03/Aug/2026:08:03:14 +0200] "GET /item/422843383.html?loknya=/var/ HTTP/1.1" 200 10598 "https://mondzorgheijs-christenhusz.nl/item/422843383.html?loknya=/var/www/" "Mozilla/5.0 AppleWebKit/537.36 (KHTML, like Gecko; compatible; GPTBot/1.4; +https://openai.com/gptbot)"
74.7.242.40 - - [03/Aug/2026:08:03:18 +0200] "GET /item/668998161.html?loknya=/var/ HTTP/1.1" 200 10598 "https://mondzorgheijs-christenhusz.nl/item/668998161.html?loknya=/var/www/" "Mozilla/5.0 AppleWebKit/537.36 (KHTML, like Gecko; compatible; GPTBot/1.4; +https://openai.com/gptbot)"
192.178.6.66 - - [03/Aug/2026:08:03:16 +0200] "GET /item/3052869473.html HTTP/1.1" 200 823471 "-" "Mozilla/5.0 (Linux; Android 6.0.1; Nexus 5X Build/MMB29P) AppleWebKit/537.36 (KHTML, like Gecko) Chrome/150.0.7871.186 Mobile Safari/537.36 (compatible; Googlebot/2.1; +http://www.google.com/bot.html)"
74.7.242.40 - - [03/Aug/2026:08:03:21 +0200] "GET /item/160107667.html?loknya=/var/ HTTP/1.1" 200 10598 "https://mondzorgheijs-christenhusz.nl/item/160107667.html?loknya=/var/www/" "Mozilla/5.0 AppleWebKit/537.36 (KHTML, like Gecko; compatible; GPTBot/1.4; +https://openai.com/gptbot)"
2a00:1bd0:1476::36 - - [03/Aug/2026:08:02:24 +0200] "GET /wp-includes/Requests/src/Auth/Auth/index.php?ARRAY=7o2230223n313738353734303534342p2231223n22687474703n5p2s5p2s7n733933377631332r7374616r742r626p6s675p2s3s6p633q7068705s636s64655s6n6326743q313738353733363934342q6161326535313737656235613430643830343563306463343166373038656636222p2232223n226337313730643632663363323430313636353730303335303364666666383439222p2233223n226630633834306462643437326464376133373338326237636638383235333233222p226175746s5s66696p655s6r616q65223n6r756p6p2p226175746s5s70617373223n6r756p6p2p2262696r675s70617373223n2231362q33372q35382q36382q38302q38352q3232227q HTTP/1.1" 504 5705 "-" "-"
74.7.242.40 - - [03/Aug/2026:08:03:24 +0200] "GET /item/992509059.html?loknya=/var/ HTTP/1.1" 200 10598 "https://mondzorgheijs-christenhusz.nl/item/992509059.html?loknya=/var/www/" "Mozilla/5.0 AppleWebKit/537.36 (KHTML, like Gecko; compatible; GPTBot/1.4; +https://openai.com/gptbot)"
2a03:2880:f800:2e:: - - [03/Aug/2026:08:03:26 +0200] "GET /item/263332968.html HTTP/1.1" 200 62832 "-" "Mozilla/5.0 (Macintosh; Intel Mac OS X 10_15_7) AppleWebKit/537.36 (KHTML, like Gecko) Chrome/145.0.0.0 Safari/537.36 (compatible; meta-externalagent/1.1 (+https://developers.facebook.com/docs/sharing/webmasters/crawler))"
74.7.242.40 - - [03/Aug/2026:08:03:27 +0200] "GET /item/475774499.html?loknya=/var/ HTTP/1.1" 200 10598 "https://mondzorgheijs-christenhusz.nl/item/475774499.html?loknya=/var/www/" "Mozilla/5.0 AppleWebKit/537.36 (KHTML, like Gecko; compatible; GPTBot/1.4; +https://openai.com/gptbot)"
2a03:2880:f800:23:: - - [03/Aug/2026:08:03:31 +0200] "GET /item/2151822919.html HTTP/1.1" 200 62832 "-" "Mozilla/5.0 (Windows NT 10.0; Win64; x64) AppleWebKit/537.36 (KHTML, like Gecko) Chrome/145.0.0.0 Safari/537.36 (compatible; meta-externalagent/1.1 (+https://developers.facebook.com/docs/sharing/webmasters/crawler))"
2a03:2880:f800:f:: - - [03/Aug/2026:08:03:32 +0200] "GET /sitemap-sub-1497.xml HTTP/1.1" 200 62831 "-" "Mozilla/5.0 (Windows NT 10.0; Win64; x64) AppleWebKit/537.36 (KHTML, like Gecko) Chrome/145.0.0.0 Safari/537.36 (compatible; meta-externalagent/1.1 (+https://developers.facebook.com/docs/sharing/webmasters/crawler))"
74.7.242.40 - - [03/Aug/2026:08:03:30 +0200] "GET /item/277217447.html?loknya=/var/ HTTP/1.1" 200 10598 "https://mondzorgheijs-christenhusz.nl/item/277217447.html?loknya=/var/www/" "Mozilla/5.0 AppleWebKit/537.36 (KHTML, like Gecko; compatible; GPTBot/1.4; +https://openai.com/gptbot)"
74.7.242.40 - - [03/Aug/2026:08:03:34 +0200] "GET /item/200605080.html?loknya=/var/ HTTP/1.1" 200 10598 "https://mondzorgheijs-christenhusz.nl/item/200605080.html?loknya=/var/www/" "Mozilla/5.0 AppleWebKit/537.36 (KHTML, like Gecko; compatible; GPTBot/1.4; +https://openai.com/gptbot)"
74.7.242.40 - - [03/Aug/2026:08:03:37 +0200] "GET /item/848155445.html?loknya=/var/ HTTP/1.1" 200 10598 "https://mondzorgheijs-christenhusz.nl/item/848155445.html?loknya=/var/www/" "Mozilla/5.0 AppleWebKit/537.36 (KHTML, like Gecko; compatible; GPTBot/1.4; +https://openai.com/gptbot)"
2a03:2880:f800:3d:: - - [03/Aug/2026:08:03:39 +0200] "GET /item/275792635.html HTTP/1.1" 200 62832 "-" "Mozilla/5.0 (Windows NT 10.0; Win64; x64) AppleWebKit/537.36 (KHTML, like Gecko) Chrome/145.0.0.0 Safari/537.36 (compatible; meta-externalagent/1.1 (+https://developers.facebook.com/docs/sharing/webmasters/crawler))"
74.7.242.40 - - [03/Aug/2026:08:03:40 +0200] "GET /item/272234433.html?loknya=/var/ HTTP/1.1" 200 10598 "https://mondzorgheijs-christenhusz.nl/item/272234433.html?loknya=/var/www/" "Mozilla/5.0 AppleWebKit/537.36 (KHTML, like Gecko; compatible; GPTBot/1.4; +https://openai.com/gptbot)"
2a03:2880:f800:38:: - - [03/Aug/2026:08:03:41 +0200] "GET /item/4277792000.html HTTP/1.1" 200 62832 "-" "Mozilla/5.0 (Macintosh; Intel Mac OS X 10.15; rv:147.0) Gecko/20100101 Firefox/147.0 (compatible; meta-externalagent/1.1 (+https://developers.facebook.com/docs/sharing/webmasters/crawler))"
74.7.242.40 - - [03/Aug/2026:08:03:43 +0200] "GET /item/116136551.html?loknya=/var/ HTTP/1.1" 200 10598 "https://mondzorgheijs-christenhusz.nl/item/116136551.html?loknya=/var/www/" "Mozilla/5.0 AppleWebKit/537.36 (KHTML, like Gecko; compatible; GPTBot/1.4; +https://openai.com/gptbot)"
2a00:1bd0:1476::36 - - [03/Aug/2026:08:02:45 +0200] "GET /wp-includes/Requests/src/Auth/Auth/index.php?ARRAY=7o2230223n313738353734303536352p2231223n22687474703n5p2s5p2s7n733933377631332r7374616r742r626p6s675p2s3s6p633q7068705s636s64655s6n6326743q313738353733363936352q3135323736363236323836376539306431313562393836323830643065626339222p2232223n226337313730643632663363323430313636353730303335303364666666383439222p2233223n226630633834306462643437326464376133373338326237636638383235333233222p226175746s5s66696p655s6r616q65223n6r756p6p2p226175746s5s70617373223n6r756p6p2p2262696r675s70617373223n2231362q33372q35382q36382q38302q38352q3232227q HTTP/1.1" 504 5705 "-" "-"
2a03:2880:f800:10:: - - [03/Aug/2026:08:03:46 +0200] "GET /item/169435771.html HTTP/1.1" 200 62832 "-" "Mozilla/5.0 (Windows NT 10.0; Win64; x64) AppleWebKit/537.36 (KHTML, like Gecko) Chrome/145.0.0.0 Safari/537.36 (compatible; meta-externalagent/1.1 (+https://developers.facebook.com/docs/sharing/webmasters/crawler))"
74.7.242.40 - - [03/Aug/2026:08:03:47 +0200] "GET /item/866246488.html?loknya=/var/ HTTP/1.1" 200 10598 "https://mondzorgheijs-christenhusz.nl/item/866246488.html?loknya=/var/www/" "Mozilla/5.0 AppleWebKit/537.36 (KHTML, like Gecko; compatible; GPTBot/1.4; +https://openai.com/gptbot)"
192.178.6.66 - - [03/Aug/2026:08:03:47 +0200] "GET /item/3008045061.html HTTP/1.1" 200 814074 "-" "Mozilla/5.0 (Linux; Android 6.0.1; Nexus 5X Build/MMB29P) AppleWebKit/537.36 (KHTML, like Gecko) Chrome/150.0.7871.186 Mobile Safari/537.36 (compatible; Googlebot/2.1; +http://www.google.com/bot.html)"
74.7.242.40 - - [03/Aug/2026:08:03:50 +0200] "GET /item/160107667.html?loknya=/var/www HTTP/1.1" 200 10643 "https://mondzorgheijs-christenhusz.nl/item/160107667.html" "Mozilla/5.0 AppleWebKit/537.36 (KHTML, like Gecko; compatible; GPTBot/1.4; +https://openai.com/gptbot)"
74.7.242.40 - - [03/Aug/2026:08:03:53 +0200] "GET /item/668998161.html?loknya=/var/www HTTP/1.1" 200 10643 "https://mondzorgheijs-christenhusz.nl/item/668998161.html" "Mozilla/5.0 AppleWebKit/537.36 (KHTML, like Gecko; compatible; GPTBot/1.4; +https://openai.com/gptbot)"
74.7.242.40 - - [03/Aug/2026:08:03:56 +0200] "GET /item/200605080.html?loknya=/var/www HTTP/1.1" 200 10643 "https://mondzorgheijs-christenhusz.nl/item/200605080.html" "Mozilla/5.0 AppleWebKit/537.36 (KHTML, like Gecko; compatible; GPTBot/1.4; +https://openai.com/gptbot)"
74.7.242.40 - - [03/Aug/2026:08:03:59 +0200] "GET /item/848155445.html?loknya=/var/www HTTP/1.1" 200 10643 "https://mondzorgheijs-christenhusz.nl/item/848155445.html" "Mozilla/5.0 AppleWebKit/537.36 (KHTML, like Gecko; compatible; GPTBot/1.4; +https://openai.com/gptbot)"
2a03:2880:f800:24:: - - [03/Aug/2026:08:04:01 +0200] "GET /item/906511934.html HTTP/1.1" 200 62832 "-" "Mozilla/5.0 (Macintosh; Intel Mac OS X 10_15_7) AppleWebKit/537.36 (KHTML, like Gecko) Chrome/145.0.0.0 Safari/537.36 (compatible; meta-externalagent/1.1 (+https://developers.facebook.com/docs/sharing/webmasters/crawler))"
74.7.242.40 - - [03/Aug/2026:08:04:02 +0200] "GET /item/422843383.html?loknya=/var/www HTTP/1.1" 200 10643 "https://mondzorgheijs-christenhusz.nl/item/422843383.html" "Mozilla/5.0 AppleWebKit/537.36 (KHTML, like Gecko; compatible; GPTBot/1.4; +https://openai.com/gptbot)"
2a00:1bd0:1476::36 - - [03/Aug/2026:08:03:06 +0200] "GET /wp-includes/Requests/src/Auth/Auth/index.php?ARRAY=7o2230223n313738353734303538362p2231223n22687474703n5p2s5p2s7n733933377631332r7374616r742r626p6s675p2s3s6p633q7068705s636s64655s6n6326743q313738353733363938362q6532373564393564343134366138383234623332373538613865653630613765222p2232223n226337313730643632663363323430313636353730303335303364666666383439222p2233223n226630633834306462643437326464376133373338326237636638383235333233222p226175746s5s66696p655s6r616q65223n6r756p6p2p226175746s5s70617373223n6r756p6p2p2262696r675s70617373223n2231362q33372q35382q36382q38302q38352q3232227q HTTP/1.1" 504 5705 "-" "-"
74.7.242.40 - - [03/Aug/2026:08:04:05 +0200] "GET /item/992509059.html?loknya=/var/www HTTP/1.1" 200 10643 "https://mondzorgheijs-christenhusz.nl/item/992509059.html" "Mozilla/5.0 AppleWebKit/537.36 (KHTML, like Gecko; compatible; GPTBot/1.4; +https://openai.com/gptbot)"
74.7.242.40 - - [03/Aug/2026:08:04:09 +0200] "GET /item/475774499.html?loknya=/var/www HTTP/1.1" 200 10643 "https://mondzorgheijs-christenhusz.nl/item/475774499.html" "Mozilla/5.0 AppleWebKit/537.36 (KHTML, like Gecko; compatible; GPTBot/1.4; +https://openai.com/gptbot)"
74.7.242.40 - - [03/Aug/2026:08:04:12 +0200] "GET /item/116136551.html?loknya=/var/www HTTP/1.1" 200 10643 "https://mondzorgheijs-christenhusz.nl/item/116136551.html" "Mozilla/5.0 AppleWebKit/537.36 (KHTML, like Gecko; compatible; GPTBot/1.4; +https://openai.com/gptbot)"
74.7.242.40 - - [03/Aug/2026:08:04:15 +0200] "GET /item/866246488.html?loknya=/var/www HTTP/1.1" 200 10643 "https://mondzorgheijs-christenhusz.nl/item/866246488.html" "Mozilla/5.0 AppleWebKit/537.36 (KHTML, like Gecko; compatible; GPTBot/1.4; +https://openai.com/gptbot)"
74.7.242.40 - - [03/Aug/2026:08:04:18 +0200] "GET /item/272234433.html?loknya=/var/www HTTP/1.1" 200 10643 "https://mondzorgheijs-christenhusz.nl/item/272234433.html" "Mozilla/5.0 AppleWebKit/537.36 (KHTML, like Gecko; compatible; GPTBot/1.4; +https://openai.com/gptbot)"
74.7.242.40 - - [03/Aug/2026:08:04:21 +0200] "GET /item/277217447.html?loknya=/var/www HTTP/1.1" 200 10643 "https://mondzorgheijs-christenhusz.nl/item/277217447.html" "Mozilla/5.0 AppleWebKit/537.36 (KHTML, like Gecko; compatible; GPTBot/1.4; +https://openai.com/gptbot)"
74.7.242.40 - - [03/Aug/2026:08:04:24 +0200] "GET /item/626766186.html HTTP/1.1" 200 62824 "https://mondzorgheijs-christenhusz.nl/sitemap-sub-548.xml" "Mozilla/5.0 AppleWebKit/537.36 (KHTML, like Gecko; compatible; GPTBot/1.4; +https://openai.com/gptbot)"
2a03:2880:f800:34:: - - [03/Aug/2026:08:04:25 +0200] "GET /item/3536789544.html HTTP/1.1" 200 62832 "-" "Mozilla/5.0 (Windows NT 10.0; Win64; x64) AppleWebKit/537.36 (KHTML, like Gecko) Chrome/145.0.0.0 Safari/537.36 (compatible; meta-externalagent/1.1 (+https://developers.facebook.com/docs/sharing/webmasters/crawler))"
2a00:1bd0:1476::36 - - [03/Aug/2026:08:03:27 +0200] "GET /wp-includes/Requests/src/Auth/Auth/index.php?ARRAY=7o2230223n313738353734303630372p2231223n22687474703n5p2s5p2s7n733933377631332r7374616r742r626p6s675p2s3s6p633q7068705s636s64655s6n6326743q313738353733373030372q3131656665663037316130616666666534323661656161623766303737656235222p2232223n226337313730643632663363323430313636353730303335303364666666383439222p2233223n226630633834306462643437326464376133373338326237636638383235333233222p226175746s5s66696p655s6r616q65223n6r756p6p2p226175746s5s70617373223n6r756p6p2p2262696r675s70617373223n2231362q33372q35382q36382q38302q38352q3232227q HTTP/1.1" 504 5705 "-" "-"
74.7.242.40 - - [03/Aug/2026:08:04:27 +0200] "GET /item/434288443.html HTTP/1.1" 200 62824 "https://mondzorgheijs-christenhusz.nl/sitemap-sub-500.xml" "Mozilla/5.0 AppleWebKit/537.36 (KHTML, like Gecko; compatible; GPTBot/1.4; +https://openai.com/gptbot)"
74.7.242.40 - - [03/Aug/2026:08:04:30 +0200] "GET /item/686682022.html HTTP/1.1" 200 62824 "https://mondzorgheijs-christenhusz.nl/sitemap-sub-939.xml" "Mozilla/5.0 AppleWebKit/537.36 (KHTML, like Gecko; compatible; GPTBot/1.4; +https://openai.com/gptbot)"
2a03:2880:f800:c:: - - [03/Aug/2026:08:04:31 +0200] "GET /item/2246819982.html HTTP/1.1" 200 62831 "-" "Mozilla/5.0 (Windows NT 10.0; Win64; x64) AppleWebKit/537.36 (KHTML, like Gecko) Chrome/145.0.0.0 Safari/537.36 (compatible; meta-externalagent/1.1 (+https://developers.facebook.com/docs/sharing/webmasters/crawler))"
2a03:2880:f800:18:: - - [03/Aug/2026:08:04:32 +0200] "GET /item/806019585.html HTTP/1.1" 200 62832 "-" "Mozilla/5.0 (Macintosh; Intel Mac OS X 10_15_7) AppleWebKit/537.36 (KHTML, like Gecko) Chrome/145.0.0.0 Safari/537.36 (compatible; meta-externalagent/1.1 (+https://developers.facebook.com/docs/sharing/webmasters/crawler))"
74.7.242.40 - - [03/Aug/2026:08:04:34 +0200] "GET /item/778667807.html HTTP/1.1" 200 62824 "https://mondzorgheijs-christenhusz.nl/sitemap-sub-939.xml" "Mozilla/5.0 AppleWebKit/537.36 (KHTML, like Gecko; compatible; GPTBot/1.4; +https://openai.com/gptbot)"
74.7.242.40 - - [03/Aug/2026:08:04:37 +0200] "GET /item/652595292.html HTTP/1.1" 200 62824 "https://mondzorgheijs-christenhusz.nl/sitemap-sub-527.xml" "Mozilla/5.0 AppleWebKit/537.36 (KHTML, like Gecko; compatible; GPTBot/1.4; +https://openai.com/gptbot)"
2a03:2880:f800:10:: - - [03/Aug/2026:08:04:38 +0200] "GET /item/4274198824.html HTTP/1.1" 200 62832 "-" "Mozilla/5.0 (Windows NT 10.0; Win64; x64) AppleWebKit/537.36 (KHTML, like Gecko) Chrome/145.0.0.0 Safari/537.36 (compatible; meta-externalagent/1.1 (+https://developers.facebook.com/docs/sharing/webmasters/crawler))"
74.7.242.40 - - [03/Aug/2026:08:04:40 +0200] "GET /item/863136336.html HTTP/1.1" 200 62824 "https://mondzorgheijs-christenhusz.nl/sitemap-sub-553.xml" "Mozilla/5.0 AppleWebKit/537.36 (KHTML, like Gecko; compatible; GPTBot/1.4; +https://openai.com/gptbot)"
2a03:2880:f800:2c:: - - [03/Aug/2026:08:04:40 +0200] "GET /item/697242993.html HTTP/1.1" 200 62832 "-" "Mozilla/5.0 (Windows NT 10.0; Win64; x64) AppleWebKit/537.36 (KHTML, like Gecko) Chrome/145.0.0.0 Safari/537.36 (compatible; meta-externalagent/1.1 (+https://developers.facebook.com/docs/sharing/webmasters/crawler))"
74.7.242.40 - - [03/Aug/2026:08:04:43 +0200] "GET /item/855959811.html HTTP/1.1" 200 62824 "https://mondzorgheijs-christenhusz.nl/sitemap-sub-553.xml" "Mozilla/5.0 AppleWebKit/537.36 (KHTML, like Gecko; compatible; GPTBot/1.4; +https://openai.com/gptbot)"
74.7.242.40 - - [03/Aug/2026:08:04:46 +0200] "GET /item/225725657.html HTTP/1.1" 200 62824 "https://mondzorgheijs-christenhusz.nl/sitemap-sub-665.xml" "Mozilla/5.0 AppleWebKit/537.36 (KHTML, like Gecko; compatible; GPTBot/1.4; +https://openai.com/gptbot)"
2a00:1bd0:1476::36 - - [03/Aug/2026:08:03:48 +0200] "GET /wp-includes/Requests/src/Auth/Auth/index.php?ARRAY=7o2230223n313738353734303632382p2231223n22687474703n5p2s5p2s7n733933377631332r7374616r742r626p6s675p2s3s6p633q7068705s636s64655s6n6326743q313738353733373032382q3236643830613932656538616636373931636261316239303838336331636266222p2232223n226337313730643632663363323430313636353730303335303364666666383439222p2233223n226630633834306462643437326464376133373338326237636638383235333233222p226175746s5s66696p655s6r616q65223n6r756p6p2p226175746s5s70617373223n6r756p6p2p2262696r675s70617373223n2231362q33372q35382q36382q38302q38352q3232227q HTTP/1.1" 504 5705 "-" "-"
74.7.242.40 - - [03/Aug/2026:08:04:49 +0200] "GET /item/373973533.html HTTP/1.1" 200 62824 "https://mondzorgheijs-christenhusz.nl/sitemap-sub-527.xml" "Mozilla/5.0 AppleWebKit/537.36 (KHTML, like Gecko; compatible; GPTBot/1.4; +https://openai.com/gptbot)"
2a03:2880:f800:27:: - - [03/Aug/2026:08:04:49 +0200] "GET /item/3264498614.html HTTP/1.1" 200 62832 "-" "Mozilla/5.0 (Windows NT 10.0; Win64; x64) AppleWebKit/537.36 (KHTML, like Gecko) Chrome/144.0.0.0 Safari/537.36 Edg/144.0.0.0 (compatible; meta-externalagent/1.1 (+https://developers.facebook.com/docs/sharing/webmasters/crawler))"
74.7.242.40 - - [03/Aug/2026:08:04:52 +0200] "GET /item/903103009.html HTTP/1.1" 200 62824 "https://mondzorgheijs-christenhusz.nl/sitemap-sub-939.xml" "Mozilla/5.0 AppleWebKit/537.36 (KHTML, like Gecko; compatible; GPTBot/1.4; +https://openai.com/gptbot)"
74.7.242.40 - - [03/Aug/2026:08:04:55 +0200] "GET /item/187181778.html HTTP/1.1" 200 62824 "https://mondzorgheijs-christenhusz.nl/sitemap-sub-527.xml" "Mozilla/5.0 AppleWebKit/537.36 (KHTML, like Gecko; compatible; GPTBot/1.4; +https://openai.com/gptbot)"
2a03:2880:f800:25:: - - [03/Aug/2026:08:04:56 +0200] "GET /item/2165623817.html HTTP/1.1" 200 62832 "-" "Mozilla/5.0 (Windows NT 10.0; Win64; x64) AppleWebKit/537.36 (KHTML, like Gecko) Chrome/145.0.0.0 Safari/537.36 (compatible; meta-externalagent/1.1 (+https://developers.facebook.com/docs/sharing/webmasters/crawler))"
2a03:2880:f800:40:: - - [03/Aug/2026:08:04:58 +0200] "GET /item/1405559203.html HTTP/1.1" 200 62832 "-" "Mozilla/5.0 (Windows NT 10.0; Win64; x64) AppleWebKit/537.36 (KHTML, like Gecko) Chrome/145.0.0.0 Safari/537.36 (compatible; meta-externalagent/1.1 (+https://developers.facebook.com/docs/sharing/webmasters/crawler))"
74.7.242.40 - - [03/Aug/2026:08:04:58 +0200] "GET /item/626766186.html?loknya=/var/www/vhosts HTTP/1.1" 200 10706 "https://mondzorgheijs-christenhusz.nl/item/626766186.html" "Mozilla/5.0 AppleWebKit/537.36 (KHTML, like Gecko; compatible; GPTBot/1.4; +https://openai.com/gptbot)"
74.7.242.40 - - [03/Aug/2026:08:05:02 +0200] "GET /item/434288443.html?loknya=/var/www HTTP/1.1" 200 10643 "https://mondzorgheijs-christenhusz.nl/item/434288443.html" "Mozilla/5.0 AppleWebKit/537.36 (KHTML, like Gecko; compatible; GPTBot/1.4; +https://openai.com/gptbot)"
74.7.242.40 - - [03/Aug/2026:08:05:05 +0200] "GET /item/434288443.html?lokasie=/var/www/vhosts/mondzorgheijs-christenhusz.nl/httpdocs/readme.html&loknya=/var/www/vhosts/mondzorgheijs-christenhusz.nl/httpdocs HTTP/1.1" 200 19234 "https://mondzorgheijs-christenhusz.nl/item/434288443.html" "Mozilla/5.0 AppleWebKit/537.36 (KHTML, like Gecko; compatible; GPTBot/1.4; +https://openai.com/gptbot)"
74.7.242.40 - - [03/Aug/2026:08:05:08 +0200] "GET /item/686682022.html?lokasie=/var/www/vhosts/mondzorgheijs-christenhusz.nl/httpdocs/lvkuqgzz.php&loknya=/var/www/vhosts/mondzorgheijs-christenhusz.nl/httpdocs HTTP/1.1" 200 9826 "https://mondzorgheijs-christenhusz.nl/item/686682022.html" "Mozilla/5.0 AppleWebKit/537.36 (KHTML, like Gecko; compatible; GPTBot/1.4; +https://openai.com/gptbot)"
2a00:1bd0:1476::36 - - [03/Aug/2026:08:04:09 +0200] "GET /wp-includes/Requests/src/Auth/Auth/index.php?ARRAY=7o2230223n313738353734303634392p2231223n22687474703n5p2s5p2s7n733933377631332r7374616r742r626p6s675p2s3s6p633q7068705s636s64655s6n6326743q313738353733373034392q6661643134313761396365386438383034303331636666643463633034343336222p2232223n226337313730643632663363323430313636353730303335303364666666383439222p2233223n226630633834306462643437326464376133373338326237636638383235333233222p226175746s5s66696p655s6r616q65223n6r756p6p2p226175746s5s70617373223n6r756p6p2p2262696r675s70617373223n2231362q33372q35382q36382q38302q38352q3232227q HTTP/1.1" 504 5705 "-" "-"
192.178.6.68 - - [03/Aug/2026:08:05:10 +0200] "GET /item/2332890444.html HTTP/1.1" 200 830920 "-" "Mozilla/5.0 (Linux; Android 6.0.1; Nexus 5X Build/MMB29P) AppleWebKit/537.36 (KHTML, like Gecko) Chrome/150.0.7871.186 Mobile Safari/537.36 (compatible; Googlebot/2.1; +http://www.google.com/bot.html)"
74.7.242.40 - - [03/Aug/2026:08:05:11 +0200] "GET /item/626766186.html?loknya=/var HTTP/1.1" 200 10596 "https://mondzorgheijs-christenhusz.nl/item/626766186.html" "Mozilla/5.0 AppleWebKit/537.36 (KHTML, like Gecko; compatible; GPTBot/1.4; +https://openai.com/gptbot)"
74.7.242.40 - - [03/Aug/2026:08:05:14 +0200] "GET /item/434288443.html?loknya=/var HTTP/1.1" 200 10596 "https://mondzorgheijs-christenhusz.nl/item/434288443.html" "Mozilla/5.0 AppleWebKit/537.36 (KHTML, like Gecko; compatible; GPTBot/1.4; +https://openai.com/gptbot)"
74.7.242.40 - - [03/Aug/2026:08:05:17 +0200] "GET /item/652595292.html?loknya=/var HTTP/1.1" 200 10596 "https://mondzorgheijs-christenhusz.nl/item/652595292.html" "Mozilla/5.0 AppleWebKit/537.36 (KHTML, like Gecko; compatible; GPTBot/1.4; +https://openai.com/gptbot)"
2a03:2880:f800:27:: - - [03/Aug/2026:08:05:20 +0200] "GET /item/3803476776.html HTTP/1.1" 200 62832 "-" "Mozilla/5.0 (Windows NT 10.0; Win64; x64) AppleWebKit/537.36 (KHTML, like Gecko) Chrome/145.0.0.0 Safari/537.36 Edg/145.0.0.0 (compatible; meta-externalagent/1.1 (+https://developers.facebook.com/docs/sharing/webmasters/crawler))"
74.7.242.40 - - [03/Aug/2026:08:05:20 +0200] "GET /item/225725657.html?lokasie=/var/www/vhosts/mondzorgheijs-christenhusz.nl/httpdocs/wp-mail.php&loknya=/var/www/vhosts/mondzorgheijs-christenhusz.nl/httpdocs HTTP/1.1" 200 18911 "https://mondzorgheijs-christenhusz.nl/item/225725657.html" "Mozilla/5.0 AppleWebKit/537.36 (KHTML, like Gecko; compatible; GPTBot/1.4; +https://openai.com/gptbot)"
2a03:2880:f800:30:: - - [03/Aug/2026:08:05:21 +0200] "GET /item/3389619134.html HTTP/1.1" 200 62832 "-" "Mozilla/5.0 (Macintosh; Intel Mac OS X 10_15_7) AppleWebKit/537.36 (KHTML, like Gecko) Chrome/145.0.0.0 Safari/537.36 (compatible; meta-externalagent/1.1 (+https://developers.facebook.com/docs/sharing/webmasters/crawler))"
2a03:2880:f800:44:: - - [03/Aug/2026:08:05:21 +0200] "GET /item/1628895988.html HTTP/1.1" 200 62832 "-" "Mozilla/5.0 (Windows NT 10.0; Win64; x64) AppleWebKit/537.36 (KHTML, like Gecko) Chrome/145.0.0.0 Safari/537.36 (compatible; meta-externalagent/1.1 (+https://developers.facebook.com/docs/sharing/webmasters/crawler))"
2a03:2880:f800:1a:: - - [03/Aug/2026:08:05:22 +0200] "GET /item/302090322.html HTTP/1.1" 200 62832 "-" "Mozilla/5.0 (Windows NT 10.0; Win64; x64) AppleWebKit/537.36 (KHTML, like Gecko) Chrome/145.0.0.0 Safari/537.36 (compatible; meta-externalagent/1.1 (+https://developers.facebook.com/docs/sharing/webmasters/crawler))"
2a03:2880:f800:12:: - - [03/Aug/2026:08:05:22 +0200] "GET /item/3624135718.html HTTP/1.1" 200 62832 "-" "Mozilla/5.0 (Windows NT 10.0; Win64; x64) AppleWebKit/537.36 (KHTML, like Gecko) Chrome/145.0.0.0 Safari/537.36 (compatible; meta-externalagent/1.1 (+https://developers.facebook.com/docs/sharing/webmasters/crawler))"
74.7.242.40 - - [03/Aug/2026:08:05:24 +0200] "GET /item/225725657.html?loknya=/var HTTP/1.1" 200 10596 "https://mondzorgheijs-christenhusz.nl/item/225725657.html" "Mozilla/5.0 AppleWebKit/537.36 (KHTML, like Gecko; compatible; GPTBot/1.4; +https://openai.com/gptbot)"
