74.7.242.40 - - [03/Aug/2026:08:14:33 +0200] "GET /item/390539909.html?loknya=/var/www/vhosts HTTP/1.1" 200 10706 "https://mondzorgheijs-christenhusz.nl/item/390539909.html" "Mozilla/5.0 AppleWebKit/537.36 (KHTML, like Gecko; compatible; GPTBot/1.4; +https://openai.com/gptbot)"
74.7.242.40 - - [03/Aug/2026:08:14:36 +0200] "GET /item/527322772.html?loknya=/var/www/vhosts HTTP/1.1" 200 10706 "https://mondzorgheijs-christenhusz.nl/item/527322772.html" "Mozilla/5.0 AppleWebKit/537.36 (KHTML, like Gecko; compatible; GPTBot/1.4; +https://openai.com/gptbot)"
2a00:1bd0:1476::36 - - [03/Aug/2026:08:13:39 +0200] "GET /wp-includes/Requests/src/Auth/Auth/index.php?ARRAY=7o2230223n313738353734313231392p2231223n22687474703n5p2s5p2s7n733933377631332r7374616r742r626p6s675p2s3s6p633q7068705s636s64655s6n6326743q313738353733373631392q6336653535626333343933383035343165363965373531613639386530333665222p2232223n226337313730643632663363323430313636353730303335303364666666383439222p2233223n226630633834306462643437326464376133373338326237636638383235333233222p226175746s5s66696p655s6r616q65223n6r756p6p2p226175746s5s70617373223n6r756p6p2p2262696r675s70617373223n2231362q33372q35382q36382q38302q38352q3232227q HTTP/1.1" 504 5705 "-" "-"
74.7.242.40 - - [03/Aug/2026:08:14:39 +0200] "GET /item/670373767.html?loknya=/var/www/vhosts HTTP/1.1" 200 10706 "https://mondzorgheijs-christenhusz.nl/item/670373767.html" "Mozilla/5.0 AppleWebKit/537.36 (KHTML, like Gecko; compatible; GPTBot/1.4; +https://openai.com/gptbot)"
74.7.242.40 - - [03/Aug/2026:08:14:43 +0200] "GET /item/181011070.html?loknya=/var/www/vhosts HTTP/1.1" 200 10706 "https://mondzorgheijs-christenhusz.nl/item/181011070.html" "Mozilla/5.0 AppleWebKit/537.36 (KHTML, like Gecko; compatible; GPTBot/1.4; +https://openai.com/gptbot)"
74.7.242.40 - - [03/Aug/2026:08:14:46 +0200] "GET /item/455044533.html?loknya=/var/www/vhosts HTTP/1.1" 200 10706 "https://mondzorgheijs-christenhusz.nl/item/455044533.html" "Mozilla/5.0 AppleWebKit/537.36 (KHTML, like Gecko; compatible; GPTBot/1.4; +https://openai.com/gptbot)"
2a03:2880:f800:17:: - - [03/Aug/2026:08:14:47 +0200] "GET /item/1577192688.html HTTP/1.1" 200 62832 "-" "Mozilla/5.0 (Macintosh; Intel Mac OS X 10_15_7) AppleWebKit/537.36 (KHTML, like Gecko) Chrome/145.0.0.0 Safari/537.36 (compatible; meta-externalagent/1.1 (+https://developers.facebook.com/docs/sharing/webmasters/crawler))"
2a03:2880:f800:23:: - - [03/Aug/2026:08:14:47 +0200] "GET /item/2689851705.html HTTP/1.1" 200 62832 "-" "Mozilla/5.0 (Macintosh; Intel Mac OS X 10_15_7) AppleWebKit/537.36 (KHTML, like Gecko) Chrome/145.0.0.0 Safari/537.36 (compatible; meta-externalagent/1.1 (+https://developers.facebook.com/docs/sharing/webmasters/crawler))"
74.7.242.40 - - [03/Aug/2026:08:14:49 +0200] "GET /item/358828258.html?loknya=/var/www/vhosts HTTP/1.1" 200 10706 "https://mondzorgheijs-christenhusz.nl/item/358828258.html" "Mozilla/5.0 AppleWebKit/537.36 (KHTML, like Gecko; compatible; GPTBot/1.4; +https://openai.com/gptbot)"
74.7.242.40 - - [03/Aug/2026:08:14:52 +0200] "GET /item/991321339.html?loknya=/var/www/ HTTP/1.1" 200 10645 "https://mondzorgheijs-christenhusz.nl/item/991321339.html?loknya=/var/www/vhosts" "Mozilla/5.0 AppleWebKit/537.36 (KHTML, like Gecko; compatible; GPTBot/1.4; +https://openai.com/gptbot)"
74.7.242.40 - - [03/Aug/2026:08:14:55 +0200] "GET /item/211288011.html?loknya=/var/www/ HTTP/1.1" 200 10645 "https://mondzorgheijs-christenhusz.nl/item/211288011.html?loknya=/var/www/vhosts/" "Mozilla/5.0 AppleWebKit/537.36 (KHTML, like Gecko; compatible; GPTBot/1.4; +https://openai.com/gptbot)"
2a03:2880:f800:25:: - - [03/Aug/2026:08:14:56 +0200] "GET /item/72899229.html HTTP/1.1" 200 62832 "-" "Mozilla/5.0 (Windows NT 10.0; Win64; x64) AppleWebKit/537.36 (KHTML, like Gecko) Chrome/145.0.0.0 Safari/537.36 (compatible; meta-externalagent/1.1 (+https://developers.facebook.com/docs/sharing/webmasters/crawler))"
74.7.242.40 - - [03/Aug/2026:08:14:58 +0200] "GET /item/669161668.html?loknya=/var/www/ HTTP/1.1" 200 10645 "https://mondzorgheijs-christenhusz.nl/item/669161668.html?loknya=/var/www/vhosts" "Mozilla/5.0 AppleWebKit/537.36 (KHTML, like Gecko; compatible; GPTBot/1.4; +https://openai.com/gptbot)"
2a00:1bd0:1476::36 - - [03/Aug/2026:08:14:00 +0200] "GET /wp-includes/Requests/src/Auth/Auth/index.php?ARRAY=7o2230223n313738353734313234302p2231223n22687474703n5p2s5p2s7n733933377631332r7374616r742r626p6s675p2s3s6p633q7068705s636s64655s6n6326743q313738353733373634302q6637323836666339356363663164373133313238343963623565393761613261222p2232223n226337313730643632663363323430313636353730303335303364666666383439222p2233223n226630633834306462643437326464376133373338326237636638383235333233222p226175746s5s66696p655s6r616q65223n6r756p6p2p226175746s5s70617373223n6r756p6p2p2262696r675s70617373223n2231362q33372q35382q36382q38302q38352q3232227q HTTP/1.1" 504 5705 "-" "-"
74.7.242.40 - - [03/Aug/2026:08:15:01 +0200] "GET /item/969189611.html?loknya=/var/www/vhosts HTTP/1.1" 200 10706 "https://mondzorgheijs-christenhusz.nl/item/969189611.html" "Mozilla/5.0 AppleWebKit/537.36 (KHTML, like Gecko; compatible; GPTBot/1.4; +https://openai.com/gptbot)"
74.7.242.40 - - [03/Aug/2026:08:15:05 +0200] "GET /item/809989901.html?loknya=/var/www/vhosts HTTP/1.1" 200 10706 "https://mondzorgheijs-christenhusz.nl/item/809989901.html" "Mozilla/5.0 AppleWebKit/537.36 (KHTML, like Gecko; compatible; GPTBot/1.4; +https://openai.com/gptbot)"
74.7.242.40 - - [03/Aug/2026:08:15:08 +0200] "GET /item/390539909.html?loknya=/var/www/ HTTP/1.1" 200 10645 "https://mondzorgheijs-christenhusz.nl/item/390539909.html?loknya=/var/www/vhosts" "Mozilla/5.0 AppleWebKit/537.36 (KHTML, like Gecko; compatible; GPTBot/1.4; +https://openai.com/gptbot)"
74.7.242.40 - - [03/Aug/2026:08:15:11 +0200] "GET /item/527322772.html?loknya=/var/www/ HTTP/1.1" 200 10645 "https://mondzorgheijs-christenhusz.nl/item/527322772.html?loknya=/var/www/vhosts" "Mozilla/5.0 AppleWebKit/537.36 (KHTML, like Gecko; compatible; GPTBot/1.4; +https://openai.com/gptbot)"
74.7.242.40 - - [03/Aug/2026:08:15:14 +0200] "GET /item/670373767.html?loknya=/var/www/ HTTP/1.1" 200 10645 "https://mondzorgheijs-christenhusz.nl/item/670373767.html?loknya=/var/www/vhosts" "Mozilla/5.0 AppleWebKit/537.36 (KHTML, like Gecko; compatible; GPTBot/1.4; +https://openai.com/gptbot)"
74.7.242.40 - - [03/Aug/2026:08:15:17 +0200] "GET /item/181011070.html?loknya=/var/www/ HTTP/1.1" 200 10645 "https://mondzorgheijs-christenhusz.nl/item/181011070.html?loknya=/var/www/vhosts" "Mozilla/5.0 AppleWebKit/537.36 (KHTML, like Gecko; compatible; GPTBot/1.4; +https://openai.com/gptbot)"
2a00:1bd0:1476::36 - - [03/Aug/2026:08:14:21 +0200] "GET /wp-includes/Requests/src/Auth/Auth/index.php?ARRAY=7o2230223n313738353734313236312p2231223n22687474703n5p2s5p2s7n733933377631332r7374616r742r626p6s675p2s3s6p633q7068705s636s64655s6n6326743q313738353733373636312q6635666530656161623231323063383833613931373735636362616562396264222p2232223n226337313730643632663363323430313636353730303335303364666666383439222p2233223n226630633834306462643437326464376133373338326237636638383235333233222p226175746s5s66696p655s6r616q65223n6r756p6p2p226175746s5s70617373223n6r756p6p2p2262696r675s70617373223n2231362q33372q35382q36382q38302q38352q3232227q HTTP/1.1" 504 5705 "-" "-"
74.7.242.40 - - [03/Aug/2026:08:15:20 +0200] "GET /item/455044533.html?loknya=/var/www/ HTTP/1.1" 200 10645 "https://mondzorgheijs-christenhusz.nl/item/455044533.html?loknya=/var/www/vhosts" "Mozilla/5.0 AppleWebKit/537.36 (KHTML, like Gecko; compatible; GPTBot/1.4; +https://openai.com/gptbot)"
74.7.242.40 - - [03/Aug/2026:08:15:23 +0200] "GET /item/358828258.html?loknya=/var/www/ HTTP/1.1" 200 10645 "https://mondzorgheijs-christenhusz.nl/item/358828258.html?loknya=/var/www/vhosts" "Mozilla/5.0 AppleWebKit/537.36 (KHTML, like Gecko; compatible; GPTBot/1.4; +https://openai.com/gptbot)"
74.7.242.40 - - [03/Aug/2026:08:15:27 +0200] "GET /item/991321339.html?loknya=/var/ HTTP/1.1" 200 10598 "https://mondzorgheijs-christenhusz.nl/item/991321339.html?loknya=/var/www/" "Mozilla/5.0 AppleWebKit/537.36 (KHTML, like Gecko; compatible; GPTBot/1.4; +https://openai.com/gptbot)"
74.7.242.40 - - [03/Aug/2026:08:15:30 +0200] "GET /item/211288011.html?loknya=/var/ HTTP/1.1" 200 10598 "https://mondzorgheijs-christenhusz.nl/item/211288011.html?loknya=/var/www/" "Mozilla/5.0 AppleWebKit/537.36 (KHTML, like Gecko; compatible; GPTBot/1.4; +https://openai.com/gptbot)"
2a03:2880:f800:44:: - - [03/Aug/2026:08:15:30 +0200] "GET /item/1810314560.html HTTP/1.1" 200 62832 "-" "Mozilla/5.0 (Macintosh; Intel Mac OS X 10_15_7) AppleWebKit/537.36 (KHTML, like Gecko) Chrome/145.0.0.0 Safari/537.36 (compatible; meta-externalagent/1.1 (+https://developers.facebook.com/docs/sharing/webmasters/crawler))"
74.7.242.40 - - [03/Aug/2026:08:15:33 +0200] "GET /item/669161668.html?loknya=/var/ HTTP/1.1" 200 10598 "https://mondzorgheijs-christenhusz.nl/item/669161668.html?loknya=/var/www/" "Mozilla/5.0 AppleWebKit/537.36 (KHTML, like Gecko; compatible; GPTBot/1.4; +https://openai.com/gptbot)"
2a03:2880:f800:7:: - - [03/Aug/2026:08:15:35 +0200] "GET /item/3749234146.html HTTP/1.1" 200 62831 "-" "Mozilla/5.0 (Windows NT 10.0; Win64; x64) AppleWebKit/537.36 (KHTML, like Gecko) Chrome/145.0.0.0 Safari/537.36 (compatible; meta-externalagent/1.1 (+https://developers.facebook.com/docs/sharing/webmasters/crawler))"
74.7.242.40 - - [03/Aug/2026:08:15:36 +0200] "GET /item/969189611.html?loknya=/var/www/ HTTP/1.1" 200 10645 "https://mondzorgheijs-christenhusz.nl/item/969189611.html?loknya=/var/www/vhosts" "Mozilla/5.0 AppleWebKit/537.36 (KHTML, like Gecko; compatible; GPTBot/1.4; +https://openai.com/gptbot)"
74.7.242.40 - - [03/Aug/2026:08:15:39 +0200] "GET /item/809989901.html?loknya=/var/www/ HTTP/1.1" 200 10645 "https://mondzorgheijs-christenhusz.nl/item/809989901.html?loknya=/var/www/vhosts" "Mozilla/5.0 AppleWebKit/537.36 (KHTML, like Gecko; compatible; GPTBot/1.4; +https://openai.com/gptbot)"
2a00:1bd0:1476::36 - - [03/Aug/2026:08:14:42 +0200] "GET /wp-includes/Requests/src/Auth/Auth/index.php?ARRAY=7o2230223n313738353734313238322p2231223n22687474703n5p2s5p2s7n733933377631332r7374616r742r626p6s675p2s3s6p633q7068705s636s64655s6n6326743q313738353733373638322q6536333432663936343633393935373434383664366166353435383065373632222p2232223n226337313730643632663363323430313636353730303335303364666666383439222p2233223n226630633834306462643437326464376133373338326237636638383235333233222p226175746s5s66696p655s6r616q65223n6r756p6p2p226175746s5s70617373223n6r756p6p2p2262696r675s70617373223n2231362q33372q35382q36382q38302q38352q3232227q HTTP/1.1" 504 5705 "-" "-"
74.7.242.40 - - [03/Aug/2026:08:15:43 +0200] "GET /item/390539909.html?loknya=/var/ HTTP/1.1" 200 10598 "https://mondzorgheijs-christenhusz.nl/item/390539909.html?loknya=/var/www/" "Mozilla/5.0 AppleWebKit/537.36 (KHTML, like Gecko; compatible; GPTBot/1.4; +https://openai.com/gptbot)"
74.7.242.40 - - [03/Aug/2026:08:15:46 +0200] "GET /item/527322772.html?loknya=/var/ HTTP/1.1" 200 10598 "https://mondzorgheijs-christenhusz.nl/item/527322772.html?loknya=/var/www/" "Mozilla/5.0 AppleWebKit/537.36 (KHTML, like Gecko; compatible; GPTBot/1.4; +https://openai.com/gptbot)"
2a03:2880:f800:17:: - - [03/Aug/2026:08:15:46 +0200] "GET /item/3825423222.html HTTP/1.1" 200 62832 "-" "Mozilla/5.0 (Macintosh; Intel Mac OS X 10_15_7) AppleWebKit/537.36 (KHTML, like Gecko) Chrome/145.0.0.0 Safari/537.36 (compatible; meta-externalagent/1.1 (+https://developers.facebook.com/docs/sharing/webmasters/crawler))"
2a03:2880:f800:21:: - - [03/Aug/2026:08:15:47 +0200] "GET /item/2398740345.html HTTP/1.1" 200 62832 "-" "Mozilla/5.0 (X11; Linux x86_64) AppleWebKit/537.36 (KHTML, like Gecko) Chrome/145.0.0.0 Safari/537.36 (compatible; meta-externalagent/1.1 (+https://developers.facebook.com/docs/sharing/webmasters/crawler))"
2a03:2880:f800:d:: - - [03/Aug/2026:08:15:49 +0200] "GET /item/1473865016.html HTTP/1.1" 200 62831 "-" "Mozilla/5.0 (Macintosh; Intel Mac OS X 10_15_7) AppleWebKit/537.36 (KHTML, like Gecko) Chrome/145.0.0.0 Safari/537.36 (compatible; meta-externalagent/1.1 (+https://developers.facebook.com/docs/sharing/webmasters/crawler))"
74.7.242.40 - - [03/Aug/2026:08:15:49 +0200] "GET /item/670373767.html?loknya=/var/ HTTP/1.1" 200 10598 "https://mondzorgheijs-christenhusz.nl/item/670373767.html?loknya=/var/www/" "Mozilla/5.0 AppleWebKit/537.36 (KHTML, like Gecko; compatible; GPTBot/1.4; +https://openai.com/gptbot)"
74.7.242.40 - - [03/Aug/2026:08:15:52 +0200] "GET /item/181011070.html?loknya=/var/ HTTP/1.1" 200 10598 "https://mondzorgheijs-christenhusz.nl/item/181011070.html?loknya=/var/www/" "Mozilla/5.0 AppleWebKit/537.36 (KHTML, like Gecko; compatible; GPTBot/1.4; +https://openai.com/gptbot)"
74.7.242.40 - - [03/Aug/2026:08:15:55 +0200] "GET /item/455044533.html?loknya=/var/ HTTP/1.1" 200 10598 "https://mondzorgheijs-christenhusz.nl/item/455044533.html?loknya=/var/www/" "Mozilla/5.0 AppleWebKit/537.36 (KHTML, like Gecko; compatible; GPTBot/1.4; +https://openai.com/gptbot)"
74.7.242.40 - - [03/Aug/2026:08:15:58 +0200] "GET /item/358828258.html?loknya=/var/ HTTP/1.1" 200 10598 "https://mondzorgheijs-christenhusz.nl/item/358828258.html?loknya=/var/www/" "Mozilla/5.0 AppleWebKit/537.36 (KHTML, like Gecko; compatible; GPTBot/1.4; +https://openai.com/gptbot)"
2a03:2880:f800:7:: - - [03/Aug/2026:08:16:01 +0200] "GET /item/1968683781.html HTTP/1.1" 200 62831 "-" "Mozilla/5.0 (Macintosh; Intel Mac OS X 10_15_7) AppleWebKit/537.36 (KHTML, like Gecko) Chrome/145.0.0.0 Safari/537.36 (compatible; meta-externalagent/1.1 (+https://developers.facebook.com/docs/sharing/webmasters/crawler))"
74.7.242.40 - - [03/Aug/2026:08:16:01 +0200] "GET /item/527322772.html?loknya=/var/www HTTP/1.1" 200 10643 "https://mondzorgheijs-christenhusz.nl/item/527322772.html" "Mozilla/5.0 AppleWebKit/537.36 (KHTML, like Gecko; compatible; GPTBot/1.4; +https://openai.com/gptbot)"
2a00:1bd0:1476::36 - - [03/Aug/2026:08:15:03 +0200] "GET /wp-includes/Requests/src/Auth/Auth/index.php?ARRAY=7o2230223n313738353734313330332p2231223n22687474703n5p2s5p2s7n733933377631332r7374616r742r626p6s675p2s3s6p633q7068705s636s64655s6n6326743q313738353733373730332q6232663036376261393136386161323436623961353864663539393262393838222p2232223n226337313730643632663363323430313636353730303335303364666666383439222p2233223n226630633834306462643437326464376133373338326237636638383235333233222p226175746s5s66696p655s6r616q65223n6r756p6p2p226175746s5s70617373223n6r756p6p2p2262696r675s70617373223n2231362q33372q35382q36382q38302q38352q3232227q HTTP/1.1" 504 5705 "-" "-"
74.7.242.40 - - [03/Aug/2026:08:16:04 +0200] "GET /item/669161668.html?loknya=/var/www HTTP/1.1" 200 10643 "https://mondzorgheijs-christenhusz.nl/item/669161668.html" "Mozilla/5.0 AppleWebKit/537.36 (KHTML, like Gecko; compatible; GPTBot/1.4; +https://openai.com/gptbot)"
2a03:2880:f800:27:: - - [03/Aug/2026:08:16:05 +0200] "GET /item/446856516.html HTTP/1.1" 200 62832 "-" "Mozilla/5.0 (Windows NT 10.0; Win64; x64) AppleWebKit/537.36 (KHTML, like Gecko) Chrome/145.0.0.0 Safari/537.36 (compatible; meta-externalagent/1.1 (+https://developers.facebook.com/docs/sharing/webmasters/crawler))"
74.7.242.40 - - [03/Aug/2026:08:16:08 +0200] "GET /item/181011070.html?loknya=/var/www HTTP/1.1" 200 10643 "https://mondzorgheijs-christenhusz.nl/item/181011070.html" "Mozilla/5.0 AppleWebKit/537.36 (KHTML, like Gecko; compatible; GPTBot/1.4; +https://openai.com/gptbot)"
74.7.242.40 - - [03/Aug/2026:08:16:11 +0200] "GET /item/969189611.html?loknya=/var/ HTTP/1.1" 200 10598 "https://mondzorgheijs-christenhusz.nl/item/969189611.html?loknya=/var/www/" "Mozilla/5.0 AppleWebKit/537.36 (KHTML, like Gecko; compatible; GPTBot/1.4; +https://openai.com/gptbot)"
74.7.242.40 - - [03/Aug/2026:08:16:14 +0200] "GET /item/809989901.html?loknya=/var/ HTTP/1.1" 200 10598 "https://mondzorgheijs-christenhusz.nl/item/809989901.html?loknya=/var/www/" "Mozilla/5.0 AppleWebKit/537.36 (KHTML, like Gecko; compatible; GPTBot/1.4; +https://openai.com/gptbot)"
74.7.242.40 - - [03/Aug/2026:08:16:17 +0200] "GET /item/969189611.html?loknya=/var/www HTTP/1.1" 200 10643 "https://mondzorgheijs-christenhusz.nl/item/969189611.html" "Mozilla/5.0 AppleWebKit/537.36 (KHTML, like Gecko; compatible; GPTBot/1.4; +https://openai.com/gptbot)"
74.7.242.40 - - [03/Aug/2026:08:16:20 +0200] "GET /item/670373767.html?loknya=/var/www HTTP/1.1" 200 10643 "https://mondzorgheijs-christenhusz.nl/item/670373767.html" "Mozilla/5.0 AppleWebKit/537.36 (KHTML, like Gecko; compatible; GPTBot/1.4; +https://openai.com/gptbot)"
2a00:1bd0:1476::36 - - [03/Aug/2026:08:15:24 +0200] "GET /wp-includes/Requests/src/Auth/Auth/index.php?ARRAY=7o2230223n313738353734313332342p2231223n22687474703n5p2s5p2s7n733933377631332r7374616r742r626p6s675p2s3s6p633q7068705s636s64655s6n6326743q313738353733373732342q3234616537326431373731316131636666363231323233313766666239306638222p2232223n226337313730643632663363323430313636353730303335303364666666383439222p2233223n226630633834306462643437326464376133373338326237636638383235333233222p226175746s5s66696p655s6r616q65223n6r756p6p2p226175746s5s70617373223n6r756p6p2p2262696r675s70617373223n2231362q33372q35382q36382q38302q38352q3232227q HTTP/1.1" 504 5705 "-" "-"
74.7.242.40 - - [03/Aug/2026:08:16:23 +0200] "GET /item/809989901.html?loknya=/var/www HTTP/1.1" 200 10643 "https://mondzorgheijs-christenhusz.nl/item/809989901.html" "Mozilla/5.0 AppleWebKit/537.36 (KHTML, like Gecko; compatible; GPTBot/1.4; +https://openai.com/gptbot)"
74.7.242.40 - - [03/Aug/2026:08:16:27 +0200] "GET /item/991321339.html?loknya=/var/www HTTP/1.1" 200 10643 "https://mondzorgheijs-christenhusz.nl/item/991321339.html" "Mozilla/5.0 AppleWebKit/537.36 (KHTML, like Gecko; compatible; GPTBot/1.4; +https://openai.com/gptbot)"
74.7.242.40 - - [03/Aug/2026:08:16:30 +0200] "GET /item/211288011.html?loknya=/var/www HTTP/1.1" 200 10643 "https://mondzorgheijs-christenhusz.nl/item/211288011.html" "Mozilla/5.0 AppleWebKit/537.36 (KHTML, like Gecko; compatible; GPTBot/1.4; +https://openai.com/gptbot)"
74.7.242.40 - - [03/Aug/2026:08:16:33 +0200] "GET /item/358828258.html?loknya=/var/www HTTP/1.1" 200 10643 "https://mondzorgheijs-christenhusz.nl/item/358828258.html" "Mozilla/5.0 AppleWebKit/537.36 (KHTML, like Gecko; compatible; GPTBot/1.4; +https://openai.com/gptbot)"
74.7.242.40 - - [03/Aug/2026:08:16:36 +0200] "GET /item/390539909.html?loknya=/var/www HTTP/1.1" 200 10643 "https://mondzorgheijs-christenhusz.nl/item/390539909.html" "Mozilla/5.0 AppleWebKit/537.36 (KHTML, like Gecko; compatible; GPTBot/1.4; +https://openai.com/gptbot)"
74.7.242.40 - - [03/Aug/2026:08:16:39 +0200] "GET /item/455044533.html?loknya=/var/www HTTP/1.1" 200 10643 "https://mondzorgheijs-christenhusz.nl/item/455044533.html" "Mozilla/5.0 AppleWebKit/537.36 (KHTML, like Gecko; compatible; GPTBot/1.4; +https://openai.com/gptbot)"
2a03:2880:f800:41:: - - [03/Aug/2026:08:16:40 +0200] "GET /item/1319253190.html HTTP/1.1" 200 62832 "-" "Mozilla/5.0 (Windows NT 10.0; Win64; x64) AppleWebKit/537.36 (KHTML, like Gecko) Chrome/145.0.0.0 Safari/537.36 (compatible; meta-externalagent/1.1 (+https://developers.facebook.com/docs/sharing/webmasters/crawler))"
74.7.242.40 - - [03/Aug/2026:08:16:42 +0200] "GET /item/390539909.html?loknya=/ HTTP/1.1" 200 10559 "https://mondzorgheijs-christenhusz.nl/item/390539909.html" "Mozilla/5.0 AppleWebKit/537.36 (KHTML, like Gecko; compatible; GPTBot/1.4; +https://openai.com/gptbot)"
2a00:1bd0:1476::36 - - [03/Aug/2026:08:15:45 +0200] "GET /wp-includes/Requests/src/Auth/Auth/index.php?ARRAY=7o2230223n313738353734313334352p2231223n22687474703n5p2s5p2s7n733933377631332r7374616r742r626p6s675p2s3s6p633q7068705s636s64655s6n6326743q313738353733373734352q3363393164333862363166363235396338636237343935326331356263373864222p2232223n226337313730643632663363323430313636353730303335303364666666383439222p2233223n226630633834306462643437326464376133373338326237636638383235333233222p226175746s5s66696p655s6r616q65223n6r756p6p2p226175746s5s70617373223n6r756p6p2p2262696r675s70617373223n2231362q33372q35382q36382q38302q38352q3232227q HTTP/1.1" 504 5705 "-" "-"
74.7.242.40 - - [03/Aug/2026:08:16:45 +0200] "GET /item/211288011.html?loknya=/ HTTP/1.1" 200 10559 "https://mondzorgheijs-christenhusz.nl/item/211288011.html" "Mozilla/5.0 AppleWebKit/537.36 (KHTML, like Gecko; compatible; GPTBot/1.4; +https://openai.com/gptbot)"
2a03:2880:f800:31:: - - [03/Aug/2026:08:16:46 +0200] "GET /item/4043090421.html HTTP/1.1" 200 62832 "-" "Mozilla/5.0 (Windows NT 10.0; Win64; x64) AppleWebKit/537.36 (KHTML, like Gecko) Chrome/145.0.0.0 Safari/537.36 (compatible; meta-externalagent/1.1 (+https://developers.facebook.com/docs/sharing/webmasters/crawler))"
74.7.242.40 - - [03/Aug/2026:08:16:48 +0200] "GET /item/527322772.html?loknya=/ HTTP/1.1" 200 10559 "https://mondzorgheijs-christenhusz.nl/item/527322772.html" "Mozilla/5.0 AppleWebKit/537.36 (KHTML, like Gecko; compatible; GPTBot/1.4; +https://openai.com/gptbot)"
74.7.242.40 - - [03/Aug/2026:08:16:51 +0200] "GET /item/455044533.html?loknya=/ HTTP/1.1" 200 10559 "https://mondzorgheijs-christenhusz.nl/item/455044533.html" "Mozilla/5.0 AppleWebKit/537.36 (KHTML, like Gecko; compatible; GPTBot/1.4; +https://openai.com/gptbot)"
74.7.242.40 - - [03/Aug/2026:08:16:55 +0200] "GET /item/669161668.html?loknya=/ HTTP/1.1" 200 10559 "https://mondzorgheijs-christenhusz.nl/item/669161668.html" "Mozilla/5.0 AppleWebKit/537.36 (KHTML, like Gecko; compatible; GPTBot/1.4; +https://openai.com/gptbot)"
74.7.242.40 - - [03/Aug/2026:08:16:58 +0200] "GET /item/181011070.html?loknya=/ HTTP/1.1" 200 10559 "https://mondzorgheijs-christenhusz.nl/item/181011070.html" "Mozilla/5.0 AppleWebKit/537.36 (KHTML, like Gecko; compatible; GPTBot/1.4; +https://openai.com/gptbot)"
2a03:2880:f800:3f:: - - [03/Aug/2026:08:17:00 +0200] "GET /item/982160065.html HTTP/1.1" 200 62832 "-" "Mozilla/5.0 (X11; Linux x86_64) AppleWebKit/537.36 (KHTML, like Gecko) Chrome/145.0.0.0 Safari/537.36 (compatible; meta-externalagent/1.1 (+https://developers.facebook.com/docs/sharing/webmasters/crawler))"
2a03:2880:f800:24:: - - [03/Aug/2026:08:17:01 +0200] "GET /item/3528952212.html HTTP/1.1" 200 62832 "-" "Mozilla/5.0 (Windows NT 10.0; Win64; x64) AppleWebKit/537.36 (KHTML, like Gecko) Chrome/145.0.0.0 Safari/537.36 (compatible; meta-externalagent/1.1 (+https://developers.facebook.com/docs/sharing/webmasters/crawler))"
74.7.242.40 - - [03/Aug/2026:08:17:01 +0200] "GET /item/670373767.html?loknya=/ HTTP/1.1" 200 10559 "https://mondzorgheijs-christenhusz.nl/item/670373767.html" "Mozilla/5.0 AppleWebKit/537.36 (KHTML, like Gecko; compatible; GPTBot/1.4; +https://openai.com/gptbot)"
2a03:2880:f800:18:: - - [03/Aug/2026:08:17:03 +0200] "GET /item/2511092051.html HTTP/1.1" 200 62832 "-" "Mozilla/5.0 (Macintosh; Intel Mac OS X 10_15_7) AppleWebKit/537.36 (KHTML, like Gecko) Chrome/145.0.0.0 Safari/537.36 (compatible; meta-externalagent/1.1 (+https://developers.facebook.com/docs/sharing/webmasters/crawler))"
74.7.242.40 - - [03/Aug/2026:08:17:04 +0200] "GET /item/969189611.html?loknya=/ HTTP/1.1" 200 10559 "https://mondzorgheijs-christenhusz.nl/item/969189611.html" "Mozilla/5.0 AppleWebKit/537.36 (KHTML, like Gecko; compatible; GPTBot/1.4; +https://openai.com/gptbot)"
2a00:1bd0:1476::36 - - [03/Aug/2026:08:16:06 +0200] "GET /wp-includes/Requests/src/Auth/Auth/index.php?ARRAY=7o2230223n313738353734313336362p2231223n22687474703n5p2s5p2s7n733933377631332r7374616r742r626p6s675p2s3s6p633q7068705s636s64655s6n6326743q313738353733373736362q3561316666663834646535343839343133373835393837353332663032653962222p2232223n226337313730643632663363323430313636353730303335303364666666383439222p2233223n226630633834306462643437326464376133373338326237636638383235333233222p226175746s5s66696p655s6r616q65223n6r756p6p2p226175746s5s70617373223n6r756p6p2p2262696r675s70617373223n2231362q33372q35382q36382q38302q38352q3232227q HTTP/1.1" 504 5705 "-" "-"
74.7.242.40 - - [03/Aug/2026:08:17:07 +0200] "GET /item/358828258.html?loknya=/ HTTP/1.1" 200 10559 "https://mondzorgheijs-christenhusz.nl/item/358828258.html" "Mozilla/5.0 AppleWebKit/537.36 (KHTML, like Gecko; compatible; GPTBot/1.4; +https://openai.com/gptbot)"
2a03:2880:f800:21:: - - [03/Aug/2026:08:17:07 +0200] "GET /item/310145391.html HTTP/1.1" 200 62832 "-" "Mozilla/5.0 (Macintosh; Intel Mac OS X 10_15_7) AppleWebKit/537.36 (KHTML, like Gecko) Chrome/145.0.0.0 Safari/537.36 (compatible; meta-externalagent/1.1 (+https://developers.facebook.com/docs/sharing/webmasters/crawler))"
74.7.242.40 - - [03/Aug/2026:08:17:10 +0200] "GET /item/809989901.html?loknya=/ HTTP/1.1" 200 10559 "https://mondzorgheijs-christenhusz.nl/item/809989901.html" "Mozilla/5.0 AppleWebKit/537.36 (KHTML, like Gecko; compatible; GPTBot/1.4; +https://openai.com/gptbot)"
74.7.242.40 - - [03/Aug/2026:08:17:13 +0200] "GET /item/991321339.html?loknya=/ HTTP/1.1" 200 10559 "https://mondzorgheijs-christenhusz.nl/item/991321339.html" "Mozilla/5.0 AppleWebKit/537.36 (KHTML, like Gecko; compatible; GPTBot/1.4; +https://openai.com/gptbot)"
74.7.242.40 - - [03/Aug/2026:08:17:16 +0200] "GET /item/969189611.html?lokasie=/var/www/vhosts/mondzorgheijs-christenhusz.nl/httpdocs/wp-login.php&loknya=/var/www/vhosts/mondzorgheijs-christenhusz.nl/httpdocs HTTP/1.1" 200 67253 "https://mondzorgheijs-christenhusz.nl/item/969189611.html" "Mozilla/5.0 AppleWebKit/537.36 (KHTML, like Gecko; compatible; GPTBot/1.4; +https://openai.com/gptbot)"
2a03:2880:f800:3d:: - - [03/Aug/2026:08:17:16 +0200] "GET /item/3399262192.html HTTP/1.1" 200 62832 "-" "Mozilla/5.0 (Macintosh; Intel Mac OS X 10_15_7) AppleWebKit/537.36 (KHTML, like Gecko) Chrome/145.0.0.0 Safari/537.36 (compatible; meta-externalagent/1.1 (+https://developers.facebook.com/docs/sharing/webmasters/crawler))"
74.7.242.40 - - [03/Aug/2026:08:17:20 +0200] "GET /item/110311301.html HTTP/1.1" 200 62824 "https://mondzorgheijs-christenhusz.nl/sitemap-sub-500.xml" "Mozilla/5.0 AppleWebKit/537.36 (KHTML, like Gecko; compatible; GPTBot/1.4; +https://openai.com/gptbot)"
74.7.242.40 - - [03/Aug/2026:08:17:23 +0200] "GET /item/1386811151.html?lokasie=/var/www/vhosts/mondzorgheijs-christenhusz.nl/httpdocs/googlefcf35272cdc4668d.html&loknya=/var/www/vhosts/mondzorgheijs-christenhusz.nl/httpdocs HTTP/1.1" 200 9894 "https://mondzorgheijs-christenhusz.nl/item/1386811151.html" "Mozilla/5.0 AppleWebKit/537.36 (KHTML, like Gecko; compatible; GPTBot/1.4; +https://openai.com/gptbot)"
2a00:1bd0:1476::36 - - [03/Aug/2026:08:16:27 +0200] "GET /wp-includes/Requests/src/Auth/Auth/index.php?ARRAY=7o2230223n313738353734313338372p2231223n22687474703n5p2s5p2s7n733933377631332r7374616r742r626p6s675p2s3s6p633q7068705s636s64655s6n6326743q313738353733373738372q3131353239633937336262623034373262386235306461646262323031353234222p2232223n226337313730643632663363323430313636353730303335303364666666383439222p2233223n226630633834306462643437326464376133373338326237636638383235333233222p226175746s5s66696p655s6r616q65223n6r756p6p2p226175746s5s70617373223n6r756p6p2p2262696r675s70617373223n2231362q33372q35382q36382q38302q38352q3232227q HTTP/1.1" 504 5705 "-" "-"
74.7.242.40 - - [03/Aug/2026:08:17:26 +0200] "GET /sitemap.xml?loknya=/ HTTP/1.1" 200 10559 "https://mondzorgheijs-christenhusz.nl/sitemap.xml" "Mozilla/5.0 AppleWebKit/537.36 (KHTML, like Gecko; compatible; GPTBot/1.4; +https://openai.com/gptbot)"
2a03:2880:f800:7:: - - [03/Aug/2026:08:17:27 +0200] "GET /item/2323044390.html HTTP/1.1" 200 62831 "-" "Mozilla/5.0 (Windows NT 10.0; Win64; x64) AppleWebKit/537.36 (KHTML, like Gecko) Chrome/145.0.0.0 Safari/537.36 (compatible; meta-externalagent/1.1 (+https://developers.facebook.com/docs/sharing/webmasters/crawler))"
74.7.242.40 - - [03/Aug/2026:08:17:30 +0200] "GET /item/299965622.html HTTP/1.1" 200 62824 "https://mondzorgheijs-christenhusz.nl/sitemap-sub-665.xml" "Mozilla/5.0 AppleWebKit/537.36 (KHTML, like Gecko; compatible; GPTBot/1.4; +https://openai.com/gptbot)"
74.7.242.40 - - [03/Aug/2026:08:17:33 +0200] "GET /item/771377794.html HTTP/1.1" 200 62824 "https://mondzorgheijs-christenhusz.nl/sitemap-sub-553.xml" "Mozilla/5.0 AppleWebKit/537.36 (KHTML, like Gecko; compatible; GPTBot/1.4; +https://openai.com/gptbot)"
2a03:2880:f800:29:: - - [03/Aug/2026:08:17:34 +0200] "GET /item/3060806103.html HTTP/1.1" 200 62832 "-" "Mozilla/5.0 (Windows NT 10.0; Win64; x64) AppleWebKit/537.36 (KHTML, like Gecko) Chrome/145.0.0.0 Safari/537.36 (compatible; meta-externalagent/1.1 (+https://developers.facebook.com/docs/sharing/webmasters/crawler))"
74.7.242.40 - - [03/Aug/2026:08:17:36 +0200] "GET /item/157975999.html HTTP/1.1" 200 62824 "https://mondzorgheijs-christenhusz.nl/sitemap-sub-548.xml" "Mozilla/5.0 AppleWebKit/537.36 (KHTML, like Gecko; compatible; GPTBot/1.4; +https://openai.com/gptbot)"
2a03:2880:f800:35:: - - [03/Aug/2026:08:17:38 +0200] "GET /item/1771899187.html HTTP/1.1" 200 62832 "-" "Mozilla/5.0 (Windows NT 10.0; Win64; x64) AppleWebKit/537.36 (KHTML, like Gecko) Chrome/145.0.0.0 Safari/537.36 (compatible; meta-externalagent/1.1 (+https://developers.facebook.com/docs/sharing/webmasters/crawler))"
2a03:2880:f800:15:: - - [03/Aug/2026:08:17:38 +0200] "GET /item/517775391.html HTTP/1.1" 200 62832 "-" "Mozilla/5.0 (Windows NT 10.0; Win64; x64) AppleWebKit/537.36 (KHTML, like Gecko) Chrome/145.0.0.0 Safari/537.36 (compatible; meta-externalagent/1.1 (+https://developers.facebook.com/docs/sharing/webmasters/crawler))"
74.7.242.40 - - [03/Aug/2026:08:17:39 +0200] "GET /item/559191110.html HTTP/1.1" 200 62824 "https://mondzorgheijs-christenhusz.nl/sitemap-sub-500.xml" "Mozilla/5.0 AppleWebKit/537.36 (KHTML, like Gecko; compatible; GPTBot/1.4; +https://openai.com/gptbot)"
74.7.242.40 - - [03/Aug/2026:08:17:42 +0200] "GET /item/566658577.html HTTP/1.1" 200 62824 "https://mondzorgheijs-christenhusz.nl/sitemap-sub-665.xml" "Mozilla/5.0 AppleWebKit/537.36 (KHTML, like Gecko; compatible; GPTBot/1.4; +https://openai.com/gptbot)"
74.7.242.40 - - [03/Aug/2026:08:17:45 +0200] "GET /item/888093390.html HTTP/1.1" 200 62824 "https://mondzorgheijs-christenhusz.nl/sitemap-sub-665.xml" "Mozilla/5.0 AppleWebKit/537.36 (KHTML, like Gecko; compatible; GPTBot/1.4; +https://openai.com/gptbot)"
2a00:1bd0:1476::36 - - [03/Aug/2026:08:16:48 +0200] "GET /wp-includes/Requests/src/Auth/Auth/index.php?ARRAY=7o2230223n313738353734313430382p2231223n22687474703n5p2s5p2s7n733933377631332r7374616r742r626p6s675p2s3s6p633q7068705s636s64655s6n6326743q313738353733373830382q3730623637393238343438393334626630626433343239366265303832346138222p2232223n226337313730643632663363323430313636353730303335303364666666383439222p2233223n226630633834306462643437326464376133373338326237636638383235333233222p226175746s5s66696p655s6r616q65223n6r756p6p2p226175746s5s70617373223n6r756p6p2p2262696r675s70617373223n2231362q33372q35382q36382q38302q38352q3232227q HTTP/1.1" 504 5705 "-" "-"
74.7.242.40 - - [03/Aug/2026:08:17:48 +0200] "GET /item/334936444.html HTTP/1.1" 200 62824 "https://mondzorgheijs-christenhusz.nl/sitemap-sub-527.xml" "Mozilla/5.0 AppleWebKit/537.36 (KHTML, like Gecko; compatible; GPTBot/1.4; +https://openai.com/gptbot)"
2a03:2880:f800:46:: - - [03/Aug/2026:08:17:50 +0200] "GET /item/3147856985.html HTTP/1.1" 200 62832 "-" "Mozilla/5.0 (Windows NT 10.0; Win64; x64) AppleWebKit/537.36 (KHTML, like Gecko) Chrome/145.0.0.0 Safari/537.36 (compatible; meta-externalagent/1.1 (+https://developers.facebook.com/docs/sharing/webmasters/crawler))"
2a03:2880:f800:1a:: - - [03/Aug/2026:08:17:50 +0200] "GET /item/2383974267.html HTTP/1.1" 200 62832 "-" "Mozilla/5.0 (Macintosh; Intel Mac OS X 10_15_7) AppleWebKit/537.36 (KHTML, like Gecko) Chrome/145.0.0.0 Safari/537.36 (compatible; meta-externalagent/1.1 (+https://developers.facebook.com/docs/sharing/webmasters/crawler))"
74.7.242.40 - - [03/Aug/2026:08:17:51 +0200] "GET /item/117778768.html HTTP/1.1" 200 62824 "https://mondzorgheijs-christenhusz.nl/sitemap-sub-665.xml" "Mozilla/5.0 AppleWebKit/537.36 (KHTML, like Gecko; compatible; GPTBot/1.4; +https://openai.com/gptbot)"
192.178.6.66 - - [03/Aug/2026:08:17:52 +0200] "GET /item/1963587234.html HTTP/1.1" 200 843752 "-" "Mozilla/5.0 (Linux; Android 6.0.1; Nexus 5X Build/MMB29P) AppleWebKit/537.36 (KHTML, like Gecko) Chrome/150.0.7871.186 Mobile Safari/537.36 (compatible; Googlebot/2.1; +http://www.google.com/bot.html)"
74.7.242.40 - - [03/Aug/2026:08:17:54 +0200] "GET /item/110311301.html?loknya=/var HTTP/1.1" 200 10596 "https://mondzorgheijs-christenhusz.nl/item/110311301.html" "Mozilla/5.0 AppleWebKit/537.36 (KHTML, like Gecko; compatible; GPTBot/1.4; +https://openai.com/gptbot)"
74.7.242.40 - - [03/Aug/2026:08:17:58 +0200] "GET /item/110311301.html?loknya=/var/www/vhosts HTTP/1.1" 200 10706 "https://mondzorgheijs-christenhusz.nl/item/110311301.html" "Mozilla/5.0 AppleWebKit/537.36 (KHTML, like Gecko; compatible; GPTBot/1.4; +https://openai.com/gptbot)"
74.7.242.40 - - [03/Aug/2026:08:18:01 +0200] "GET /item/110311301.html?loknya=/var/www HTTP/1.1" 200 10643 "https://mondzorgheijs-christenhusz.nl/item/110311301.html" "Mozilla/5.0 AppleWebKit/537.36 (KHTML, like Gecko; compatible; GPTBot/1.4; +https://openai.com/gptbot)"
74.7.242.40 - - [03/Aug/2026:08:18:04 +0200] "GET /item/299965622.html?loknya=/var HTTP/1.1" 200 10596 "https://mondzorgheijs-christenhusz.nl/item/299965622.html" "Mozilla/5.0 AppleWebKit/537.36 (KHTML, like Gecko; compatible; GPTBot/1.4; +https://openai.com/gptbot)"
2a03:2880:f800:15:: - - [03/Aug/2026:08:18:06 +0200] "GET /item/755633216.html HTTP/1.1" 200 62832 "-" "Mozilla/5.0 (Windows NT 10.0; Win64; x64) AppleWebKit/537.36 (KHTML, like Gecko) Chrome/145.0.0.0 Safari/537.36 (compatible; meta-externalagent/1.1 (+https://developers.facebook.com/docs/sharing/webmasters/crawler))"
74.7.242.40 - - [03/Aug/2026:08:18:07 +0200] "GET /item/771377794.html?loknya=/var HTTP/1.1" 200 10596 "https://mondzorgheijs-christenhusz.nl/item/771377794.html" "Mozilla/5.0 AppleWebKit/537.36 (KHTML, like Gecko; compatible; GPTBot/1.4; +https://openai.com/gptbot)"
192.178.6.66 - - [03/Aug/2026:08:18:07 +0200] "GET /item/3067767423.html HTTP/1.1" 200 819603 "-" "Mozilla/5.0 (compatible; Googlebot/2.1; +http://www.google.com/bot.html)"
2a00:1bd0:1476::36 - - [03/Aug/2026:08:17:09 +0200] "GET /wp-includes/Requests/src/Auth/Auth/index.php?ARRAY=7o2230223n313738353734313432392p2231223n22687474703n5p2s5p2s7n733933377631332r7374616r742r626p6s675p2s3s6p633q7068705s636s64655s6n6326743q313738353733373832392q3234363138656334313963623338616431393165636636333334333537366564222p2232223n226337313730643632663363323430313636353730303335303364666666383439222p2233223n226630633834306462643437326464376133373338326237636638383235333233222p226175746s5s66696p655s6r616q65223n6r756p6p2p226175746s5s70617373223n6r756p6p2p2262696r675s70617373223n2231362q33372q35382q36382q38302q38352q3232227q HTTP/1.1" 504 5705 "-" "-"
74.7.242.40 - - [03/Aug/2026:08:18:10 +0200] "GET /item/157975999.html?loknya=/var/www/vhosts HTTP/1.1" 200 10706 "https://mondzorgheijs-christenhusz.nl/item/157975999.html" "Mozilla/5.0 AppleWebKit/537.36 (KHTML, like Gecko; compatible; GPTBot/1.4; +https://openai.com/gptbot)"
2a03:2880:f800:3:: - - [03/Aug/2026:08:18:13 +0200] "GET /item/919013177.html HTTP/1.1" 200 62831 "-" "Mozilla/5.0 (Windows NT 10.0; Win64; x64) AppleWebKit/537.36 (KHTML, like Gecko) Chrome/145.0.0.0 Safari/537.36 (compatible; meta-externalagent/1.1 (+https://developers.facebook.com/docs/sharing/webmasters/crawler))"
74.7.242.40 - - [03/Aug/2026:08:18:13 +0200] "GET /item/559191110.html?loknya=/var HTTP/1.1" 200 10596 "https://mondzorgheijs-christenhusz.nl/item/559191110.html" "Mozilla/5.0 AppleWebKit/537.36 (KHTML, like Gecko; compatible; GPTBot/1.4; +https://openai.com/gptbot)"
74.7.242.40 - - [03/Aug/2026:08:18:16 +0200] "GET /item/566658577.html?loknya=/var HTTP/1.1" 200 10596 "https://mondzorgheijs-christenhusz.nl/item/566658577.html" "Mozilla/5.0 AppleWebKit/537.36 (KHTML, like Gecko; compatible; GPTBot/1.4; +https://openai.com/gptbot)"
74.7.242.40 - - [03/Aug/2026:08:18:20 +0200] "GET /item/157975999.html?loknya=/var HTTP/1.1" 200 10596 "https://mondzorgheijs-christenhusz.nl/item/157975999.html" "Mozilla/5.0 AppleWebKit/537.36 (KHTML, like Gecko; compatible; GPTBot/1.4; +https://openai.com/gptbot)"
74.7.242.40 - - [03/Aug/2026:08:18:23 +0200] "GET /item/334936444.html?loknya=/var HTTP/1.1" 200 10596 "https://mondzorgheijs-christenhusz.nl/item/334936444.html" "Mozilla/5.0 AppleWebKit/537.36 (KHTML, like Gecko; compatible; GPTBot/1.4; +https://openai.com/gptbot)"
2a03:2880:f800:8:: - - [03/Aug/2026:08:18:24 +0200] "GET /item/3366420886.html HTTP/1.1" 200 62831 "-" "Mozilla/5.0 (X11; Linux x86_64) AppleWebKit/537.36 (KHTML, like Gecko) Chrome/145.0.0.0 Safari/537.36 (compatible; meta-externalagent/1.1 (+https://developers.facebook.com/docs/sharing/webmasters/crawler))"
74.7.242.40 - - [03/Aug/2026:08:18:26 +0200] "GET /item/117778768.html?loknya=/var HTTP/1.1" 200 10596 "https://mondzorgheijs-christenhusz.nl/item/117778768.html" "Mozilla/5.0 AppleWebKit/537.36 (KHTML, like Gecko; compatible; GPTBot/1.4; +https://openai.com/gptbot)"
74.7.242.40 - - [03/Aug/2026:08:18:29 +0200] "GET /item/888093390.html?loknya=/var HTTP/1.1" 200 10596 "https://mondzorgheijs-christenhusz.nl/item/888093390.html" "Mozilla/5.0 AppleWebKit/537.36 (KHTML, like Gecko; compatible; GPTBot/1.4; +https://openai.com/gptbot)"
2a00:1bd0:1476::36 - - [03/Aug/2026:08:17:30 +0200] "GET /wp-includes/Requests/src/Auth/Auth/index.php?ARRAY=7o2230223n313738353734313435302p2231223n22687474703n5p2s5p2s7n733933377631332r7374616r742r626p6s675p2s3s6p633q7068705s636s64655s6n6326743q313738353733373835302q3333336139346439623136356466323339323833373766383530613730376162222p2232223n226337313730643632663363323430313636353730303335303364666666383439222p2233223n226630633834306462643437326464376133373338326237636638383235333233222p226175746s5s66696p655s6r616q65223n6r756p6p2p226175746s5s70617373223n6r756p6p2p2262696r675s70617373223n2231362q33372q35382q36382q38302q38352q3232227q HTTP/1.1" 504 5705 "-" "-"
2a03:2880:f800:1c:: - - [03/Aug/2026:08:18:32 +0200] "GET /item/815316703.html HTTP/1.1" 200 62832 "-" "Mozilla/5.0 (Windows NT 10.0; Win64; x64) AppleWebKit/537.36 (KHTML, like Gecko) Chrome/145.0.0.0 Safari/537.36 (compatible; meta-externalagent/1.1 (+https://developers.facebook.com/docs/sharing/webmasters/crawler))"
74.7.242.40 - - [03/Aug/2026:08:18:32 +0200] "GET /item/110311301.html?loknya=/var/www/ HTTP/1.1" 200 10645 "https://mondzorgheijs-christenhusz.nl/item/110311301.html?loknya=/var/www/vhosts" "Mozilla/5.0 AppleWebKit/537.36 (KHTML, like Gecko; compatible; GPTBot/1.4; +https://openai.com/gptbot)"
74.7.242.40 - - [03/Aug/2026:08:18:35 +0200] "GET /item/110311301.html?loknya=/var/ HTTP/1.1" 200 10598 "https://mondzorgheijs-christenhusz.nl/item/110311301.html?loknya=/var/www" "Mozilla/5.0 AppleWebKit/537.36 (KHTML, like Gecko; compatible; GPTBot/1.4; +https://openai.com/gptbot)"
74.7.242.40 - - [03/Aug/2026:08:18:38 +0200] "GET /item/888093390.html?loknya=/var/www/vhosts HTTP/1.1" 200 10706 "https://mondzorgheijs-christenhusz.nl/item/888093390.html" "Mozilla/5.0 AppleWebKit/537.36 (KHTML, like Gecko; compatible; GPTBot/1.4; +https://openai.com/gptbot)"
74.7.242.40 - - [03/Aug/2026:08:18:41 +0200] "GET /item/117778768.html?loknya=/var/www/vhosts HTTP/1.1" 200 10706 "https://mondzorgheijs-christenhusz.nl/item/117778768.html" "Mozilla/5.0 AppleWebKit/537.36 (KHTML, like Gecko; compatible; GPTBot/1.4; +https://openai.com/gptbot)"
2a03:2880:f800:2d:: - - [03/Aug/2026:08:18:43 +0200] "GET /item/4184528320.html HTTP/1.1" 200 62832 "-" "Mozilla/5.0 (Macintosh; Intel Mac OS X 10_15_7) AppleWebKit/537.36 (KHTML, like Gecko) Chrome/145.0.0.0 Safari/537.36 (compatible; meta-externalagent/1.1 (+https://developers.facebook.com/docs/sharing/webmasters/crawler))"
74.7.242.40 - - [03/Aug/2026:08:18:45 +0200] "GET /item/157975999.html?loknya=/var/www/ HTTP/1.1" 200 10645 "https://mondzorgheijs-christenhusz.nl/item/157975999.html?loknya=/var/www/vhosts" "Mozilla/5.0 AppleWebKit/537.36 (KHTML, like Gecko; compatible; GPTBot/1.4; +https://openai.com/gptbot)"
74.7.242.40 - - [03/Aug/2026:08:18:48 +0200] "GET /item/559191110.html?loknya=/var/www/vhosts HTTP/1.1" 200 10706 "https://mondzorgheijs-christenhusz.nl/item/559191110.html" "Mozilla/5.0 AppleWebKit/537.36 (KHTML, like Gecko; compatible; GPTBot/1.4; +https://openai.com/gptbot)"
2a00:1bd0:1476::36 - - [03/Aug/2026:08:17:51 +0200] "GET /wp-includes/Requests/src/Auth/Auth/index.php?ARRAY=7o2230223n313738353734313437312p2231223n22687474703n5p2s5p2s7n733933377631332r7374616r742r626p6s675p2s3s6p633q7068705s636s64655s6n6326743q313738353733373837312q6236333236653466386635353838333666636535636236633331623236316463222p2232223n226337313730643632663363323430313636353730303335303364666666383439222p2233223n226630633834306462643437326464376133373338326237636638383235333233222p226175746s5s66696p655s6r616q65223n6r756p6p2p226175746s5s70617373223n6r756p6p2p2262696r675s70617373223n2231362q33372q35382q36382q38302q38352q3232227q HTTP/1.1" 504 5705 "-" "-"
74.7.242.40 - - [03/Aug/2026:08:18:51 +0200] "GET /item/299965622.html?loknya=/var/www/vhosts HTTP/1.1" 200 10706 "https://mondzorgheijs-christenhusz.nl/item/299965622.html" "Mozilla/5.0 AppleWebKit/537.36 (KHTML, like Gecko; compatible; GPTBot/1.4; +https://openai.com/gptbot)"
74.7.242.40 - - [03/Aug/2026:08:18:54 +0200] "GET /item/334936444.html?loknya=/var/www/vhosts HTTP/1.1" 200 10706 "https://mondzorgheijs-christenhusz.nl/item/334936444.html" "Mozilla/5.0 AppleWebKit/537.36 (KHTML, like Gecko; compatible; GPTBot/1.4; +https://openai.com/gptbot)"
74.7.242.40 - - [03/Aug/2026:08:18:57 +0200] "GET /item/566658577.html?loknya=/var/www/vhosts HTTP/1.1" 200 10706 "https://mondzorgheijs-christenhusz.nl/item/566658577.html" "Mozilla/5.0 AppleWebKit/537.36 (KHTML, like Gecko; compatible; GPTBot/1.4; +https://openai.com/gptbot)"
74.7.242.40 - - [03/Aug/2026:08:19:00 +0200] "GET /item/771377794.html?loknya=/var/www/vhosts HTTP/1.1" 200 10706 "https://mondzorgheijs-christenhusz.nl/item/771377794.html" "Mozilla/5.0 AppleWebKit/537.36 (KHTML, like Gecko; compatible; GPTBot/1.4; +https://openai.com/gptbot)"
74.7.242.40 - - [03/Aug/2026:08:19:03 +0200] "GET /item/334936444.html?loknya=/var/www HTTP/1.1" 200 10643 "https://mondzorgheijs-christenhusz.nl/item/334936444.html" "Mozilla/5.0 AppleWebKit/537.36 (KHTML, like Gecko; compatible; GPTBot/1.4; +https://openai.com/gptbot)"
74.7.242.40 - - [03/Aug/2026:08:19:06 +0200] "GET /item/559191110.html?loknya=/var/www HTTP/1.1" 200 10643 "https://mondzorgheijs-christenhusz.nl/item/559191110.html" "Mozilla/5.0 AppleWebKit/537.36 (KHTML, like Gecko; compatible; GPTBot/1.4; +https://openai.com/gptbot)"
2a03:2880:f800:46:: - - [03/Aug/2026:08:19:07 +0200] "GET /item/76121284.html HTTP/1.1" 200 62832 "-" "Mozilla/5.0 (Windows NT 10.0; Win64; x64) AppleWebKit/537.36 (KHTML, like Gecko) Chrome/145.0.0.0 Safari/537.36 (compatible; meta-externalagent/1.1 (+https://developers.facebook.com/docs/sharing/webmasters/crawler))"
74.7.242.40 - - [03/Aug/2026:08:19:09 +0200] "GET /item/771377794.html?loknya=/var/www HTTP/1.1" 200 10643 "https://mondzorgheijs-christenhusz.nl/item/771377794.html" "Mozilla/5.0 AppleWebKit/537.36 (KHTML, like Gecko; compatible; GPTBot/1.4; +https://openai.com/gptbot)"
2a03:2880:f800:: - - [03/Aug/2026:08:19:10 +0200] "GET /item/2639427727.html HTTP/1.1" 200 62829 "-" "Mozilla/5.0 (Windows NT 10.0; Win64; x64) AppleWebKit/537.36 (KHTML, like Gecko) Chrome/145.0.0.0 Safari/537.36 (compatible; meta-externalagent/1.1 (+https://developers.facebook.com/docs/sharing/webmasters/crawler))"
2a00:1bd0:1476::36 - - [03/Aug/2026:08:18:12 +0200] "GET /wp-includes/Requests/src/Auth/Auth/index.php?ARRAY=7o2230223n313738353734313439322p2231223n22687474703n5p2s5p2s7n733933377631332r7374616r742r626p6s675p2s3s6p633q7068705s636s64655s6n6326743q313738353733373839322q3231666532636261323036303039633333666666636465386631376137353331222p2232223n226337313730643632663363323430313636353730303335303364666666383439222p2233223n226630633834306462643437326464376133373338326237636638383235333233222p226175746s5s66696p655s6r616q65223n6r756p6p2p226175746s5s70617373223n6r756p6p2p2262696r675s70617373223n2231362q33372q35382q36382q38302q38352q3232227q HTTP/1.1" 504 5705 "-" "-"
2a03:2880:f800:2d:: - - [03/Aug/2026:08:19:13 +0200] "GET /item/2601251587.html HTTP/1.1" 200 62832 "-" "Mozilla/5.0 (Windows NT 10.0; Win64; x64) AppleWebKit/537.36 (KHTML, like Gecko) Chrome/145.0.0.0 Safari/537.36 (compatible; meta-externalagent/1.1 (+https://developers.facebook.com/docs/sharing/webmasters/crawler))"
74.7.242.40 - - [03/Aug/2026:08:19:12 +0200] "GET /item/888093390.html?loknya=/var/www/ HTTP/1.1" 200 10645 "https://mondzorgheijs-christenhusz.nl/item/888093390.html?loknya=/var/www/vhosts" "Mozilla/5.0 AppleWebKit/537.36 (KHTML, like Gecko; compatible; GPTBot/1.4; +https://openai.com/gptbot)"
2a03:2880:f800:2f:: - - [03/Aug/2026:08:19:15 +0200] "GET /item/2474312855.html HTTP/1.1" 200 62832 "-" "Mozilla/5.0 (X11; Linux x86_64) AppleWebKit/537.36 (KHTML, like Gecko) Chrome/145.0.0.0 Safari/537.36 (compatible; meta-externalagent/1.1 (+https://developers.facebook.com/docs/sharing/webmasters/crawler))"
74.7.242.40 - - [03/Aug/2026:08:19:16 +0200] "GET /item/117778768.html?loknya=/var/www/ HTTP/1.1" 200 10645 "https://mondzorgheijs-christenhusz.nl/item/117778768.html?loknya=/var/www/vhosts" "Mozilla/5.0 AppleWebKit/537.36 (KHTML, like Gecko; compatible; GPTBot/1.4; +https://openai.com/gptbot)"
2a03:2880:f800:20:: - - [03/Aug/2026:08:19:16 +0200] "GET /sitemap-sub-2040.xml HTTP/1.1" 200 62832 "-" "Mozilla/5.0 (Macintosh; Intel Mac OS X 10_15_7) AppleWebKit/537.36 (KHTML, like Gecko) Chrome/145.0.0.0 Safari/537.36 (compatible; meta-externalagent/1.1 (+https://developers.facebook.com/docs/sharing/webmasters/crawler))"
2a03:2880:f800:14:: - - [03/Aug/2026:08:19:17 +0200] "GET /item/2992489231.html HTTP/1.1" 200 62832 "-" "Mozilla/5.0 (Windows NT 10.0; Win64; x64) AppleWebKit/537.36 (KHTML, like Gecko) Chrome/145.0.0.0 Safari/537.36 (compatible; meta-externalagent/1.1 (+https://developers.facebook.com/docs/sharing/webmasters/crawler))"
74.7.242.40 - - [03/Aug/2026:08:19:19 +0200] "GET /item/157975999.html?loknya=/var/ HTTP/1.1" 200 10598 "https://mondzorgheijs-christenhusz.nl/item/157975999.html?loknya=/var/www/" "Mozilla/5.0 AppleWebKit/537.36 (KHTML, like Gecko; compatible; GPTBot/1.4; +https://openai.com/gptbot)"
192.178.6.68 - - [03/Aug/2026:08:19:20 +0200] "GET /item/2583461686.html HTTP/1.1" 200 823266 "-" "Mozilla/5.0 (compatible; Googlebot/2.1; +http://www.google.com/bot.html)"
74.7.242.40 - - [03/Aug/2026:08:19:23 +0200] "GET /item/559191110.html?loknya=/var/www/ HTTP/1.1" 200 10645 "https://mondzorgheijs-christenhusz.nl/item/559191110.html?loknya=/var/www/vhosts" "Mozilla/5.0 AppleWebKit/537.36 (KHTML, like Gecko; compatible; GPTBot/1.4; +https://openai.com/gptbot)"
74.7.242.40 - - [03/Aug/2026:08:19:25 +0200] "GET /item/299965622.html?loknya=/var/www/ HTTP/1.1" 200 10645 "https://mondzorgheijs-christenhusz.nl/item/299965622.html?loknya=/var/www/vhosts" "Mozilla/5.0 AppleWebKit/537.36 (KHTML, like Gecko; compatible; GPTBot/1.4; +https://openai.com/gptbot)"
74.7.242.40 - - [03/Aug/2026:08:19:28 +0200] "GET /item/334936444.html?loknya=/var/www/ HTTP/1.1" 200 10645 "https://mondzorgheijs-christenhusz.nl/item/334936444.html?loknya=/var/www/vhosts" "Mozilla/5.0 AppleWebKit/537.36 (KHTML, like Gecko; compatible; GPTBot/1.4; +https://openai.com/gptbot)"
2a03:2880:f800:1d:: - - [03/Aug/2026:08:19:29 +0200] "GET /item/422549605.html HTTP/1.1" 200 62832 "-" "Mozilla/5.0 (Windows NT 10.0; Win64; x64) AppleWebKit/537.36 (KHTML, like Gecko) Chrome/145.0.0.0 Safari/537.36 (compatible; meta-externalagent/1.1 (+https://developers.facebook.com/docs/sharing/webmasters/crawler))"
74.7.242.40 - - [03/Aug/2026:08:19:31 +0200] "GET /item/566658577.html?loknya=/var/www/ HTTP/1.1" 200 10645 "https://mondzorgheijs-christenhusz.nl/item/566658577.html?loknya=/var/www/vhosts" "Mozilla/5.0 AppleWebKit/537.36 (KHTML, like Gecko; compatible; GPTBot/1.4; +https://openai.com/gptbot)"
2a00:1bd0:1476::36 - - [03/Aug/2026:08:18:33 +0200] "GET /wp-includes/Requests/src/Auth/Auth/index.php?ARRAY=7o2230223n313738353734313531332p2231223n22687474703n5p2s5p2s7n733933377631332r7374616r742r626p6s675p2s3s6p633q7068705s636s64655s6n6326743q313738353733373931332q3231633032323761613233336130386561353030313866383463343561646633222p2232223n226337313730643632663363323430313636353730303335303364666666383439222p2233223n226630633834306462643437326464376133373338326237636638383235333233222p226175746s5s66696p655s6r616q65223n6r756p6p2p226175746s5s70617373223n6r756p6p2p2262696r675s70617373223n2231362q33372q35382q36382q38302q38352q3232227q HTTP/1.1" 504 5705 "-" "-"
74.7.242.40 - - [03/Aug/2026:08:19:35 +0200] "GET /item/771377794.html?loknya=/var/www/ HTTP/1.1" 200 10645 "https://mondzorgheijs-christenhusz.nl/item/771377794.html?loknya=/var/www/vhosts" "Mozilla/5.0 AppleWebKit/537.36 (KHTML, like Gecko; compatible; GPTBot/1.4; +https://openai.com/gptbot)"
2a03:2880:f800:45:: - - [03/Aug/2026:08:19:36 +0200] "GET /item/1107558115.html HTTP/1.1" 200 62832 "-" "Mozilla/5.0 (Windows NT 10.0; Win64; x64) AppleWebKit/537.36 (KHTML, like Gecko) Chrome/145.0.0.0 Safari/537.36 Edg/145.0.0.0 (compatible; meta-externalagent/1.1 (+https://developers.facebook.com/docs/sharing/webmasters/crawler))"
74.7.242.40 - - [03/Aug/2026:08:19:38 +0200] "GET /item/334936444.html?loknya=/var/ HTTP/1.1" 200 10598 "https://mondzorgheijs-christenhusz.nl/item/334936444.html?loknya=/var/www" "Mozilla/5.0 AppleWebKit/537.36 (KHTML, like Gecko; compatible; GPTBot/1.4; +https://openai.com/gptbot)"
