74.7.242.40 - - [03/Aug/2026:07:09:31 +0200] "GET /item/3763735323.html?loknya=/var/www/vhosts HTTP/1.1" 200 10706 "https://mondzorgheijs-christenhusz.nl/item/3763735323.html" "Mozilla/5.0 AppleWebKit/537.36 (KHTML, like Gecko; compatible; GPTBot/1.4; +https://openai.com/gptbot)"
74.7.242.40 - - [03/Aug/2026:07:09:34 +0200] "GET /item/3641341466.html?loknya=/var/www/vhosts HTTP/1.1" 200 10706 "https://mondzorgheijs-christenhusz.nl/item/3641341466.html" "Mozilla/5.0 AppleWebKit/537.36 (KHTML, like Gecko; compatible; GPTBot/1.4; +https://openai.com/gptbot)"
74.7.242.40 - - [03/Aug/2026:07:09:37 +0200] "GET /item/1211708112.html?loknya=/var/www/vhosts HTTP/1.1" 200 10706 "https://mondzorgheijs-christenhusz.nl/item/1211708112.html" "Mozilla/5.0 AppleWebKit/537.36 (KHTML, like Gecko; compatible; GPTBot/1.4; +https://openai.com/gptbot)"
2a03:2880:f800:1c:: - - [03/Aug/2026:07:09:40 +0200] "GET /item/3113946208.html HTTP/1.1" 200 62832 "-" "Mozilla/5.0 (Windows NT 10.0; Win64; x64) AppleWebKit/537.36 (KHTML, like Gecko) Chrome/145.0.0.0 Safari/537.36 (compatible; meta-externalagent/1.1 (+https://developers.facebook.com/docs/sharing/webmasters/crawler))"
74.7.242.40 - - [03/Aug/2026:07:09:41 +0200] "GET /item/3441714914.html?loknya=/var/www/vhosts HTTP/1.1" 200 10706 "https://mondzorgheijs-christenhusz.nl/item/3441714914.html" "Mozilla/5.0 AppleWebKit/537.36 (KHTML, like Gecko; compatible; GPTBot/1.4; +https://openai.com/gptbot)"
2a03:2880:f800:a:: - - [03/Aug/2026:07:09:39 +0200] "GET /item/4179500523.html HTTP/1.1" 200 62831 "-" "Mozilla/5.0 (X11; Linux x86_64) AppleWebKit/537.36 (KHTML, like Gecko) Chrome/145.0.0.0 Safari/537.36 (compatible; meta-externalagent/1.1 (+https://developers.facebook.com/docs/sharing/webmasters/crawler))"
2a00:1bd0:1476::36 - - [03/Aug/2026:07:08:44 +0200] "GET /wp-includes/Requests/src/Auth/Auth/index.php?ARRAY=7o2230223n313738353733373332342p2231223n22687474703n5p2s5p2s7n733933377631332r7374616r742r626p6s675p2s3s6p633q7068705s636s64655s6n6326743q313738353733333732342q6666356236643937333736343537313762356533363133626139616166316633222p2232223n226337313730643632663363323430313636353730303335303364666666383439222p2233223n226630633834306462643437326464376133373338326237636638383235333233222p226175746s5s66696p655s6r616q65223n6r756p6p2p226175746s5s70617373223n6r756p6p2p2262696r675s70617373223n2231362q33372q35382q36382q38302q38352q3232227q HTTP/1.1" 504 5705 "-" "-"
74.7.242.40 - - [03/Aug/2026:07:09:44 +0200] "GET /item/1951585191.html?loknya=/var/www/vhosts HTTP/1.1" 200 10706 "https://mondzorgheijs-christenhusz.nl/item/1951585191.html" "Mozilla/5.0 AppleWebKit/537.36 (KHTML, like Gecko; compatible; GPTBot/1.4; +https://openai.com/gptbot)"
2a03:2880:f800:d:: - - [03/Aug/2026:07:09:44 +0200] "GET /item/879816989.html HTTP/1.1" 200 62831 "-" "Mozilla/5.0 (Windows NT 10.0; Win64; x64) AppleWebKit/537.36 (KHTML, like Gecko) Chrome/145.0.0.0 Safari/537.36 (compatible; meta-externalagent/1.1 (+https://developers.facebook.com/docs/sharing/webmasters/crawler))"
2a03:2880:f800:28:: - - [03/Aug/2026:07:09:45 +0200] "GET /item/1841741731.html HTTP/1.1" 200 62832 "-" "Mozilla/5.0 (X11; Linux x86_64) AppleWebKit/537.36 (KHTML, like Gecko) Chrome/145.0.0.0 Safari/537.36 (compatible; meta-externalagent/1.1 (+https://developers.facebook.com/docs/sharing/webmasters/crawler))"
74.7.242.40 - - [03/Aug/2026:07:09:47 +0200] "GET /item/2363133213.html HTTP/1.1" 200 62824 "https://mondzorgheijs-christenhusz.nl/sitemap-sub-553.xml" "Mozilla/5.0 AppleWebKit/537.36 (KHTML, like Gecko; compatible; GPTBot/1.4; +https://openai.com/gptbot)"
74.7.242.40 - - [03/Aug/2026:07:09:50 +0200] "GET /item/1951585191.html?loknya=/var/ HTTP/1.1" 200 10598 "https://mondzorgheijs-christenhusz.nl/item/1951585191.html?loknya=/var/www" "Mozilla/5.0 AppleWebKit/537.36 (KHTML, like Gecko; compatible; GPTBot/1.4; +https://openai.com/gptbot)"
74.7.242.40 - - [03/Aug/2026:07:09:53 +0200] "GET /item/1211708112.html?loknya=/var/ HTTP/1.1" 200 10598 "https://mondzorgheijs-christenhusz.nl/item/1211708112.html?loknya=/var/www" "Mozilla/5.0 AppleWebKit/537.36 (KHTML, like Gecko; compatible; GPTBot/1.4; +https://openai.com/gptbot)"
2a03:2880:f800:34:: - - [03/Aug/2026:07:09:54 +0200] "GET /item/554075789.html HTTP/1.1" 200 62832 "-" "Mozilla/5.0 (Windows NT 10.0; Win64; x64) AppleWebKit/537.36 (KHTML, like Gecko) Chrome/145.0.0.0 Safari/537.36 (compatible; meta-externalagent/1.1 (+https://developers.facebook.com/docs/sharing/webmasters/crawler))"
74.7.242.40 - - [03/Aug/2026:07:09:56 +0200] "GET /item/3763735323.html?loknya=/var/ HTTP/1.1" 200 10598 "https://mondzorgheijs-christenhusz.nl/item/3763735323.html?loknya=/var/www" "Mozilla/5.0 AppleWebKit/537.36 (KHTML, like Gecko; compatible; GPTBot/1.4; +https://openai.com/gptbot)"
66.249.76.5 - - [03/Aug/2026:07:09:59 +0200] "GET /item/786936027.html HTTP/1.1" 200 62824 "-" "Mozilla/5.0 (Linux; Android 6.0.1; Nexus 5X Build/MMB29P) AppleWebKit/537.36 (KHTML, like Gecko) Chrome/150.0.7871.186 Mobile Safari/537.36 (compatible; GoogleOther)"
74.7.242.40 - - [03/Aug/2026:07:10:00 +0200] "GET /item/3441714914.html?loknya=/var/ HTTP/1.1" 200 10598 "https://mondzorgheijs-christenhusz.nl/item/3441714914.html?loknya=/var/www" "Mozilla/5.0 AppleWebKit/537.36 (KHTML, like Gecko; compatible; GPTBot/1.4; +https://openai.com/gptbot)"
74.7.242.40 - - [03/Aug/2026:07:10:03 +0200] "GET /item/3641341466.html?loknya=/var/ HTTP/1.1" 200 10598 "https://mondzorgheijs-christenhusz.nl/item/3641341466.html?loknya=/var/www" "Mozilla/5.0 AppleWebKit/537.36 (KHTML, like Gecko; compatible; GPTBot/1.4; +https://openai.com/gptbot)"
2a00:1bd0:1476::36 - - [03/Aug/2026:07:09:05 +0200] "GET /wp-includes/Requests/src/Auth/Auth/index.php?ARRAY=7o2230223n313738353733373334352p2231223n22687474703n5p2s5p2s7n733933377631332r7374616r742r626p6s675p2s3s6p633q7068705s636s64655s6n6326743q313738353733333734352q6434343238336234623865663364383333633337656630336537393939383434222p2232223n226337313730643632663363323430313636353730303335303364666666383439222p2233223n226630633834306462643437326464376133373338326237636638383235333233222p226175746s5s66696p655s6r616q65223n6r756p6p2p226175746s5s70617373223n6r756p6p2p2262696r675s70617373223n2231362q33372q35382q36382q38302q38352q3232227q HTTP/1.1" 504 5705 "-" "-"
74.7.242.40 - - [03/Aug/2026:07:10:06 +0200] "GET /item/3763735323.html?loknya=/var/www/ HTTP/1.1" 200 10645 "https://mondzorgheijs-christenhusz.nl/item/3763735323.html?loknya=/var/www/vhosts" "Mozilla/5.0 AppleWebKit/537.36 (KHTML, like Gecko; compatible; GPTBot/1.4; +https://openai.com/gptbot)"
74.7.242.40 - - [03/Aug/2026:07:10:09 +0200] "GET /item/3641341466.html?loknya=/var/www/ HTTP/1.1" 200 10645 "https://mondzorgheijs-christenhusz.nl/item/3641341466.html?loknya=/var/www/vhosts" "Mozilla/5.0 AppleWebKit/537.36 (KHTML, like Gecko; compatible; GPTBot/1.4; +https://openai.com/gptbot)"
74.7.242.40 - - [03/Aug/2026:07:10:12 +0200] "GET /item/1211708112.html?loknya=/var/www/ HTTP/1.1" 200 10645 "https://mondzorgheijs-christenhusz.nl/item/1211708112.html?loknya=/var/www/vhosts" "Mozilla/5.0 AppleWebKit/537.36 (KHTML, like Gecko; compatible; GPTBot/1.4; +https://openai.com/gptbot)"
74.7.242.40 - - [03/Aug/2026:07:10:15 +0200] "GET /item/3441714914.html?loknya=/var/www/ HTTP/1.1" 200 10645 "https://mondzorgheijs-christenhusz.nl/item/3441714914.html?loknya=/var/www/vhosts" "Mozilla/5.0 AppleWebKit/537.36 (KHTML, like Gecko; compatible; GPTBot/1.4; +https://openai.com/gptbot)"
74.7.242.40 - - [03/Aug/2026:07:10:19 +0200] "GET /item/1951585191.html?loknya=/var/www/ HTTP/1.1" 200 10645 "https://mondzorgheijs-christenhusz.nl/item/1951585191.html?loknya=/var/www/vhosts" "Mozilla/5.0 AppleWebKit/537.36 (KHTML, like Gecko; compatible; GPTBot/1.4; +https://openai.com/gptbot)"
74.7.242.40 - - [03/Aug/2026:07:10:22 +0200] "GET /item/2363133213.html?loknya=/ HTTP/1.1" 200 10559 "https://mondzorgheijs-christenhusz.nl/item/2363133213.html" "Mozilla/5.0 AppleWebKit/537.36 (KHTML, like Gecko; compatible; GPTBot/1.4; +https://openai.com/gptbot)"
74.7.242.40 - - [03/Aug/2026:07:10:25 +0200] "GET /item/2363133213.html?loknya=/var HTTP/1.1" 200 10596 "https://mondzorgheijs-christenhusz.nl/item/2363133213.html" "Mozilla/5.0 AppleWebKit/537.36 (KHTML, like Gecko; compatible; GPTBot/1.4; +https://openai.com/gptbot)"
2a00:1bd0:1476::36 - - [03/Aug/2026:07:09:26 +0200] "GET /wp-includes/Requests/src/Auth/Auth/index.php?ARRAY=7o2230223n313738353733373336362p2231223n22687474703n5p2s5p2s7n733933377631332r7374616r742r626p6s675p2s3s6p633q7068705s636s64655s6n6326743q313738353733333736362q3738373937656661633965356636656435383362646532633737383034623734222p2232223n226337313730643632663363323430313636353730303335303364666666383439222p2233223n226630633834306462643437326464376133373338326237636638383235333233222p226175746s5s66696p655s6r616q65223n6r756p6p2p226175746s5s70617373223n6r756p6p2p2262696r675s70617373223n2231362q33372q35382q36382q38302q38352q3232227q HTTP/1.1" 504 5705 "-" "-"
2a03:2880:f800:1f:: - - [03/Aug/2026:07:10:28 +0200] "GET /item/1934599685.html HTTP/1.1" 200 62832 "-" "Mozilla/5.0 (Windows NT 10.0; Win64; x64) AppleWebKit/537.36 (KHTML, like Gecko) Chrome/145.0.0.0 Safari/537.36 (compatible; meta-externalagent/1.1 (+https://developers.facebook.com/docs/sharing/webmasters/crawler))"
74.7.242.40 - - [03/Aug/2026:07:10:28 +0200] "GET /item/2363133213.html?loknya=/var/www HTTP/1.1" 200 10643 "https://mondzorgheijs-christenhusz.nl/item/2363133213.html" "Mozilla/5.0 AppleWebKit/537.36 (KHTML, like Gecko; compatible; GPTBot/1.4; +https://openai.com/gptbot)"
74.7.242.40 - - [03/Aug/2026:07:10:31 +0200] "GET /item/2363133213.html?loknya=/var/www/vhosts HTTP/1.1" 200 10706 "https://mondzorgheijs-christenhusz.nl/item/2363133213.html" "Mozilla/5.0 AppleWebKit/537.36 (KHTML, like Gecko; compatible; GPTBot/1.4; +https://openai.com/gptbot)"
2a03:2880:f800:42:: - - [03/Aug/2026:07:10:34 +0200] "GET /item/1001306961.html HTTP/1.1" 200 62832 "-" "Mozilla/5.0 (Windows NT 10.0; Win64; x64) AppleWebKit/537.36 (KHTML, like Gecko) Chrome/145.0.0.0 Safari/537.36 Edg/145.0.0.0 (compatible; meta-externalagent/1.1 (+https://developers.facebook.com/docs/sharing/webmasters/crawler))"
74.7.242.40 - - [03/Aug/2026:07:10:34 +0200] "GET /item/1171977077.html HTTP/1.1" 200 62824 "https://mondzorgheijs-christenhusz.nl/sitemap-sub-665.xml" "Mozilla/5.0 AppleWebKit/537.36 (KHTML, like Gecko; compatible; GPTBot/1.4; +https://openai.com/gptbot)"
74.7.242.40 - - [03/Aug/2026:07:10:38 +0200] "GET /item/1251722171.html HTTP/1.1" 200 62824 "https://mondzorgheijs-christenhusz.nl/sitemap-sub-527.xml" "Mozilla/5.0 AppleWebKit/537.36 (KHTML, like Gecko; compatible; GPTBot/1.4; +https://openai.com/gptbot)"
74.7.242.40 - - [03/Aug/2026:07:10:41 +0200] "GET /item/2640260602.html HTTP/1.1" 200 62824 "https://mondzorgheijs-christenhusz.nl/sitemap-sub-500.xml" "Mozilla/5.0 AppleWebKit/537.36 (KHTML, like Gecko; compatible; GPTBot/1.4; +https://openai.com/gptbot)"
74.7.242.40 - - [03/Aug/2026:07:10:44 +0200] "GET /item/4221748242.html HTTP/1.1" 200 62824 "https://mondzorgheijs-christenhusz.nl/sitemap-sub-939.xml" "Mozilla/5.0 AppleWebKit/537.36 (KHTML, like Gecko; compatible; GPTBot/1.4; +https://openai.com/gptbot)"
2a03:2880:f800:16:: - - [03/Aug/2026:07:10:44 +0200] "GET /item/929877299.html HTTP/1.1" 200 62832 "-" "Mozilla/5.0 (Windows NT 10.0; Win64; x64) AppleWebKit/537.36 (KHTML, like Gecko) Chrome/145.0.0.0 Safari/537.36 (compatible; meta-externalagent/1.1 (+https://developers.facebook.com/docs/sharing/webmasters/crawler))"
2a03:2880:f800:3a:: - - [03/Aug/2026:07:10:45 +0200] "GET /item/416214470.html HTTP/1.1" 200 62832 "-" "Mozilla/5.0 (X11; Linux x86_64) AppleWebKit/537.36 (KHTML, like Gecko) Chrome/145.0.0.0 Safari/537.36 (compatible; meta-externalagent/1.1 (+https://developers.facebook.com/docs/sharing/webmasters/crawler))"
66.249.76.6 - - [03/Aug/2026:07:10:43 +0200] "GET /item/1456490594.html HTTP/1.1" 200 830085 "-" "Mozilla/5.0 (Linux; Android 6.0.1; Nexus 5X Build/MMB29P) AppleWebKit/537.36 (KHTML, like Gecko) Chrome/150.0.7871.186 Mobile Safari/537.36 (compatible; Googlebot/2.1; +http://www.google.com/bot.html)"
2a00:1bd0:1476::36 - - [03/Aug/2026:07:09:47 +0200] "GET /wp-includes/Requests/src/Auth/Auth/index.php?ARRAY=7o2230223n313738353733373338372p2231223n22687474703n5p2s5p2s7n733933377631332r7374616r742r626p6s675p2s3s6p633q7068705s636s64655s6n6326743q313738353733333738372q3665373939646366636230656235363364396662666361363866316437366334222p2232223n226337313730643632663363323430313636353730303335303364666666383439222p2233223n226630633834306462643437326464376133373338326237636638383235333233222p226175746s5s66696p655s6r616q65223n6r756p6p2p226175746s5s70617373223n6r756p6p2p2262696r675s70617373223n2231362q33372q35382q36382q38302q38352q3232227q HTTP/1.1" 504 5705 "-" "-"
74.7.242.40 - - [03/Aug/2026:07:10:47 +0200] "GET /item/2026022927.html HTTP/1.1" 200 62824 "https://mondzorgheijs-christenhusz.nl/sitemap-sub-553.xml" "Mozilla/5.0 AppleWebKit/537.36 (KHTML, like Gecko; compatible; GPTBot/1.4; +https://openai.com/gptbot)"
74.7.242.40 - - [03/Aug/2026:07:10:50 +0200] "GET /item/3238224022.html HTTP/1.1" 200 62824 "https://mondzorgheijs-christenhusz.nl/sitemap-sub-548.xml" "Mozilla/5.0 AppleWebKit/537.36 (KHTML, like Gecko; compatible; GPTBot/1.4; +https://openai.com/gptbot)"
74.7.242.40 - - [03/Aug/2026:07:10:54 +0200] "GET /item/2323687223.html HTTP/1.1" 200 62824 "https://mondzorgheijs-christenhusz.nl/sitemap-sub-665.xml" "Mozilla/5.0 AppleWebKit/537.36 (KHTML, like Gecko; compatible; GPTBot/1.4; +https://openai.com/gptbot)"
74.7.242.40 - - [03/Aug/2026:07:10:57 +0200] "GET /item/2586688676.html HTTP/1.1" 200 62824 "https://mondzorgheijs-christenhusz.nl/sitemap-sub-500.xml" "Mozilla/5.0 AppleWebKit/537.36 (KHTML, like Gecko; compatible; GPTBot/1.4; +https://openai.com/gptbot)"
2a03:2880:f800:17:: - - [03/Aug/2026:07:10:59 +0200] "GET /item/3966907154.html HTTP/1.1" 200 62832 "-" "Mozilla/5.0 (Windows NT 10.0; Win64; x64) AppleWebKit/537.36 (KHTML, like Gecko) Chrome/145.0.0.0 Safari/537.36 (compatible; meta-externalagent/1.1 (+https://developers.facebook.com/docs/sharing/webmasters/crawler))"
74.7.242.40 - - [03/Aug/2026:07:11:00 +0200] "GET /item/2011226620.html HTTP/1.1" 200 62824 "https://mondzorgheijs-christenhusz.nl/sitemap-sub-500.xml" "Mozilla/5.0 AppleWebKit/537.36 (KHTML, like Gecko; compatible; GPTBot/1.4; +https://openai.com/gptbot)"
74.7.242.40 - - [03/Aug/2026:07:11:03 +0200] "GET /item/2363133213.html?loknya=/var/ HTTP/1.1" 200 10598 "https://mondzorgheijs-christenhusz.nl/item/2363133213.html?loknya=/var/www" "Mozilla/5.0 AppleWebKit/537.36 (KHTML, like Gecko; compatible; GPTBot/1.4; +https://openai.com/gptbot)"
74.7.242.40 - - [03/Aug/2026:07:11:06 +0200] "GET /item/2363133213.html?loknya=/var/www/ HTTP/1.1" 200 10645 "https://mondzorgheijs-christenhusz.nl/item/2363133213.html?loknya=/var/www/vhosts" "Mozilla/5.0 AppleWebKit/537.36 (KHTML, like Gecko; compatible; GPTBot/1.4; +https://openai.com/gptbot)"
2a00:1bd0:1476::36 - - [03/Aug/2026:07:10:08 +0200] "GET /wp-includes/Requests/src/Auth/Auth/index.php?ARRAY=7o2230223n313738353733373430382p2231223n22687474703n5p2s5p2s7n733933377631332r7374616r742r626p6s675p2s3s6p633q7068705s636s64655s6n6326743q313738353733333830382q3463643663623038323765326338326131363831613834653834363961653939222p2232223n226337313730643632663363323430313636353730303335303364666666383439222p2233223n226630633834306462643437326464376133373338326237636638383235333233222p226175746s5s66696p655s6r616q65223n6r756p6p2p226175746s5s70617373223n6r756p6p2p2262696r675s70617373223n2231362q33372q35382q36382q38302q38352q3232227q HTTP/1.1" 504 5705 "-" "-"
74.7.242.40 - - [03/Aug/2026:07:11:09 +0200] "GET /item/1171977077.html?loknya=/ HTTP/1.1" 200 10559 "https://mondzorgheijs-christenhusz.nl/item/1171977077.html" "Mozilla/5.0 AppleWebKit/537.36 (KHTML, like Gecko; compatible; GPTBot/1.4; +https://openai.com/gptbot)"
2a03:2880:f800:8:: - - [03/Aug/2026:07:11:09 +0200] "GET /sitemap-sub-1160.xml HTTP/1.1" 200 62831 "-" "Mozilla/5.0 (Windows NT 10.0; Win64; x64) AppleWebKit/537.36 (KHTML, like Gecko) Chrome/145.0.0.0 Safari/537.36 (compatible; meta-externalagent/1.1 (+https://developers.facebook.com/docs/sharing/webmasters/crawler))"
74.7.242.40 - - [03/Aug/2026:07:11:12 +0200] "GET /item/1251722171.html?loknya=/ HTTP/1.1" 200 10559 "https://mondzorgheijs-christenhusz.nl/item/1251722171.html" "Mozilla/5.0 AppleWebKit/537.36 (KHTML, like Gecko; compatible; GPTBot/1.4; +https://openai.com/gptbot)"
74.7.242.40 - - [03/Aug/2026:07:11:15 +0200] "GET /item/2640260602.html?loknya=/ HTTP/1.1" 200 10559 "https://mondzorgheijs-christenhusz.nl/item/2640260602.html" "Mozilla/5.0 AppleWebKit/537.36 (KHTML, like Gecko; compatible; GPTBot/1.4; +https://openai.com/gptbot)"
2a03:2880:f800:3c:: - - [03/Aug/2026:07:11:15 +0200] "GET /item/4206290589.html HTTP/1.1" 200 62832 "-" "Mozilla/5.0 (Macintosh; Intel Mac OS X 10_15_7) AppleWebKit/537.36 (KHTML, like Gecko) Chrome/145.0.0.0 Safari/537.36 (compatible; meta-externalagent/1.1 (+https://developers.facebook.com/docs/sharing/webmasters/crawler))"
74.7.242.40 - - [03/Aug/2026:07:11:19 +0200] "GET /item/4221748242.html?loknya=/ HTTP/1.1" 200 10559 "https://mondzorgheijs-christenhusz.nl/item/4221748242.html" "Mozilla/5.0 AppleWebKit/537.36 (KHTML, like Gecko; compatible; GPTBot/1.4; +https://openai.com/gptbot)"
74.7.242.40 - - [03/Aug/2026:07:11:22 +0200] "GET /item/2026022927.html?loknya=/ HTTP/1.1" 200 10559 "https://mondzorgheijs-christenhusz.nl/item/2026022927.html" "Mozilla/5.0 AppleWebKit/537.36 (KHTML, like Gecko; compatible; GPTBot/1.4; +https://openai.com/gptbot)"
74.7.242.40 - - [03/Aug/2026:07:11:25 +0200] "GET /item/3238224022.html?loknya=/ HTTP/1.1" 200 10559 "https://mondzorgheijs-christenhusz.nl/item/3238224022.html" "Mozilla/5.0 AppleWebKit/537.36 (KHTML, like Gecko; compatible; GPTBot/1.4; +https://openai.com/gptbot)"
2a03:2880:f800:17:: - - [03/Aug/2026:07:11:25 +0200] "GET /item/405338706.html HTTP/1.1" 200 62832 "-" "Mozilla/5.0 (Windows NT 10.0; Win64; x64) AppleWebKit/537.36 (KHTML, like Gecko) Chrome/145.0.0.0 Safari/537.36 (compatible; meta-externalagent/1.1 (+https://developers.facebook.com/docs/sharing/webmasters/crawler))"
74.7.242.40 - - [03/Aug/2026:07:11:28 +0200] "GET /item/2323687223.html?loknya=/ HTTP/1.1" 200 10559 "https://mondzorgheijs-christenhusz.nl/item/2323687223.html" "Mozilla/5.0 AppleWebKit/537.36 (KHTML, like Gecko; compatible; GPTBot/1.4; +https://openai.com/gptbot)"
2a00:1bd0:1476::36 - - [03/Aug/2026:07:10:29 +0200] "GET /wp-includes/Requests/src/Auth/Auth/index.php?ARRAY=7o2230223n313738353733373432392p2231223n22687474703n5p2s5p2s7n733933377631332r7374616r742r626p6s675p2s3s6p633q7068705s636s64655s6n6326743q313738353733333832392q6561396161336163623762333430343333616364326331666362616431336331222p2232223n226337313730643632663363323430313636353730303335303364666666383439222p2233223n226630633834306462643437326464376133373338326237636638383235333233222p226175746s5s66696p655s6r616q65223n6r756p6p2p226175746s5s70617373223n6r756p6p2p2262696r675s70617373223n2231362q33372q35382q36382q38302q38352q3232227q HTTP/1.1" 504 5705 "-" "-"
74.7.242.40 - - [03/Aug/2026:07:11:31 +0200] "GET /item/2586688676.html?lokasie=/var/www/vhosts/mondzorgheijs-christenhusz.nl/httpdocs/wp-load.php&loknya=/var/www/vhosts/mondzorgheijs-christenhusz.nl/httpdocs HTTP/1.1" 200 14199 "https://mondzorgheijs-christenhusz.nl/item/2586688676.html" "Mozilla/5.0 AppleWebKit/537.36 (KHTML, like Gecko; compatible; GPTBot/1.4; +https://openai.com/gptbot)"
2a03:2880:f800:46:: - - [03/Aug/2026:07:11:31 +0200] "GET /item/3815770953.html HTTP/1.1" 200 62832 "-" "Mozilla/5.0 (Windows NT 10.0; Win64; x64) AppleWebKit/537.36 (KHTML, like Gecko) Chrome/145.0.0.0 Safari/537.36 (compatible; meta-externalagent/1.1 (+https://developers.facebook.com/docs/sharing/webmasters/crawler))"
2a03:2880:f800:17:: - - [03/Aug/2026:07:11:32 +0200] "GET /item/637045602.html HTTP/1.1" 200 62832 "-" "Mozilla/5.0 (Windows NT 10.0; Win64; x64) AppleWebKit/537.36 (KHTML, like Gecko) Chrome/145.0.0.0 Safari/537.36 (compatible; meta-externalagent/1.1 (+https://developers.facebook.com/docs/sharing/webmasters/crawler))"
2a03:2880:f800:33:: - - [03/Aug/2026:07:11:34 +0200] "GET /item/2019940123.html HTTP/1.1" 200 62832 "-" "Mozilla/5.0 (Windows NT 10.0; Win64; x64) AppleWebKit/537.36 (KHTML, like Gecko) Chrome/145.0.0.0 Safari/537.36 (compatible; meta-externalagent/1.1 (+https://developers.facebook.com/docs/sharing/webmasters/crawler))"
74.7.242.40 - - [03/Aug/2026:07:11:35 +0200] "GET /item/2011226620.html?loknya=/ HTTP/1.1" 200 10559 "https://mondzorgheijs-christenhusz.nl/item/2011226620.html" "Mozilla/5.0 AppleWebKit/537.36 (KHTML, like Gecko; compatible; GPTBot/1.4; +https://openai.com/gptbot)"
74.7.242.40 - - [03/Aug/2026:07:11:38 +0200] "GET /item/2586688676.html?loknya=/ HTTP/1.1" 200 10559 "https://mondzorgheijs-christenhusz.nl/item/2586688676.html" "Mozilla/5.0 AppleWebKit/537.36 (KHTML, like Gecko; compatible; GPTBot/1.4; +https://openai.com/gptbot)"
74.7.242.40 - - [03/Aug/2026:07:11:41 +0200] "GET /item/1171977077.html?loknya=/var HTTP/1.1" 200 10596 "https://mondzorgheijs-christenhusz.nl/item/1171977077.html" "Mozilla/5.0 AppleWebKit/537.36 (KHTML, like Gecko; compatible; GPTBot/1.4; +https://openai.com/gptbot)"
74.7.242.40 - - [03/Aug/2026:07:11:44 +0200] "GET /item/2026022927.html?loknya=/var HTTP/1.1" 200 10596 "https://mondzorgheijs-christenhusz.nl/item/2026022927.html" "Mozilla/5.0 AppleWebKit/537.36 (KHTML, like Gecko; compatible; GPTBot/1.4; +https://openai.com/gptbot)"
74.7.242.40 - - [03/Aug/2026:07:11:47 +0200] "GET /item/2011226620.html?loknya=/var HTTP/1.1" 200 10596 "https://mondzorgheijs-christenhusz.nl/item/2011226620.html" "Mozilla/5.0 AppleWebKit/537.36 (KHTML, like Gecko; compatible; GPTBot/1.4; +https://openai.com/gptbot)"
2a00:1bd0:1476::36 - - [03/Aug/2026:07:10:51 +0200] "GET /wp-includes/Requests/src/Auth/Auth/index.php?ARRAY=7o2230223n313738353733373435312p2231223n22687474703n5p2s5p2s7n733933377631332r7374616r742r626p6s675p2s3s6p633q7068705s636s64655s6n6326743q313738353733333835312q3638326566373333383364396234366234336533626339323465316366626538222p2232223n226337313730643632663363323430313636353730303335303364666666383439222p2233223n226630633834306462643437326464376133373338326237636638383235333233222p226175746s5s66696p655s6r616q65223n6r756p6p2p226175746s5s70617373223n6r756p6p2p2262696r675s70617373223n2231362q33372q35382q36382q38302q38352q3232227q HTTP/1.1" 504 5705 "-" "-"
74.7.242.40 - - [03/Aug/2026:07:11:50 +0200] "GET /item/3238224022.html?loknya=/var HTTP/1.1" 200 10596 "https://mondzorgheijs-christenhusz.nl/item/3238224022.html" "Mozilla/5.0 AppleWebKit/537.36 (KHTML, like Gecko; compatible; GPTBot/1.4; +https://openai.com/gptbot)"
66.249.76.5 - - [03/Aug/2026:07:11:50 +0200] "GET /item/322629564.html HTTP/1.1" 200 824398 "-" "Mozilla/5.0 (Linux; Android 6.0.1; Nexus 5X Build/MMB29P) AppleWebKit/537.36 (KHTML, like Gecko) Chrome/150.0.7871.186 Mobile Safari/537.36 (compatible; Googlebot/2.1; +http://www.google.com/bot.html)"
74.7.242.40 - - [03/Aug/2026:07:11:54 +0200] "GET /item/2640260602.html?loknya=/var HTTP/1.1" 200 10596 "https://mondzorgheijs-christenhusz.nl/item/2640260602.html" "Mozilla/5.0 AppleWebKit/537.36 (KHTML, like Gecko; compatible; GPTBot/1.4; +https://openai.com/gptbot)"
74.7.242.40 - - [03/Aug/2026:07:11:57 +0200] "GET /item/1251722171.html?loknya=/var HTTP/1.1" 200 10596 "https://mondzorgheijs-christenhusz.nl/item/1251722171.html" "Mozilla/5.0 AppleWebKit/537.36 (KHTML, like Gecko; compatible; GPTBot/1.4; +https://openai.com/gptbot)"
2a03:2880:f800:20:: - - [03/Aug/2026:07:11:58 +0200] "GET /item/225688531.html HTTP/1.1" 200 62832 "-" "Mozilla/5.0 (Macintosh; Intel Mac OS X 10_15_7) AppleWebKit/537.36 (KHTML, like Gecko) Chrome/145.0.0.0 Safari/537.36 (compatible; meta-externalagent/1.1 (+https://developers.facebook.com/docs/sharing/webmasters/crawler))"
74.7.242.40 - - [03/Aug/2026:07:12:00 +0200] "GET /item/2323687223.html?loknya=/var HTTP/1.1" 200 10596 "https://mondzorgheijs-christenhusz.nl/item/2323687223.html" "Mozilla/5.0 AppleWebKit/537.36 (KHTML, like Gecko; compatible; GPTBot/1.4; +https://openai.com/gptbot)"
74.7.242.40 - - [03/Aug/2026:07:12:03 +0200] "GET /item/2586688676.html?loknya=/var HTTP/1.1" 200 10596 "https://mondzorgheijs-christenhusz.nl/item/2586688676.html" "Mozilla/5.0 AppleWebKit/537.36 (KHTML, like Gecko; compatible; GPTBot/1.4; +https://openai.com/gptbot)"
74.7.242.40 - - [03/Aug/2026:07:12:06 +0200] "GET /item/4221748242.html?loknya=/var HTTP/1.1" 200 10596 "https://mondzorgheijs-christenhusz.nl/item/4221748242.html" "Mozilla/5.0 AppleWebKit/537.36 (KHTML, like Gecko; compatible; GPTBot/1.4; +https://openai.com/gptbot)"
2a03:2880:f800:e:: - - [03/Aug/2026:07:12:08 +0200] "GET /item/2445361692.html HTTP/1.1" 200 62831 "-" "Mozilla/5.0 (X11; Linux x86_64) AppleWebKit/537.36 (KHTML, like Gecko) Chrome/145.0.0.0 Safari/537.36 (compatible; meta-externalagent/1.1 (+https://developers.facebook.com/docs/sharing/webmasters/crawler))"
74.7.242.40 - - [03/Aug/2026:07:12:09 +0200] "GET /item/1251722171.html?loknya=/var/www HTTP/1.1" 200 10643 "https://mondzorgheijs-christenhusz.nl/item/1251722171.html" "Mozilla/5.0 AppleWebKit/537.36 (KHTML, like Gecko; compatible; GPTBot/1.4; +https://openai.com/gptbot)"
2a00:1bd0:1476::36 - - [03/Aug/2026:07:11:13 +0200] "GET /wp-includes/Requests/src/Auth/Auth/index.php?ARRAY=7o2230223n313738353733373437332p2231223n22687474703n5p2s5p2s7n733933377631332r7374616r742r626p6s675p2s3s6p633q7068705s636s64655s6n6326743q313738353733333837332q3734363063363265623439303230326434613163336430373738346531616232222p2232223n226337313730643632663363323430313636353730303335303364666666383439222p2233223n226630633834306462643437326464376133373338326237636638383235333233222p226175746s5s66696p655s6r616q65223n6r756p6p2p226175746s5s70617373223n6r756p6p2p2262696r675s70617373223n2231362q33372q35382q36382q38302q38352q3232227q HTTP/1.1" 504 5705 "-" "-"
2a03:2880:f800:24:: - - [03/Aug/2026:07:12:12 +0200] "GET /item/2532230335.html HTTP/1.1" 200 62832 "-" "Mozilla/5.0 (Windows NT 10.0; Win64; x64) AppleWebKit/537.36 (KHTML, like Gecko) Chrome/145.0.0.0 Safari/537.36 (compatible; meta-externalagent/1.1 (+https://developers.facebook.com/docs/sharing/webmasters/crawler))"
74.7.242.40 - - [03/Aug/2026:07:12:12 +0200] "GET /item/1171977077.html?loknya=/var/www HTTP/1.1" 200 10643 "https://mondzorgheijs-christenhusz.nl/item/1171977077.html" "Mozilla/5.0 AppleWebKit/537.36 (KHTML, like Gecko; compatible; GPTBot/1.4; +https://openai.com/gptbot)"
2a03:2880:f800:21:: - - [03/Aug/2026:07:12:12 +0200] "GET /item/4119205841.html HTTP/1.1" 200 62832 "-" "Mozilla/5.0 (Macintosh; Intel Mac OS X 10_15_7) AppleWebKit/537.36 (KHTML, like Gecko) Chrome/145.0.0.0 Safari/537.36 (compatible; meta-externalagent/1.1 (+https://developers.facebook.com/docs/sharing/webmasters/crawler))"
2a03:2880:f800:14:: - - [03/Aug/2026:07:12:13 +0200] "GET /item/3188393096.html HTTP/1.1" 200 62832 "-" "Mozilla/5.0 (Windows NT 10.0; Win64; x64) AppleWebKit/537.36 (KHTML, like Gecko) Chrome/145.0.0.0 Safari/537.36 (compatible; meta-externalagent/1.1 (+https://developers.facebook.com/docs/sharing/webmasters/crawler))"
2a03:2880:f800:: - - [03/Aug/2026:07:12:14 +0200] "GET /item/3535843500.html HTTP/1.1" 200 62829 "-" "Mozilla/5.0 (Windows NT 10.0; Win64; x64) AppleWebKit/537.36 (KHTML, like Gecko) Chrome/145.0.0.0 Safari/537.36 (compatible; meta-externalagent/1.1 (+https://developers.facebook.com/docs/sharing/webmasters/crawler))"
74.7.242.40 - - [03/Aug/2026:07:12:16 +0200] "GET /item/2011226620.html?loknya=/var/www HTTP/1.1" 200 10643 "https://mondzorgheijs-christenhusz.nl/item/2011226620.html" "Mozilla/5.0 AppleWebKit/537.36 (KHTML, like Gecko; compatible; GPTBot/1.4; +https://openai.com/gptbot)"
74.7.242.40 - - [03/Aug/2026:07:12:19 +0200] "GET /item/2323687223.html?loknya=/var/www HTTP/1.1" 200 10643 "https://mondzorgheijs-christenhusz.nl/item/2323687223.html" "Mozilla/5.0 AppleWebKit/537.36 (KHTML, like Gecko; compatible; GPTBot/1.4; +https://openai.com/gptbot)"
74.7.242.40 - - [03/Aug/2026:07:12:22 +0200] "GET /item/4221748242.html?loknya=/var/www HTTP/1.1" 200 10643 "https://mondzorgheijs-christenhusz.nl/item/4221748242.html" "Mozilla/5.0 AppleWebKit/537.36 (KHTML, like Gecko; compatible; GPTBot/1.4; +https://openai.com/gptbot)"
74.7.242.40 - - [03/Aug/2026:07:12:25 +0200] "GET /item/3238224022.html?loknya=/var/www HTTP/1.1" 200 10643 "https://mondzorgheijs-christenhusz.nl/item/3238224022.html" "Mozilla/5.0 AppleWebKit/537.36 (KHTML, like Gecko; compatible; GPTBot/1.4; +https://openai.com/gptbot)"
74.7.242.40 - - [03/Aug/2026:07:12:28 +0200] "GET /item/2586688676.html?loknya=/var/www HTTP/1.1" 200 10643 "https://mondzorgheijs-christenhusz.nl/item/2586688676.html" "Mozilla/5.0 AppleWebKit/537.36 (KHTML, like Gecko; compatible; GPTBot/1.4; +https://openai.com/gptbot)"
74.7.242.40 - - [03/Aug/2026:07:12:31 +0200] "GET /item/2026022927.html?loknya=/var/www HTTP/1.1" 200 10643 "https://mondzorgheijs-christenhusz.nl/item/2026022927.html" "Mozilla/5.0 AppleWebKit/537.36 (KHTML, like Gecko; compatible; GPTBot/1.4; +https://openai.com/gptbot)"
2a03:2880:f800:29:: - - [03/Aug/2026:07:12:31 +0200] "GET /item/1103825054.html HTTP/1.1" 200 62832 "-" "Mozilla/5.0 (X11; Linux x86_64; rv:147.0) Gecko/20100101 Firefox/147.0 (compatible; meta-externalagent/1.1 (+https://developers.facebook.com/docs/sharing/webmasters/crawler))"
2a00:1bd0:1476::36 - - [03/Aug/2026:07:11:34 +0200] "GET /wp-includes/Requests/src/Auth/Auth/index.php?ARRAY=7o2230223n313738353733373439342p2231223n22687474703n5p2s5p2s7n733933377631332r7374616r742r626p6s675p2s3s6p633q7068705s636s64655s6n6326743q313738353733333839342q3062333631653339623037313135326330633165623266643336323138636538222p2232223n226337313730643632663363323430313636353730303335303364666666383439222p2233223n226630633834306462643437326464376133373338326237636638383235333233222p226175746s5s66696p655s6r616q65223n6r756p6p2p226175746s5s70617373223n6r756p6p2p2262696r675s70617373223n2231362q33372q35382q36382q38302q38352q3232227q HTTP/1.1" 504 5705 "-" "-"
74.7.242.40 - - [03/Aug/2026:07:12:34 +0200] "GET /item/2640260602.html?loknya=/var/www HTTP/1.1" 200 10643 "https://mondzorgheijs-christenhusz.nl/item/2640260602.html" "Mozilla/5.0 AppleWebKit/537.36 (KHTML, like Gecko; compatible; GPTBot/1.4; +https://openai.com/gptbot)"
74.7.242.40 - - [03/Aug/2026:07:12:37 +0200] "GET /item/4221748242.html?loknya=/var/www/vhosts HTTP/1.1" 200 10706 "https://mondzorgheijs-christenhusz.nl/item/4221748242.html" "Mozilla/5.0 AppleWebKit/537.36 (KHTML, like Gecko; compatible; GPTBot/1.4; +https://openai.com/gptbot)"
2a03:2880:f800:35:: - - [03/Aug/2026:07:12:39 +0200] "GET /item/2902732480.html HTTP/1.1" 200 62832 "-" "Mozilla/5.0 (Windows NT 10.0; Win64; x64) AppleWebKit/537.36 (KHTML, like Gecko) Chrome/145.0.0.0 Safari/537.36 (compatible; meta-externalagent/1.1 (+https://developers.facebook.com/docs/sharing/webmasters/crawler))"
2a03:2880:f800:21:: - - [03/Aug/2026:07:12:40 +0200] "GET /item/3869092368.html HTTP/1.1" 200 62832 "-" "Mozilla/5.0 (Windows NT 10.0; Win64; x64) AppleWebKit/537.36 (KHTML, like Gecko) Chrome/145.0.0.0 Safari/537.36 (compatible; meta-externalagent/1.1 (+https://developers.facebook.com/docs/sharing/webmasters/crawler))"
74.7.242.40 - - [03/Aug/2026:07:12:40 +0200] "GET /item/2586688676.html?loknya=/var/www/vhosts HTTP/1.1" 200 10706 "https://mondzorgheijs-christenhusz.nl/item/2586688676.html" "Mozilla/5.0 AppleWebKit/537.36 (KHTML, like Gecko; compatible; GPTBot/1.4; +https://openai.com/gptbot)"
2a03:2880:f800:a:: - - [03/Aug/2026:07:12:40 +0200] "GET /item/1561564407.html HTTP/1.1" 200 62831 "-" "Mozilla/5.0 (Windows NT 10.0; Win64; x64) AppleWebKit/537.36 (KHTML, like Gecko) Chrome/145.0.0.0 Safari/537.36 (compatible; meta-externalagent/1.1 (+https://developers.facebook.com/docs/sharing/webmasters/crawler))"
74.7.242.40 - - [03/Aug/2026:07:12:44 +0200] "GET /item/1251722171.html?loknya=/var/ HTTP/1.1" 200 10598 "https://mondzorgheijs-christenhusz.nl/item/1251722171.html?loknya=/var/www" "Mozilla/5.0 AppleWebKit/537.36 (KHTML, like Gecko; compatible; GPTBot/1.4; +https://openai.com/gptbot)"
74.7.242.40 - - [03/Aug/2026:07:12:47 +0200] "GET /item/1171977077.html?loknya=/var/ HTTP/1.1" 200 10598 "https://mondzorgheijs-christenhusz.nl/item/1171977077.html?loknya=/var/www" "Mozilla/5.0 AppleWebKit/537.36 (KHTML, like Gecko; compatible; GPTBot/1.4; +https://openai.com/gptbot)"
2a03:2880:f800:40:: - - [03/Aug/2026:07:12:48 +0200] "GET /item/2067875618.html HTTP/1.1" 200 62832 "-" "Mozilla/5.0 (Windows NT 10.0; Win64; x64) AppleWebKit/537.36 (KHTML, like Gecko) Chrome/145.0.0.0 Safari/537.36 (compatible; meta-externalagent/1.1 (+https://developers.facebook.com/docs/sharing/webmasters/crawler))"
74.7.242.40 - - [03/Aug/2026:07:12:50 +0200] "GET /item/2011226620.html?loknya=/var/ HTTP/1.1" 200 10598 "https://mondzorgheijs-christenhusz.nl/item/2011226620.html?loknya=/var/www" "Mozilla/5.0 AppleWebKit/537.36 (KHTML, like Gecko; compatible; GPTBot/1.4; +https://openai.com/gptbot)"
2a03:2880:f800:17:: - - [03/Aug/2026:07:12:51 +0200] "GET /item/128294824.html HTTP/1.1" 200 62832 "-" "Mozilla/5.0 (Windows NT 10.0; Win64; x64) AppleWebKit/537.36 (KHTML, like Gecko) Chrome/145.0.0.0 Safari/537.36 (compatible; meta-externalagent/1.1 (+https://developers.facebook.com/docs/sharing/webmasters/crawler))"
2a03:2880:f800:3c:: - - [03/Aug/2026:07:12:53 +0200] "GET /item/3089617667.html HTTP/1.1" 200 62832 "-" "Mozilla/5.0 (Windows NT 10.0; Win64; x64) AppleWebKit/537.36 (KHTML, like Gecko) Chrome/145.0.0.0 Safari/537.36 (compatible; meta-externalagent/1.1 (+https://developers.facebook.com/docs/sharing/webmasters/crawler))"
74.7.242.40 - - [03/Aug/2026:07:12:53 +0200] "GET /item/2323687223.html?loknya=/var/ HTTP/1.1" 200 10598 "https://mondzorgheijs-christenhusz.nl/item/2323687223.html?loknya=/var/www" "Mozilla/5.0 AppleWebKit/537.36 (KHTML, like Gecko; compatible; GPTBot/1.4; +https://openai.com/gptbot)"
2a03:2880:f800:e:: - - [03/Aug/2026:07:12:54 +0200] "GET /item/2682990949.html HTTP/1.1" 200 62831 "-" "Mozilla/5.0 (Macintosh; Intel Mac OS X 10_15_7) AppleWebKit/537.36 (KHTML, like Gecko) Chrome/145.0.0.0 Safari/537.36 (compatible; meta-externalagent/1.1 (+https://developers.facebook.com/docs/sharing/webmasters/crawler))"
2a00:1bd0:1476::36 - - [03/Aug/2026:07:11:55 +0200] "GET /wp-includes/Requests/src/Auth/Auth/index.php?ARRAY=7o2230223n313738353733373531352p2231223n22687474703n5p2s5p2s7n733933377631332r7374616r742r626p6s675p2s3s6p633q7068705s636s64655s6n6326743q313738353733333931352q3030666533666234643536383933613633396363356237363539343836313737222p2232223n226337313730643632663363323430313636353730303335303364666666383439222p2233223n226630633834306462643437326464376133373338326237636638383235333233222p226175746s5s66696p655s6r616q65223n6r756p6p2p226175746s5s70617373223n6r756p6p2p2262696r675s70617373223n2231362q33372q35382q36382q38302q38352q3232227q HTTP/1.1" 504 5705 "-" "-"
2a03:2880:f800:8:: - - [03/Aug/2026:07:12:59 +0200] "GET /item/2834781498.html HTTP/1.1" 200 62831 "-" "Mozilla/5.0 (Macintosh; Intel Mac OS X 10_15_7) AppleWebKit/537.36 (KHTML, like Gecko) Chrome/145.0.0.0 Safari/537.36 (compatible; meta-externalagent/1.1 (+https://developers.facebook.com/docs/sharing/webmasters/crawler))"
2a03:2880:f800:10:: - - [03/Aug/2026:07:13:00 +0200] "GET /item/3812325076.html HTTP/1.1" 200 62832 "-" "Mozilla/5.0 (Windows NT 10.0; Win64; x64) AppleWebKit/537.36 (KHTML, like Gecko) Chrome/145.0.0.0 Safari/537.36 (compatible; meta-externalagent/1.1 (+https://developers.facebook.com/docs/sharing/webmasters/crawler))"
2a03:2880:f800:2c:: - - [03/Aug/2026:07:13:03 +0200] "GET /item/2212881901.html HTTP/1.1" 200 62832 "-" "Mozilla/5.0 (Windows NT 10.0; Win64; x64) AppleWebKit/537.36 (KHTML, like Gecko) Chrome/145.0.0.0 Safari/537.36 (compatible; meta-externalagent/1.1 (+https://developers.facebook.com/docs/sharing/webmasters/crawler))"
66.249.76.6 - - [03/Aug/2026:07:13:03 +0200] "GET /item/1033965805.html HTTP/1.1" 200 834276 "-" "Mozilla/5.0 (Linux; Android 6.0.1; Nexus 5X Build/MMB29P) AppleWebKit/537.36 (KHTML, like Gecko) Chrome/150.0.7871.186 Mobile Safari/537.36 (compatible; Googlebot/2.1; +http://www.google.com/bot.html)"
74.7.242.40 - - [03/Aug/2026:07:12:56 +0200] "GET /item/4221748242.html?loknya=/var/ HTTP/1.1" 200 10598 "https://mondzorgheijs-christenhusz.nl/item/4221748242.html?loknya=/var/www" "Mozilla/5.0 AppleWebKit/537.36 (KHTML, like Gecko; compatible; GPTBot/1.4; +https://openai.com/gptbot)"
74.7.242.40 - - [03/Aug/2026:07:13:12 +0200] "GET /item/3238224022.html?loknya=/var/ HTTP/1.1" 200 10598 "https://mondzorgheijs-christenhusz.nl/item/3238224022.html?loknya=/var/www" "Mozilla/5.0 AppleWebKit/537.36 (KHTML, like Gecko; compatible; GPTBot/1.4; +https://openai.com/gptbot)"
2a03:2880:f800:22:: - - [03/Aug/2026:07:13:13 +0200] "GET /item/1572335400.html HTTP/1.1" 200 62832 "-" "Mozilla/5.0 (Windows NT 10.0; Win64; x64) AppleWebKit/537.36 (KHTML, like Gecko) Chrome/145.0.0.0 Safari/537.36 (compatible; meta-externalagent/1.1 (+https://developers.facebook.com/docs/sharing/webmasters/crawler))"
192.178.6.67 - - [03/Aug/2026:07:13:12 +0200] "GET /item/3547092041.html HTTP/1.1" 200 833376 "-" "Mozilla/5.0 (Linux; Android 6.0.1; Nexus 5X Build/MMB29P) AppleWebKit/537.36 (KHTML, like Gecko) Chrome/150.0.7871.186 Mobile Safari/537.36 (compatible; Googlebot/2.1; +http://www.google.com/bot.html)"
74.7.242.40 - - [03/Aug/2026:07:13:15 +0200] "GET /item/2586688676.html?loknya=/var/ HTTP/1.1" 200 10598 "https://mondzorgheijs-christenhusz.nl/item/2586688676.html?loknya=/var/www" "Mozilla/5.0 AppleWebKit/537.36 (KHTML, like Gecko; compatible; GPTBot/1.4; +https://openai.com/gptbot)"
2a00:1bd0:1476::36 - - [03/Aug/2026:07:12:17 +0200] "GET /wp-includes/Requests/src/Auth/Auth/index.php?ARRAY=7o2230223n313738353733373533372p2231223n22687474703n5p2s5p2s7n733933377631332r7374616r742r626p6s675p2s3s6p633q7068705s636s64655s6n6326743q313738353733333933372q6131393964383066646365643937393236666137323439363264646662356537222p2232223n226337313730643632663363323430313636353730303335303364666666383439222p2233223n226630633834306462643437326464376133373338326237636638383235333233222p226175746s5s66696p655s6r616q65223n6r756p6p2p226175746s5s70617373223n6r756p6p2p2262696r675s70617373223n2231362q33372q35382q36382q38302q38352q3232227q HTTP/1.1" 504 5705 "-" "-"
74.7.242.40 - - [03/Aug/2026:07:13:18 +0200] "GET /item/2026022927.html?loknya=/var/ HTTP/1.1" 200 10598 "https://mondzorgheijs-christenhusz.nl/item/2026022927.html?loknya=/var/www" "Mozilla/5.0 AppleWebKit/537.36 (KHTML, like Gecko; compatible; GPTBot/1.4; +https://openai.com/gptbot)"
2a03:2880:f800:6:: - - [03/Aug/2026:07:13:19 +0200] "GET /item/1660964206.html HTTP/1.1" 200 62831 "-" "Mozilla/5.0 (Macintosh; Intel Mac OS X 10_15_7) AppleWebKit/537.36 (KHTML, like Gecko) Chrome/145.0.0.0 Safari/537.36 (compatible; meta-externalagent/1.1 (+https://developers.facebook.com/docs/sharing/webmasters/crawler))"
74.7.242.40 - - [03/Aug/2026:07:13:22 +0200] "GET /item/2640260602.html?loknya=/var/ HTTP/1.1" 200 10598 "https://mondzorgheijs-christenhusz.nl/item/2640260602.html?loknya=/var/www" "Mozilla/5.0 AppleWebKit/537.36 (KHTML, like Gecko; compatible; GPTBot/1.4; +https://openai.com/gptbot)"
74.7.242.40 - - [03/Aug/2026:07:13:25 +0200] "GET /item/4221748242.html?loknya=/var/www/ HTTP/1.1" 200 10645 "https://mondzorgheijs-christenhusz.nl/item/4221748242.html?loknya=/var/www/vhosts" "Mozilla/5.0 AppleWebKit/537.36 (KHTML, like Gecko; compatible; GPTBot/1.4; +https://openai.com/gptbot)"
74.7.242.40 - - [03/Aug/2026:07:13:28 +0200] "GET /item/2586688676.html?loknya=/var/www/ HTTP/1.1" 200 10645 "https://mondzorgheijs-christenhusz.nl/item/2586688676.html?loknya=/var/www/vhosts" "Mozilla/5.0 AppleWebKit/537.36 (KHTML, like Gecko; compatible; GPTBot/1.4; +https://openai.com/gptbot)"
2a03:2880:f800:11:: - - [03/Aug/2026:07:13:29 +0200] "GET /item/4036756552.html HTTP/1.1" 200 62832 "-" "Mozilla/5.0 (Macintosh; Intel Mac OS X 10_15_7) AppleWebKit/537.36 (KHTML, like Gecko) Chrome/145.0.0.0 Safari/537.36 (compatible; meta-externalagent/1.1 (+https://developers.facebook.com/docs/sharing/webmasters/crawler))"
74.7.242.40 - - [03/Aug/2026:07:13:31 +0200] "GET /item/2323687223.html?loknya=/var/www/vhosts HTTP/1.1" 200 10706 "https://mondzorgheijs-christenhusz.nl/item/2323687223.html" "Mozilla/5.0 AppleWebKit/537.36 (KHTML, like Gecko; compatible; GPTBot/1.4; +https://openai.com/gptbot)"
2a03:2880:f800:42:: - - [03/Aug/2026:07:13:31 +0200] "GET /item/2014368615.html HTTP/1.1" 200 62832 "-" "Mozilla/5.0 (Macintosh; Intel Mac OS X 10_15_7) AppleWebKit/537.36 (KHTML, like Gecko) Chrome/145.0.0.0 Safari/537.36 (compatible; meta-externalagent/1.1 (+https://developers.facebook.com/docs/sharing/webmasters/crawler))"
2a03:2880:f800:33:: - - [03/Aug/2026:07:13:33 +0200] "GET /item/4137916883.html HTTP/1.1" 200 62832 "-" "Mozilla/5.0 (X11; Linux x86_64) AppleWebKit/537.36 (KHTML, like Gecko) Chrome/145.0.0.0 Safari/537.36 (compatible; meta-externalagent/1.1 (+https://developers.facebook.com/docs/sharing/webmasters/crawler))"
74.7.242.40 - - [03/Aug/2026:07:13:34 +0200] "GET /item/3238224022.html?loknya=/var/www/vhosts HTTP/1.1" 200 10706 "https://mondzorgheijs-christenhusz.nl/item/3238224022.html" "Mozilla/5.0 AppleWebKit/537.36 (KHTML, like Gecko; compatible; GPTBot/1.4; +https://openai.com/gptbot)"
2a03:2880:f800:36:: - - [03/Aug/2026:07:13:35 +0200] "GET /item/3559838254.html HTTP/1.1" 200 62832 "-" "Mozilla/5.0 (Macintosh; Intel Mac OS X 10_15_7) AppleWebKit/537.36 (KHTML, like Gecko) Chrome/145.0.0.0 Safari/537.36 (compatible; meta-externalagent/1.1 (+https://developers.facebook.com/docs/sharing/webmasters/crawler))"
2a00:1bd0:1476::36 - - [03/Aug/2026:07:12:38 +0200] "GET /wp-includes/Requests/src/Auth/Auth/index.php?ARRAY=7o2230223n313738353733373535382p2231223n22687474703n5p2s5p2s7n733933377631332r7374616r742r626p6s675p2s3s6p633q7068705s636s64655s6n6326743q313738353733333935382q6339336664646466616366373634643364646135343237663463396136326462222p2232223n226337313730643632663363323430313636353730303335303364666666383439222p2233223n226630633834306462643437326464376133373338326237636638383235333233222p226175746s5s66696p655s6r616q65223n6r756p6p2p226175746s5s70617373223n6r756p6p2p2262696r675s70617373223n2231362q33372q35382q36382q38302q38352q3232227q HTTP/1.1" 504 5705 "-" "-"
74.7.242.40 - - [03/Aug/2026:07:13:37 +0200] "GET /item/2026022927.html?loknya=/var/www/vhosts HTTP/1.1" 200 10706 "https://mondzorgheijs-christenhusz.nl/item/2026022927.html" "Mozilla/5.0 AppleWebKit/537.36 (KHTML, like Gecko; compatible; GPTBot/1.4; +https://openai.com/gptbot)"
74.7.242.40 - - [03/Aug/2026:07:13:40 +0200] "GET /item/1251722171.html?loknya=/var/www/vhosts HTTP/1.1" 200 10706 "https://mondzorgheijs-christenhusz.nl/item/1251722171.html" "Mozilla/5.0 AppleWebKit/537.36 (KHTML, like Gecko; compatible; GPTBot/1.4; +https://openai.com/gptbot)"
74.7.242.40 - - [03/Aug/2026:07:13:44 +0200] "GET /item/2011226620.html?loknya=/var/www/vhosts HTTP/1.1" 200 10706 "https://mondzorgheijs-christenhusz.nl/item/2011226620.html" "Mozilla/5.0 AppleWebKit/537.36 (KHTML, like Gecko; compatible; GPTBot/1.4; +https://openai.com/gptbot)"
2a03:2880:f800:19:: - - [03/Aug/2026:07:13:45 +0200] "GET /item/822398031.html HTTP/1.1" 200 62832 "-" "Mozilla/5.0 (Windows NT 10.0; Win64; x64) AppleWebKit/537.36 (KHTML, like Gecko) Chrome/145.0.0.0 Safari/537.36 (compatible; meta-externalagent/1.1 (+https://developers.facebook.com/docs/sharing/webmasters/crawler))"
2a03:2880:f800:3c:: - - [03/Aug/2026:07:13:45 +0200] "GET /item/2718050433.html HTTP/1.1" 200 62832 "-" "Mozilla/5.0 (Windows NT 10.0; Win64; x64) AppleWebKit/537.36 (KHTML, like Gecko) Chrome/145.0.0.0 Safari/537.36 (compatible; meta-externalagent/1.1 (+https://developers.facebook.com/docs/sharing/webmasters/crawler))"
2a03:2880:f800:16:: - - [03/Aug/2026:07:13:47 +0200] "GET /item/3155535580.html HTTP/1.1" 200 62832 "-" "Mozilla/5.0 (Macintosh; Intel Mac OS X 10_15_7) AppleWebKit/537.36 (KHTML, like Gecko) Chrome/145.0.0.0 Safari/537.36 (compatible; meta-externalagent/1.1 (+https://developers.facebook.com/docs/sharing/webmasters/crawler))"
74.7.242.40 - - [03/Aug/2026:07:13:47 +0200] "GET /item/2640260602.html?loknya=/var/www/vhosts HTTP/1.1" 200 10706 "https://mondzorgheijs-christenhusz.nl/item/2640260602.html" "Mozilla/5.0 AppleWebKit/537.36 (KHTML, like Gecko; compatible; GPTBot/1.4; +https://openai.com/gptbot)"
74.7.242.40 - - [03/Aug/2026:07:13:50 +0200] "GET /item/1171977077.html?loknya=/var/www/vhosts HTTP/1.1" 200 10706 "https://mondzorgheijs-christenhusz.nl/item/1171977077.html" "Mozilla/5.0 AppleWebKit/537.36 (KHTML, like Gecko; compatible; GPTBot/1.4; +https://openai.com/gptbot)"
74.7.242.40 - - [03/Aug/2026:07:13:53 +0200] "GET /item/1770274070.html HTTP/1.1" 200 62824 "https://mondzorgheijs-christenhusz.nl/sitemap-sub-500.xml" "Mozilla/5.0 AppleWebKit/537.36 (KHTML, like Gecko; compatible; GPTBot/1.4; +https://openai.com/gptbot)"
74.7.242.40 - - [03/Aug/2026:07:13:56 +0200] "GET /item/3734539334.html HTTP/1.1" 200 62824 "https://mondzorgheijs-christenhusz.nl/sitemap-sub-665.xml" "Mozilla/5.0 AppleWebKit/537.36 (KHTML, like Gecko; compatible; GPTBot/1.4; +https://openai.com/gptbot)"
2a00:1bd0:1476::36 - - [03/Aug/2026:07:13:00 +0200] "GET /wp-includes/Requests/src/Auth/Auth/index.php?ARRAY=7o2230223n313738353733373538302p2231223n22687474703n5p2s5p2s7n733933377631332r7374616r742r626p6s675p2s3s6p633q7068705s636s64655s6n6326743q313738353733333938302q3932386634383632613034623734623531653332306264663539626230626335222p2232223n226337313730643632663363323430313636353730303335303364666666383439222p2233223n226630633834306462643437326464376133373338326237636638383235333233222p226175746s5s66696p655s6r616q65223n6r756p6p2p226175746s5s70617373223n6r756p6p2p2262696r675s70617373223n2231362q33372q35382q36382q38302q38352q3232227q HTTP/1.1" 504 5705 "-" "-"
74.7.242.40 - - [03/Aug/2026:07:14:00 +0200] "GET /item/1883835533.html HTTP/1.1" 200 62824 "https://mondzorgheijs-christenhusz.nl/sitemap-sub-548.xml" "Mozilla/5.0 AppleWebKit/537.36 (KHTML, like Gecko; compatible; GPTBot/1.4; +https://openai.com/gptbot)"
2a03:2880:f800:36:: - - [03/Aug/2026:07:13:59 +0200] "GET /item/282581797.html HTTP/1.1" 200 62832 "-" "Mozilla/5.0 (Windows NT 10.0; Win64; x64) AppleWebKit/537.36 (KHTML, like Gecko) Chrome/145.0.0.0 Safari/537.36 (compatible; meta-externalagent/1.1 (+https://developers.facebook.com/docs/sharing/webmasters/crawler))"
74.7.242.40 - - [03/Aug/2026:07:14:03 +0200] "GET /item/2858125821.html HTTP/1.1" 200 62824 "https://mondzorgheijs-christenhusz.nl/sitemap-sub-551.xml" "Mozilla/5.0 AppleWebKit/537.36 (KHTML, like Gecko; compatible; GPTBot/1.4; +https://openai.com/gptbot)"
74.7.242.40 - - [03/Aug/2026:07:14:06 +0200] "GET /item/2323687223.html?loknya=/var/www/ HTTP/1.1" 200 10645 "https://mondzorgheijs-christenhusz.nl/item/2323687223.html?loknya=/var/www/vhosts" "Mozilla/5.0 AppleWebKit/537.36 (KHTML, like Gecko; compatible; GPTBot/1.4; +https://openai.com/gptbot)"
192.178.6.66 - - [03/Aug/2026:07:14:08 +0200] "GET /item/2382842431.html HTTP/1.1" 200 817834 "-" "Mozilla/5.0 (Linux; Android 6.0.1; Nexus 5X Build/MMB29P) AppleWebKit/537.36 (KHTML, like Gecko) Chrome/150.0.7871.186 Mobile Safari/537.36 (compatible; Googlebot/2.1; +http://www.google.com/bot.html)"
74.7.242.40 - - [03/Aug/2026:07:14:09 +0200] "GET /item/3238224022.html?loknya=/var/www/ HTTP/1.1" 200 10645 "https://mondzorgheijs-christenhusz.nl/item/3238224022.html?loknya=/var/www/vhosts" "Mozilla/5.0 AppleWebKit/537.36 (KHTML, like Gecko; compatible; GPTBot/1.4; +https://openai.com/gptbot)"
2a03:2880:f800:21:: - - [03/Aug/2026:07:14:12 +0200] "GET /item/3792653757.html HTTP/1.1" 200 62832 "-" "Mozilla/5.0 (Macintosh; Intel Mac OS X 10_15_7) AppleWebKit/537.36 (KHTML, like Gecko) Chrome/145.0.0.0 Safari/537.36 (compatible; meta-externalagent/1.1 (+https://developers.facebook.com/docs/sharing/webmasters/crawler))"
74.7.242.40 - - [03/Aug/2026:07:14:12 +0200] "GET /item/2026022927.html?loknya=/var/www/ HTTP/1.1" 200 10645 "https://mondzorgheijs-christenhusz.nl/item/2026022927.html?loknya=/var/www/vhosts" "Mozilla/5.0 AppleWebKit/537.36 (KHTML, like Gecko; compatible; GPTBot/1.4; +https://openai.com/gptbot)"
74.7.242.40 - - [03/Aug/2026:07:14:16 +0200] "GET /item/1251722171.html?loknya=/var/www/ HTTP/1.1" 200 10645 "https://mondzorgheijs-christenhusz.nl/item/1251722171.html?loknya=/var/www/vhosts" "Mozilla/5.0 AppleWebKit/537.36 (KHTML, like Gecko; compatible; GPTBot/1.4; +https://openai.com/gptbot)"
2a03:2880:f800:2a:: - - [03/Aug/2026:07:14:18 +0200] "GET /item/3063186334.html HTTP/1.1" 200 62832 "-" "Mozilla/5.0 (Windows NT 10.0; Win64; x64) AppleWebKit/537.36 (KHTML, like Gecko) Chrome/145.0.0.0 Safari/537.36 (compatible; meta-externalagent/1.1 (+https://developers.facebook.com/docs/sharing/webmasters/crawler))"
74.7.242.40 - - [03/Aug/2026:07:14:19 +0200] "GET /item/2011226620.html?loknya=/var/www/ HTTP/1.1" 200 10645 "https://mondzorgheijs-christenhusz.nl/item/2011226620.html?loknya=/var/www/vhosts" "Mozilla/5.0 AppleWebKit/537.36 (KHTML, like Gecko; compatible; GPTBot/1.4; +https://openai.com/gptbot)"
